NOAA-Style Climate Reports

WeatherLink Software Version 6.0.3
Discontinued 1/31/2017
Select a Year or Month report
2020: Jan Feb Mar Apr May Jun Jul Aug Sep Oct Nov Dec
2019: Jan Feb Mar Apr May Jun Jul Aug Sep Oct Nov Dec
2018: Jan Feb Mar Apr May Jun Jul Aug Sep Oct Nov Dec
2017: Jan Feb Mar Apr May Jun Jul Aug Sep Oct Nov Dec
2016: Jan Feb Mar Apr May Jun Jul Aug Sep Oct Nov Dec
2015: Jan Feb Mar Apr May Jun Jul Aug Sep Oct Nov Dec
2014: Jan Feb Mar Apr May Jun Jul Aug Sep Oct Nov Dec
2013: Jan Feb Mar Apr May Jun Jul Aug Sep Oct Nov Dec
2012: Jan Feb Mar Apr May Jun Jul Aug Sep Oct Nov Dec
2011: Jan Feb Mar Apr May Jun Jul Aug Sep Oct Nov Dec
2010: Jan Feb Mar Apr May Jun Jul Aug Sep Oct Nov Dec

Report for 2020 October
                   MONTHLY CLIMATOLOGICAL SUMMARY for OCT. 2020

NAME: cvweather_new   CITY: Mechanicsburg   STATE: PA 
ELEV:   439 ft  LAT:  40° 13' 22" N  LONG:  77° 00' 51" W

                   TEMPERATURE (°F), RAIN  (in), WIND SPEED (mph)

                                      HEAT  COOL        AVG
    MEAN                              DEG   DEG         WIND                 DOM
DAY TEMP  HIGH   TIME   LOW    TIME   DAYS  DAYS  RAIN  SPEED HIGH   TIME    DIR
------------------------------------------------------------------------------------
 1  60.1  71.5   3:05p  50.0   7:15a   6.3   1.4  0.00   1.2  14.0   1:20p     W
 2  55.0  64.0  12:40p  47.2  11:10p  10.0   0.0  0.02   2.1  20.0   4:00p    NW
 3  52.1  64.2   4:50p  40.4   7:35a  12.9   0.0  0.00   0.4  10.0  12:40a   WNW
 4  49.6  62.3   2:50p  37.7   5:40a  15.4   0.0  0.01   0.3   7.0   9:05a   ENE
 5  53.7  63.5   2:25p  46.2  12:30a  11.3   0.0  0.23   1.3  15.0  12:10p   NNW
 6  54.9  71.2   3:40p  38.9   6:45a  11.2   1.1  0.00   0.7  13.0   2:15p   SSE
 7  63.8  80.3   2:35p  47.0   7:20a   5.7   4.4  0.00   3.5  25.0  12:50p    NW
 8  59.0  67.3   4:25p  47.6  12:00m   6.1   0.1  0.00   3.1  20.0  12:30p    NW
 9  59.7  74.9   3:30p  42.6   7:40a   6.8   2.1  0.00   0.9  15.0   1:05p   SSE
10  62.3  78.5   4:20p  50.7   8:00a   5.3   2.6  0.00   0.2  11.0   6:45a   SSE
11  62.0  67.8  12:45p  56.5  11:55p   3.3   0.3  0.39   0.8  15.0  11:50a   ESE
12  53.3  56.5  12:05a  51.4   7:20p  11.7   0.0  0.89   1.8  21.0   7:25a    NE
13  57.3  68.1   4:30p  51.3  11:40p   8.0   0.2  0.07   1.5  16.0   4:35p   WNW
14  58.4  72.4   3:25p  44.0   3:45a   8.0   1.4  0.00   1.3  52.0   1:15a   WNW
15  63.8  77.6   3:20p  51.2   7:35a   4.7   3.4  0.00   1.8  19.0  11:05a   SSE
16  53.3  66.2  12:05a  39.3  11:50p  11.7   0.0  0.00   3.3  21.0   2:55a    NW
17  46.6  61.2   4:25p  32.5   6:55a  18.4   0.0  0.00   1.1  16.0   2:00p   WNW
18  50.7  63.1   3:00p  37.4   7:20a  14.3   0.0  0.00   1.7  22.0   2:30p    SE
19  57.2  64.2   3:40p  50.9   4:50a   7.8   0.0  0.01   0.5   8.0   8:50a   ESE
20  64.1  75.3   4:25p  55.8   5:35a   3.6   2.6  0.00   0.9  10.0   4:45p    SE
21  67.0  79.6   4:00p  58.3   2:20a   1.8   3.8  0.00   1.1  14.0  12:55p   SSE
22  65.7  73.9   4:15p  61.7   3:35a   1.1   1.8  0.00   0.4   8.0   4:30p    NE
23  66.0  78.5   3:35p  60.2   3:00a   1.9   2.9  0.00   1.6  14.0   6:00p    SE
24  61.9  62.7  12:25a  60.7   3:30a   0.5   0.0  0.00   1.8   8.0  12:45a    SE
25
26
27
28
29
30
31
-------------------------------------------------------------------------------------
    58.2  80.3     7    32.5    17   187.8  28.1  1.62   1.4  52.0    14     SSE

Max >=  90.0:  0
Max <=  32.0:  0
Min <=  32.0:  0
Min <=   0.0:  0
Max Rain: 0.89 ON 10/12/20
Days of Rain: 5 (>.01 in) 3 (>.1 in) 0 (>1 in)
Heat Base:  65.0  Cool Base:  65.0  Method: Integration