NOAA-Style Climate Reports
Select a Year or Month report
2024: Jan Feb Mar Apr May Jun Jul Aug Sep Oct Nov Dec
2023: Jan Feb Mar Apr May Jun Jul Aug Sep Oct Nov Dec
2022: Jan Feb Mar Apr May Jun Jul Aug Sep Oct Nov Dec
2021: Jan Feb Mar Apr May Jun Jul Aug Sep Oct Nov Dec
2020: Jan Feb Mar Apr May Jun Jul Aug Sep Oct Nov Dec
2019: Jan Feb Mar Apr May Jun Jul Aug Sep Oct Nov Dec
2018: Jan Feb Mar Apr May Jun Jul Aug Sep Oct Nov Dec
2017: Jan Feb Mar Apr May Jun Jul Aug Sep Oct Nov Dec
2016: Jan Feb Mar Apr May Jun Jul Aug Sep Oct Nov Dec
2015: Jan Feb Mar Apr May Jun Jul Aug Sep Oct Nov Dec
2014: Jan Feb Mar Apr May Jun Jul Aug Sep Oct Nov Dec
2013: Jan Feb Mar Apr May Jun Jul Aug Sep Oct Nov Dec
2012: Jan Feb Mar Apr May Jun Jul Aug Sep Oct Nov Dec
2011: Jan Feb Mar Apr May Jun Jul Aug Sep Oct Nov Dec
2010: Jan Feb Mar Apr May Jun Jul Aug Sep Oct Nov Dec
2024: Jan Feb Mar Apr May Jun Jul Aug Sep Oct Nov Dec
2023: Jan Feb Mar Apr May Jun Jul Aug Sep Oct Nov Dec
2022: Jan Feb Mar Apr May Jun Jul Aug Sep Oct Nov Dec
2021: Jan Feb Mar Apr May Jun Jul Aug Sep Oct Nov Dec
2020: Jan Feb Mar Apr May Jun Jul Aug Sep Oct Nov Dec
2019: Jan Feb Mar Apr May Jun Jul Aug Sep Oct Nov Dec
2018: Jan Feb Mar Apr May Jun Jul Aug Sep Oct Nov Dec
2017: Jan Feb Mar Apr May Jun Jul Aug Sep Oct Nov Dec
2016: Jan Feb Mar Apr May Jun Jul Aug Sep Oct Nov Dec
2015: Jan Feb Mar Apr May Jun Jul Aug Sep Oct Nov Dec
2014: Jan Feb Mar Apr May Jun Jul Aug Sep Oct Nov Dec
2013: Jan Feb Mar Apr May Jun Jul Aug Sep Oct Nov Dec
2012: Jan Feb Mar Apr May Jun Jul Aug Sep Oct Nov Dec
2011: Jan Feb Mar Apr May Jun Jul Aug Sep Oct Nov Dec
2010: Jan Feb Mar Apr May Jun Jul Aug Sep Oct Nov Dec
Report for 2024 March
MONTHLY CLIMATOLOGICAL SUMMARY for MAR. 2024 NAME: Cumberland Valley Weather CITY: Mechanicsburg STATE: PA ELEV: 439 LAT: 040:13:22 LONG: 0077:00:51 TEMPERATURE ( °F), RAIN (in.), WIND SPEED (mph) HEAT COOL AVG MEAN DEG DEG WIND DOM DAY TEMP HIGH TIME LOW TIME DAYS DAYS RAIN SPEED HIGH TIME DIR -------------------------------------------------------------------------------------------------------- 01 38.2 048.3 15:07 24.6 06:01 26.7 00.0 00.00 03.2 17.3 14:09 SE 02 42.2 047.8 16:48 36.2 03:39 22.7 00.0 00.56 01.0 13.8 03:29 ENE 03 52.7 064.4 14:49 40.9 06:10 12.2 00.0 00.00 00.3 10.3 11:49 WSW 04 56.8 067.1 12:03 48.9 07:16 08.1 00.0 00.00 01.4 17.3 19:57 SE 05 49.1 052.5 00:01 44.1 07:20 15.8 00.0 00.19 00.5 10.3 02:52 E 06 50.2 052.2 18:25 47.9 07:22 14.7 00.0 00.15 00.4 11.5 07:35 E 07 52.3 059.2 14:42 42.2 00:00 12.7 00.0 00.05 03.9 20.7 13:23 N 08 46.8 056.1 14:43 35.1 07:07 18.2 00.0 00.00 01.7 16.1 18:34 SE 09 41.0 044.8 00:02 39.5 09:57 24.0 00.0 01.01 02.3 16.1 01:51 ESE 10 39.9 044.3 05:07 32.4 15:52 25.1 00.0 00.05 07.3 36.8 20:57 W 11 42.9 051.4 16:41 35.9 07:24 22.1 00.0 00.00 11.2 36.8 14:13 WNW 12 54.6 069.8 16:30 39.8 02:39 10.3 00.0 00.00 02.0 19.6 14:47 W 13 58.1 072.7 17:18 43.1 06:12 06.8 00.0 00.00 00.7 11.5 13:42 WSW 14 61.0 077.3 16:41 43.9 07:38 03.9 00.0 00.00 01.2 14.9 00:00 SSW 15 58.8 067.9 12:35 48.5 00:00 06.2 00.0 00.09 03.3 18.4 15:49 NW 16 51.8 062.4 17:02 42.2 03:27 13.2 00.0 00.00 01.9 17.3 11:40 WSW 17 52.8 059.5 16:34 43.7 00:00 12.2 00.0 00.00 05.8 27.6 05:31 WNW 18 39.2 043.8 00:09 34.6 23:43 25.8 00.0 00.00 06.9 24.1 15:18 WNW 19 39.5 045.6 15:36 33.7 08:18 25.4 00.0 00.00 04.5 23.0 06:55 W 20 43.7 057.6 14:14 32.5 00:00 21.3 00.0 00.00 06.2 40.3 18:43 WNW 21 34.6 044.5 17:33 26.9 06:10 30.4 00.0 00.00 05.8 24.1 00:17 WNW 22 37.2 045.1 16:54 26.9 07:10 27.7 00.0 00.00 03.8 18.4 17:01 ESE 23 38.5 044.4 15:01 31.8 00:00 26.4 00.0 00.84 04.0 27.6 18:06 NNW 24 36.3 045.7 17:15 29.6 07:27 28.7 00.0 00.00 03.5 16.1 02:32 NNW 25 42.4 054.2 17:58 31.2 07:17 22.5 00.0 00.00 02.8 14.9 18:01 ESE 26 46.4 055.6 17:05 35.6 04:50 18.6 00.0 00.00 02.2 14.9 23:39 SE 27 45.4 048.4 00:02 41.7 06:18 19.6 00.0 00.06 02.2 14.9 14:45 SE -------------------------------------------------------------------------------------------------------- 46.4 (46.2) 77.3 day 14 24.6 day 01 501.2 000.0 03.00 03.3 40.3 day 11 WNW Min < 86: 27 Max Rain: 1.01 ON 9-03-24 Days of Rain: 9 (> .008in) 6 (> .08in) 2 (> 0.8in)