NOAA-Style Climate Reports

WeatherLink Software Version 6.0.3
Discontinued 1/31/2017
Select a Year or Month report
2019: Jan Feb Mar Apr May Jun Jul Aug Sep Oct Nov Dec
2018: Jan Feb Mar Apr May Jun Jul Aug Sep Oct Nov Dec
2017: Jan Feb Mar Apr May Jun Jul Aug Sep Oct Nov Dec
2016: Jan Feb Mar Apr May Jun Jul Aug Sep Oct Nov Dec
2015: Jan Feb Mar Apr May Jun Jul Aug Sep Oct Nov Dec
2014: Jan Feb Mar Apr May Jun Jul Aug Sep Oct Nov Dec
2013: Jan Feb Mar Apr May Jun Jul Aug Sep Oct Nov Dec
2012: Jan Feb Mar Apr May Jun Jul Aug Sep Oct Nov Dec
2011: Jan Feb Mar Apr May Jun Jul Aug Sep Oct Nov Dec
2010: Jan Feb Mar Apr May Jun Jul Aug Sep Oct Nov Dec

Report for 2019 May
                   MONTHLY CLIMATOLOGICAL SUMMARY for MAY. 2019

NAME: cvweather_new   CITY: Mechanicsburg   STATE: PA 
ELEV:   439 ft  LAT:  40° 13' 22" N  LONG:  77° 00' 51" W

                   TEMPERATURE (°F), RAIN  (in), WIND SPEED (mph)

                                      HEAT  COOL        AVG
    MEAN                              DEG   DEG         WIND                 DOM
DAY TEMP  HIGH   TIME   LOW    TIME   DAYS  DAYS  RAIN  SPEED HIGH   TIME    DIR
------------------------------------------------------------------------------------
 1  57.5  60.6  12:01a  54.2   7:06a   7.5   0.0  0.01   1.5  19.0   2:15a   ESE
 2  65.4  79.8   4:09p  55.0   5:59a   3.8   4.2  0.00   0.2   8.0  10:12a     E
 3  59.8  65.7   5:27p  55.3   9:19a   5.2   0.0  0.28   1.0  15.0   4:39a   ESE
 4  63.4  71.9   3:18p  58.5   2:50a   3.1   1.5  0.07   0.2   8.0   9:02p    NW
 5  58.8  61.0  12:01a  55.3  10:41p   6.2   0.0  0.89   0.5  12.0   2:54p    NE
 6  62.8  76.4   3:31p  54.4   2:08a   4.8   2.6  0.00   0.9  12.0   1:18p    NW
 7  64.7  81.7   4:04p  48.2   5:58a   5.3   4.9  0.00   0.5  12.0   9:19p   SSE
 8  63.1  71.1   3:53p  54.0   6:51a   3.2   1.3  0.00   0.7  13.0   4:31a     N
 9  59.4  62.8  12:01a  57.8   2:23p   5.6   0.0  0.09   1.6  16.0   2:12p   ESE
10  66.9  77.8   4:43p  58.0   4:39a   1.9   3.8  0.08   0.8  14.0   8:45a   SSE
11  58.8  65.2  12:01a  52.0  11:59p   6.2   0.0  0.11   1.7  15.0   4:26a    NW
12  49.0  52.0  12:01a  44.6  11:53p  16.0   0.0  1.85   2.3  23.0   1:52p   ESE
13  45.6  48.5   5:33p  43.2   7:12a  19.3   0.0  0.68   0.5  11.0  12:45a   ESE
14  49.9  55.3   3:48p  43.3   6:34a  15.1   0.0  0.04   3.2  18.0  11:16a    NW
15  56.5  73.1   2:12p  39.2   6:17a   9.8   1.4  0.00   1.8  17.0  12:36p   WSW
16  61.7  75.9   5:06p  50.4   3:44a   5.6   2.4  0.03   0.9  14.0   2:38p    NW
17  65.7  81.1   3:41p  51.7   6:08a   3.7   4.4  0.00   0.7  16.0   6:11p   WSW
18  69.1  79.6   5:09p  61.1   4:51a   0.9   5.0  0.00   0.4   8.0   5:59p   NNE
19  69.5  86.6   3:44p  61.0   7:33a   0.8   5.3  1.23   0.6  28.0   4:44p   SSE
20  72.4  84.3   4:11p  62.7   5:37a   0.3   7.7  0.18   2.8  24.0   4:31p   WSW
21  61.0  70.0   3:42p  52.1  12:00m   4.7   0.7  0.00   4.0  24.0   3:27a    NW
22  59.0  71.3   4:23p  42.6   6:06a   7.3   1.3  0.00   0.3   9.0  11:21a   SSE
23  68.0  78.3   1:28p  59.2   6:16a   1.5   4.5  0.53   0.6  19.0  10:16p   SSE
24  67.4  79.9   3:18p  60.0   4:31a   0.8   2.3  0.00   4.4  19.0  11:10a    NW
25
26
27
28
29
30
31
-------------------------------------------------------------------------------------
    61.5  86.6    19    39.2    15   138.6  53.3  6.07   1.3  28.0    19     ESE

Max >=  90.0:  0
Max <=  32.0:  0
Min <=  32.0:  0
Min <=   0.0:  0
Max Rain: 1.85 ON 05/12/19
Days of Rain: 13 (>.01 in) 8 (>.1 in) 2 (>1 in)
Heat Base:  65.0  Cool Base:  65.0  Method: Integration