NOAA-Style Climate Reports

WeatherLink Software Version 6.0.3
Discontinued 1/31/2017
Select a Year or Month report
2021: Jan Feb Mar Apr May Jun Jul Aug Sep Oct Nov Dec
2020: Jan Feb Mar Apr May Jun Jul Aug Sep Oct Nov Dec
2019: Jan Feb Mar Apr May Jun Jul Aug Sep Oct Nov Dec
2018: Jan Feb Mar Apr May Jun Jul Aug Sep Oct Nov Dec
2017: Jan Feb Mar Apr May Jun Jul Aug Sep Oct Nov Dec
2016: Jan Feb Mar Apr May Jun Jul Aug Sep Oct Nov Dec
2015: Jan Feb Mar Apr May Jun Jul Aug Sep Oct Nov Dec
2014: Jan Feb Mar Apr May Jun Jul Aug Sep Oct Nov Dec
2013: Jan Feb Mar Apr May Jun Jul Aug Sep Oct Nov Dec
2012: Jan Feb Mar Apr May Jun Jul Aug Sep Oct Nov Dec
2011: Jan Feb Mar Apr May Jun Jul Aug Sep Oct Nov Dec
2010: Jan Feb Mar Apr May Jun Jul Aug Sep Oct Nov Dec

Report for 2021 April
                   MONTHLY CLIMATOLOGICAL SUMMARY for APR. 2021

NAME: cvweather_new   CITY: Mechanicsburg   STATE: PA 
ELEV:   439 ft  LAT:  40° 13' 22" N  LONG:  77° 00' 51" W

                   TEMPERATURE (°F), RAIN  (in), WIND SPEED (mph)

                                      HEAT  COOL        AVG
    MEAN                              DEG   DEG         WIND                 DOM
DAY TEMP  HIGH   TIME   LOW    TIME   DAYS  DAYS  RAIN  SPEED HIGH   TIME    DIR
------------------------------------------------------------------------------------
 1  39.2  49.2  12:05a  31.8  12:00m  25.7   0.0  0.27   7.0  29.0   4:25p    NW
 2  34.9  43.7   4:55p  26.7   6:45a  30.1   0.0  0.00   7.6  25.0   2:50p    NW
 3  41.5  55.5   5:15p  27.3   6:30a  23.5   0.0  0.00   2.5  15.0   1:40p   WSW
 4  55.3  69.9   5:30p  38.3   7:20a  10.5   0.8  0.00   3.8  22.0   1:35p    NW
 5  57.8  70.6   6:05p  41.3   4:55a   8.2   1.0  0.00   3.7  17.0   4:25p   WSW
 6  62.1  73.2   3:45p  47.8   7:10a   4.7   1.8  0.00   1.7  10.0   2:10p     N
 7  62.8  74.3   5:45p  52.4   7:00a   4.2   2.1  0.00   2.4  15.0   9:30a   ESE
 8  61.0  72.0   3:50p  50.1   7:15a   5.2   1.2  0.00   5.0  20.0   5:10p   ESE
 9  53.3  56.3  12:05a  50.2   9:00a  11.7   0.0  0.07   3.5  13.0   5:25a   ESE
10  56.4  64.3   5:05p  51.2   4:45a   8.6   0.0  0.00   2.4  11.0   4:00a   ESE
11  60.6  70.6   4:35p  50.4  10:10p   5.3   0.9  1.70   2.8  25.0   9:55p     E
12  50.5  53.3  12:05a  48.0  11:30p  14.5   0.0  0.01   3.2  14.0  12:15p   ESE
13  54.6  65.8   4:35p  47.4   3:20a  10.4   0.0  0.00   1.5  14.0   2:30p   ENE
14  53.7  60.5   4:30p  45.5   4:05a  11.3   0.0  0.01   1.0  10.0   3:50p   SSE
15  51.4  58.7   3:20p  42.3  11:45p  13.6   0.0  0.01   4.1  27.0   5:55p     W
16  48.1  57.1   2:55p  40.2   6:20a  16.9   0.0  0.00   6.4  25.0   6:40p   WNW
17  48.9  57.3   2:10p  41.9   6:15a  16.1   0.0  0.00   3.6  16.0   2:50p     W
18  52.5  63.6   1:00p  40.6   7:00a  12.5   0.0  0.00   1.7  10.0  10:55a   WSW
19  54.5  67.5   4:30p  39.4   6:50a  10.6   0.1  0.00   1.3  18.0   1:30p   WNW
20  59.2  74.5   2:00p  40.7   6:55a   7.9   2.1  0.00   2.2  17.0   5:40p   SSE
21  58.5  61.3  12:05a  55.9   3:15a   0.9   0.0  0.00   2.4  11.0  12:35a   SSE
22
23
24
25
26
27
28
29
30
-------------------------------------------------------------------------------------
    53.2  74.5    20    26.7     2   252.4  10.0  2.07   3.3  29.0     1     ESE

Max >=  90.0:  0
Max <=  32.0:  0
Min <=  32.0:  3
Min <=   0.0:  0
Max Rain: 1.70 ON 04/11/21
Days of Rain: 3 (>.01 in) 2 (>.1 in) 1 (>1 in)
Heat Base:  65.0  Cool Base:  65.0  Method: Integration