NOAA-Style Climate Reports

WeatherLink Software Version 6.0.3
Discontinued 1/31/2017
Select a Year or Month report
2019: Jan Feb Mar Apr May Jun Jul Aug Sep Oct Nov Dec
2018: Jan Feb Mar Apr May Jun Jul Aug Sep Oct Nov Dec
2017: Jan Feb Mar Apr May Jun Jul Aug Sep Oct Nov Dec
2016: Jan Feb Mar Apr May Jun Jul Aug Sep Oct Nov Dec
2015: Jan Feb Mar Apr May Jun Jul Aug Sep Oct Nov Dec
2014: Jan Feb Mar Apr May Jun Jul Aug Sep Oct Nov Dec
2013: Jan Feb Mar Apr May Jun Jul Aug Sep Oct Nov Dec
2012: Jan Feb Mar Apr May Jun Jul Aug Sep Oct Nov Dec
2011: Jan Feb Mar Apr May Jun Jul Aug Sep Oct Nov Dec
2010: Jan Feb Mar Apr May Jun Jul Aug Sep Oct Nov Dec

Report for 2019 March
                   MONTHLY CLIMATOLOGICAL SUMMARY for MAR. 2019

NAME: cvweather_new   CITY: Mechanicsburg   STATE: PA 
ELEV:   439 ft  LAT:  40° 13' 22" N  LONG:  77° 00' 51" W

                   TEMPERATURE (°F), RAIN  (in), WIND SPEED (mph)

                                      HEAT  COOL        AVG
    MEAN                              DEG   DEG         WIND                 DOM
DAY TEMP  HIGH   TIME   LOW    TIME   DAYS  DAYS  RAIN  SPEED HIGH   TIME    DIR
------------------------------------------------------------------------------------
 1  30.0  33.2   2:40p  26.7   5:11a  34.5   0.0  0.17   1.6  10.0  12:43a   ESE
 2  33.5  38.6   4:34p  30.4   4:07a  30.5   0.0  0.47   0.1   8.0   1:17p    SW
 3  32.9  36.9  10:38a  28.9   6:39a  31.9   0.0  0.11   0.8  13.0   1:33a   WNW
 4  28.7  34.3   1:06p  14.6  11:57p  35.7   0.0  0.23   3.0  22.0  10:35a   WNW
 5  21.4  31.2   3:56p   9.1   6:56a  41.8   0.0  0.02   3.7  25.0   7:38p    SW
 6  17.7  25.5   2:52p   9.0   6:43a  46.8   0.0  0.00   3.6  23.0   1:03a   WNW
 7  23.4  34.4   2:51p   9.1   4:55a  40.3   0.0  0.07   1.5  16.0  11:06a   WNW
 8  27.2  36.1  12:25p  11.9   6:39a  37.4   0.0  0.06   0.4   9.0  12:25p   ESE
 9  36.5  45.4   1:18p  29.7   5:26a  28.4   0.0  0.15   1.5  14.0   2:06p   ESE
10  37.9  43.4   5:19p  33.8   4:58a  25.9   0.0  0.70   0.9  11.0   1:59a   ESE
11  43.5  55.5   4:10p  30.1   7:30a  21.0   0.0  0.01   2.9  25.0   6:54p    SW
12  38.3  47.5   4:18p  28.4  11:58p  26.5   0.0  0.00   5.2  24.0  12:56a    NW
13  39.4  54.5   4:35p  20.8   7:03a  25.4   0.0  0.00   1.2  14.0   4:36p   SSE
14  51.2  65.3   5:21p  35.5   3:12a  13.5   0.0  0.00   1.4  16.0   6:30p   ESE
15  63.9  76.0   5:18p  51.5  11:59p   3.6   2.5  0.00   3.2  28.0  11:42p   SSE
16  42.2  51.5  12:01a  33.1  12:00m  22.7   0.0  0.00   7.5  32.0   9:57a    NW
17  34.8  45.9   4:04p  25.8   4:59a  30.0   0.0  0.00   2.9  18.0  11:49a   WNW
18  36.1  46.3   3:39p  26.9   3:18a  28.9   0.0  0.00   1.2  13.0   3:39p   WNW
19  35.7  49.7   4:05p  21.2   7:11a  28.6   0.0  0.00   0.6  13.0   2:07p   WNW
20  39.2  53.9   2:59p  21.3   7:02a  25.5   0.0  0.00   1.6  14.0   3:15p   SSE
21  41.5  44.1   7:20p  38.5   2:11a  23.4   0.0  2.17   1.8  19.0  10:42p   NNW
22  40.7  42.6  12:01a  39.8   1:46a   3.6   0.0  0.06   5.5  17.0   1:12a    NW
23
24
25
26
27
28
29
30
31
-------------------------------------------------------------------------------------
    36.2  76.0    15     9.0     6   605.9   2.5  4.22   2.4  32.0    16     WNW

Max >=  90.0:  0
Max <=  32.0:  2
Min <=  32.0: 16
Min <=   0.0:  0
Max Rain: 2.17 ON 03/21/19
Days of Rain: 11 (>.01 in) 7 (>.1 in) 1 (>1 in)
Heat Base:  65.0  Cool Base:  65.0  Method: Integration