NOAA-Style Climate Reports
Select a Year or Month report
2024: Jan Feb Mar Apr May Jun Jul Aug Sep Oct Nov Dec
2023: Jan Feb Mar Apr May Jun Jul Aug Sep Oct Nov Dec
2022: Jan Feb Mar Apr May Jun Jul Aug Sep Oct Nov Dec
2021: Jan Feb Mar Apr May Jun Jul Aug Sep Oct Nov Dec
2020: Jan Feb Mar Apr May Jun Jul Aug Sep Oct Nov Dec
2019: Jan Feb Mar Apr May Jun Jul Aug Sep Oct Nov Dec
2018: Jan Feb Mar Apr May Jun Jul Aug Sep Oct Nov Dec
2017: Jan Feb Mar Apr May Jun Jul Aug Sep Oct Nov Dec
2016: Jan Feb Mar Apr May Jun Jul Aug Sep Oct Nov Dec
2015: Jan Feb Mar Apr May Jun Jul Aug Sep Oct Nov Dec
2014: Jan Feb Mar Apr May Jun Jul Aug Sep Oct Nov Dec
2013: Jan Feb Mar Apr May Jun Jul Aug Sep Oct Nov Dec
2012: Jan Feb Mar Apr May Jun Jul Aug Sep Oct Nov Dec
2011: Jan Feb Mar Apr May Jun Jul Aug Sep Oct Nov Dec
2010: Jan Feb Mar Apr May Jun Jul Aug Sep Oct Nov Dec
2024: Jan Feb Mar Apr May Jun Jul Aug Sep Oct Nov Dec
2023: Jan Feb Mar Apr May Jun Jul Aug Sep Oct Nov Dec
2022: Jan Feb Mar Apr May Jun Jul Aug Sep Oct Nov Dec
2021: Jan Feb Mar Apr May Jun Jul Aug Sep Oct Nov Dec
2020: Jan Feb Mar Apr May Jun Jul Aug Sep Oct Nov Dec
2019: Jan Feb Mar Apr May Jun Jul Aug Sep Oct Nov Dec
2018: Jan Feb Mar Apr May Jun Jul Aug Sep Oct Nov Dec
2017: Jan Feb Mar Apr May Jun Jul Aug Sep Oct Nov Dec
2016: Jan Feb Mar Apr May Jun Jul Aug Sep Oct Nov Dec
2015: Jan Feb Mar Apr May Jun Jul Aug Sep Oct Nov Dec
2014: Jan Feb Mar Apr May Jun Jul Aug Sep Oct Nov Dec
2013: Jan Feb Mar Apr May Jun Jul Aug Sep Oct Nov Dec
2012: Jan Feb Mar Apr May Jun Jul Aug Sep Oct Nov Dec
2011: Jan Feb Mar Apr May Jun Jul Aug Sep Oct Nov Dec
2010: Jan Feb Mar Apr May Jun Jul Aug Sep Oct Nov Dec
Report for 2024 April
MONTHLY CLIMATOLOGICAL SUMMARY for APR. 2024 NAME: Cumberland Valley Weather CITY: Mechanicsburg STATE: PA ELEV: 439 LAT: 040:13:22 LONG: 0077:00:51 TEMPERATURE ( °F), RAIN (in.), WIND SPEED (mph) HEAT COOL AVG MEAN DEG DEG WIND DOM DAY TEMP HIGH TIME LOW TIME DAYS DAYS RAIN SPEED HIGH TIME DIR -------------------------------------------------------------------------------------------------------- 01 49.1 052.6 15:50 45.5 07:59 15.8 00.0 00.64 01.9 17.3 11:18 ENE 02 46.9 048.9 00:46 44.7 23:32 18.0 00.0 00.88 04.5 21.9 00:00 ESE 03 43.4 045.6 14:17 41.7 21:08 21.5 00.0 00.93 04.2 28.8 10:14 E 04 42.5 052.2 16:19 32.8 07:21 22.4 00.0 00.05 02.0 19.6 16:49 WNW 05 42.4 047.1 13:12 39.7 00:00 22.6 00.0 00.00 05.1 24.1 17:06 WNW 06 47.1 053.8 17:39 39.2 02:54 17.8 00.0 00.00 05.8 24.1 09:25 NW 07 51.8 062.8 18:04 39.6 06:36 13.1 00.0 00.00 02.8 19.6 13:18 NNW 08 52.7 066.7 16:46 35.1 06:59 12.2 00.0 00.00 01.4 12.7 12:09 SSE 09 61.8 078.1 15:36 40.3 06:23 03.2 00.0 00.00 01.4 12.7 19:23 SSE 10 64.5 071.4 14:20 57.5 07:27 00.5 00.0 00.00 00.9 08.1 14:10 ENE 11 65.1 069.9 13:45 61.4 05:47 00.0 00.2 00.10 06.3 28.8 17:17 SE 12 58.4 066.4 01:39 48.5 00:00 06.6 00.0 00.44 05.9 28.8 14:40 SSW 13 52.9 060.4 18:11 46.7 02:56 12.0 00.0 00.02 07.8 33.4 15:44 W 14 62.5 084.2 18:15 43.7 07:02 02.5 00.0 00.23 03.7 46.0 20:34 SSW 15 68.1 081.1 16:59 56.8 07:14 00.0 03.2 00.07 02.5 18.4 18:32 WNW 16 62.3 076.2 17:47 44.1 06:46 02.6 00.0 00.00 01.5 17.3 00:28 WSW 17 60.5 068.0 16:07 53.2 06:50 04.4 00.0 00.07 03.6 21.9 20:29 ESE 18 55.9 063.7 17:42 50.9 06:39 09.0 00.0 00.15 03.2 16.1 18:44 E 19 49.9 052.1 19:06 46.2 06:42 15.1 00.0 00.01 03.4 17.3 07:41 SE 20 56.9 067.8 14:30 47.2 00:00 08.0 00.0 00.01 04.2 23.0 15:32 WNW 21 45.3 052.1 18:13 37.7 07:03 19.6 00.0 00.00 03.0 18.4 18:16 WNW 22 50.1 064.1 17:35 33.9 06:42 14.8 00.0 00.00 02.4 18.4 13:50 WNW 23 55.0 069.3 17:06 35.5 06:29 09.9 00.0 00.00 02.3 19.6 11:50 SSE 24 57.6 066.8 17:18 49.6 00:00 07.3 00.0 00.09 03.3 20.7 10:43 NW -------------------------------------------------------------------------------------------------------- 54.3 (54.0) 84.2 day 14 32.8 day 04 259.0 003.4 03.69 03.5 46.0 day 14 WSW Min < 86: 24 Max Rain: 0.93 ON 3-04-24 Days of Rain: 14 (> .008in) 8 (> .08in) 2 (> 0.8in)