NOAA-Style Climate Reports

WeatherLink Software Version 6.0.3
Discontinued 1/31/2017
Select a Year or Month report
2021: Jan Feb Mar Apr May Jun Jul Aug Sep Oct Nov Dec
2020: Jan Feb Mar Apr May Jun Jul Aug Sep Oct Nov Dec
2019: Jan Feb Mar Apr May Jun Jul Aug Sep Oct Nov Dec
2018: Jan Feb Mar Apr May Jun Jul Aug Sep Oct Nov Dec
2017: Jan Feb Mar Apr May Jun Jul Aug Sep Oct Nov Dec
2016: Jan Feb Mar Apr May Jun Jul Aug Sep Oct Nov Dec
2015: Jan Feb Mar Apr May Jun Jul Aug Sep Oct Nov Dec
2014: Jan Feb Mar Apr May Jun Jul Aug Sep Oct Nov Dec
2013: Jan Feb Mar Apr May Jun Jul Aug Sep Oct Nov Dec
2012: Jan Feb Mar Apr May Jun Jul Aug Sep Oct Nov Dec
2011: Jan Feb Mar Apr May Jun Jul Aug Sep Oct Nov Dec
2010: Jan Feb Mar Apr May Jun Jul Aug Sep Oct Nov Dec

Report for 2021 February
                   MONTHLY CLIMATOLOGICAL SUMMARY for FEB. 2021

NAME: cvweather_new   CITY: Mechanicsburg   STATE: PA 
ELEV:   439 ft  LAT:  40° 13' 22" N  LONG:  77° 00' 51" W

                   TEMPERATURE (°F), RAIN  (in), WIND SPEED (mph)

                                      HEAT  COOL        AVG
    MEAN                              DEG   DEG         WIND                 DOM
DAY TEMP  HIGH   TIME   LOW    TIME   DAYS  DAYS  RAIN  SPEED HIGH   TIME    DIR
------------------------------------------------------------------------------------
 1  26.7  29.7   8:10p  21.9  12:40a  38.3   0.0  0.00   4.6  21.0  12:00m   NNW
 2  29.8  33.9  11:50a  27.4   8:40p  35.2   0.0  0.08   8.1  27.0   6:10p    NW
 3  33.9  39.3   5:35p  29.0  12:30a  31.1   0.0  0.04   8.5  25.0   2:35a    NW
 4  33.9  42.9   3:25p  27.1   7:25a  31.1   0.0  0.04   3.3  22.0  12:50a   WNW
 5  38.9  48.3   2:40p  32.5  11:50p  26.1   0.0  0.01   3.0  22.0   2:55p   SSE
 6  35.5  44.2   2:50p  28.5   2:45a  29.5   0.0  0.00   3.0  30.0  11:35a   WSW
 7  30.5  37.0   2:55p  21.8  11:55p  34.5   0.0  0.12   4.0  25.0   5:55p   WNW
 8  23.0  31.1   2:45p  16.0   7:25a  42.0   0.0  0.00   2.0  13.0  12:40a   WNW
 9  28.4  35.2   5:05p  21.8  12:25a  36.4   0.0  0.00   2.0  12.0   3:20p   WNW
10  30.8  34.7   2:30p  27.0  11:25p  33.8   0.0  0.00   2.2  15.0   3:00a    NW
11  28.1  30.4   3:10p  26.7   6:20a  36.9   0.0  0.04   2.8  12.0   1:05p   NNE
12  24.9  27.4   2:30p  20.8   6:00a  40.0   0.0  0.01   1.9  10.0  11:25a   NNE
13  25.8  28.7   1:40p  23.4   9:05p  39.0   0.0  0.00   2.2  12.0   1:00p   NNE
14  29.6  35.8   3:50p  23.8  12:15a  35.4   0.0  0.01   2.0  11.0   2:10p   WNW
15  31.8  34.2  12:45p  30.5   6:30a  33.2   0.0  0.43   2.1  13.0   7:30p   NNE
16  33.4  43.8  12:10p  24.1  11:55p  31.4   0.0  0.43   4.4  29.0   2:50p   WNW
17  24.4  29.4   3:20p  20.3   7:00a  40.6   0.0  0.00   3.4  15.0  12:05a   WNW
18  25.1  27.1   4:20a  22.2   6:45a  39.9   0.0  0.00   2.0  14.0   5:55a   NNE
19  29.5  35.7   3:40p  24.9   3:15a  35.4   0.0  0.27   3.2  21.0   9:20p   WNW
20  25.8  29.9   1:45p  21.6   7:05a  39.2   0.0  0.00   6.8  25.0   5:10p   WNW
21  27.7  36.7   3:20p  17.6   7:10a  37.2   0.0  0.00   2.0  15.0   2:20a     W
22  31.2  37.3  12:00m  27.7   8:45a  33.8   0.0  0.10   2.2  13.0   5:45a   SSE
23  39.5  49.0   2:20p  26.1   6:35a  25.4   0.0  0.03   3.1  23.0   4:55p     W
24  45.9  57.5   2:35p  29.6   7:40a  19.1   0.0  0.00   2.2  20.0  12:25p   SSE
25  42.6  50.0  12:45a  35.5  10:40p  22.4   0.0  0.00   4.8  27.0   2:45a    NW
26  39.3  46.0   1:40p  31.4   6:55a  25.7   0.0  0.03   2.4  16.0   8:40p   SSE
27  38.6  51.0   3:45p  32.5   2:40a  26.4   0.0  0.21   1.8  13.0   2:15p     W
28  38.2  39.4  12:25a  37.2   2:15a   3.9   0.0  0.00   0.5   4.0   3:20a    SW
-------------------------------------------------------------------------------------
    31.9  57.5    24    16.0     8   902.9   0.0  1.85   3.2  30.0     6     WNW

Max >=  90.0:  0
Max <=  32.0:  8
Min <=  32.0: 24
Min <=   0.0:  0
Max Rain: 0.43 ON 02/15/21
Days of Rain: 12 (>.01 in) 5 (>.1 in) 0 (>1 in)
Heat Base:  65.0  Cool Base:  65.0  Method: Integration