NOAA-Style Climate Reports

WeatherLink Software Version 6.0.3
Discontinued 1/31/2017
Select a Year or Month report
2018: Jan Feb Mar Apr May Jun Jul Aug Sep Oct Nov Dec
2017: Jan Feb Mar Apr May Jun Jul Aug Sep Oct Nov Dec
2016: Jan Feb Mar Apr May Jun Jul Aug Sep Oct Nov Dec
2015: Jan Feb Mar Apr May Jun Jul Aug Sep Oct Nov Dec
2014: Jan Feb Mar Apr May Jun Jul Aug Sep Oct Nov Dec
2013: Jan Feb Mar Apr May Jun Jul Aug Sep Oct Nov Dec
2012: Jan Feb Mar Apr May Jun Jul Aug Sep Oct Nov Dec
2011: Jan Feb Mar Apr May Jun Jul Aug Sep Oct Nov Dec
2010: Jan Feb Mar Apr May Jun Jul Aug Sep Oct Nov Dec

Report for 2010 July
                   MONTHLY CLIMATOLOGICAL SUMMARY for JUL. 2010

NAME: cvweather   CITY: Mechanicsburg   STATE: PA 
ELEV:   439 ft  LAT:  40° 13' 22" N  LONG:  77° 00' 51" W

                   TEMPERATURE (°F), RAIN  (in), WIND SPEED (mph)

                                      HEAT  COOL        AVG
    MEAN                              DEG   DEG         WIND                 DOM
DAY TEMP  HIGH   TIME   LOW    TIME   DAYS  DAYS  RAIN  SPEED HIGH   TIME    DIR
------------------------------------------------------------------------------------
 1  64.7  77.2   3:30p  50.1   6:30a   3.9   3.7  0.00   1.4  14.0   2:30p     W
 2  66.0  80.1   5:30p  49.7   6:30a   4.3   5.3  0.00   1.0  13.0  11:00a     W
 3  71.2  88.4   4:00p  52.0   6:30a   3.2   9.4  0.00   0.9  10.0   2:00p     W
 4  76.8  94.6   5:00p  55.7   6:00a   1.9  13.7  0.00   1.1  12.0   4:30p     W
 5  81.6  97.2   5:00p  63.8   6:30a   0.1  16.6  0.00   1.0  10.0  12:00p     W
 6  84.2  99.6   3:30p  67.4   6:30a   0.0  19.2  0.00   1.0  11.0   2:30p     W
 7  85.4  99.4   4:30p  71.2   6:30a   0.0  20.4  0.00   0.8  10.0   5:00p     W
 8  84.8  96.7   2:30p  71.8   6:30a   0.0  19.8  0.00   2.4  21.0   6:00p    SE
 9  81.1  91.2   5:00p  72.6   6:00a   0.0  16.1  0.00   3.6  15.0   6:00p    SE
10  73.9  81.8   5:00p  68.2   8:30a   0.0   8.9  0.72   1.2  14.0   7:00a     N
11  75.6  91.0   5:30p  59.8   6:30a   0.6  11.2  0.00   0.9  12.0  12:30p    SW
12  71.8  86.1  12:30p  59.7   5:00a   1.0   7.8  0.21   2.2  24.0   4:00p   ENE
13  75.1  83.3   5:00p  69.3   7:00a   0.0  10.1  0.49   1.2  13.0   1:00a   ENE
14  74.7  84.0   5:30p  69.7   8:30a   0.0   9.7  1.95   1.0  14.0   7:30a     N
15  79.3  91.0   5:30p  67.2   6:30a   0.0  14.3  0.00   0.7   9.0  12:30p     W
16  78.0  93.3   3:30p  70.7   5:30a   0.0  13.0  0.17   1.1  17.0   4:00p     W
17  79.2  90.0   2:30p  67.9   6:30a   0.0  14.2  0.00   1.1  11.0   4:30p     W
18  81.2  92.2   3:30p  70.2   6:30a   0.0  16.2  0.00   1.3  13.0  11:00a     W
19  79.3  91.3   3:00p  70.6   6:00a   0.0  14.3  0.10   1.5  20.0   5:00a     W
20  74.4  83.1   5:30p  67.5   6:30a   0.0   9.4  0.72   0.6  14.0   6:30p     W
21  79.2  89.8   4:30p  68.9   6:00a   0.0  14.2  0.00   1.5  15.0  10:00p     W
22  79.0  89.0   5:00p  67.4   6:30a   0.0  14.0  0.00   1.3  14.0  12:30p     W
23  82.2  96.5   4:30p  68.3   5:30a   0.0  17.2  0.00   1.4  17.0   4:00p     W
24  86.6  95.7   3:30p  76.8   7:00a   0.0  21.6  0.00   1.5  14.0   3:00p     W
25  78.4  93.1   1:00p  71.1  12:00m   0.0  13.4  0.65   0.9  18.0   1:00p     W
26  73.5  84.9   5:00p  61.2   6:30a   0.5   9.0  0.00   0.9  10.0  12:30a     W
27  75.4  87.1   3:30p  60.9   6:30a   0.6  11.0  0.00   1.6  12.0   4:30p    SE
28  78.6  90.4   2:30p  65.9   5:30a   0.0  13.6  0.00   1.1  15.0   4:00p     W
29  79.2  88.7   3:30p  71.3  11:00p   0.0  14.2  0.01   1.2  11.0   1:30p   SSW
30  72.0  83.1   3:30p  59.5   6:30a   0.6   7.6  0.00   1.0  13.0  12:00p     N
31  72.2  84.8   4:00p  57.3   6:00a   1.7   8.9  0.00   1.8  12.0  10:30a     E
-------------------------------------------------------------------------------------
    77.2  99.6     6    49.7     2    18.4 398.0  5.02   1.3  24.0    12       W

Max >=  90.0: 16
Max <=  32.0:  0
Min <=  32.0:  0
Min <=   0.0:  0
Max Rain: 1.95 ON 07/14/10
Days of Rain: 8 (>.01 in) 7 (>.1 in) 1 (>1 in)
Heat Base:  65.0  Cool Base:  65.0  Method: Integration