NOAA-Style Climate Reports

WeatherLink Software Version 6.0.3
Discontinued 1/31/2017
Select a Year or Month report
2018: Jan Feb Mar Apr May Jun Jul Aug Sep Oct Nov Dec
2017: Jan Feb Mar Apr May Jun Jul Aug Sep Oct Nov Dec
2016: Jan Feb Mar Apr May Jun Jul Aug Sep Oct Nov Dec
2015: Jan Feb Mar Apr May Jun Jul Aug Sep Oct Nov Dec
2014: Jan Feb Mar Apr May Jun Jul Aug Sep Oct Nov Dec
2013: Jan Feb Mar Apr May Jun Jul Aug Sep Oct Nov Dec
2012: Jan Feb Mar Apr May Jun Jul Aug Sep Oct Nov Dec
2011: Jan Feb Mar Apr May Jun Jul Aug Sep Oct Nov Dec
2010: Jan Feb Mar Apr May Jun Jul Aug Sep Oct Nov Dec

Report for 2010 August
                   MONTHLY CLIMATOLOGICAL SUMMARY for AUG. 2010

NAME: cvweather   CITY: Mechanicsburg   STATE: PA 
ELEV:   439 ft  LAT:  40° 13' 22" N  LONG:  77° 00' 51" W

                   TEMPERATURE (°F), RAIN  (in), WIND SPEED (mph)

                                      HEAT  COOL        AVG
    MEAN                              DEG   DEG         WIND                 DOM
DAY TEMP  HIGH   TIME   LOW    TIME   DAYS  DAYS  RAIN  SPEED HIGH   TIME    DIR
------------------------------------------------------------------------------------
 1  72.7  79.0   2:00p  67.0  12:00m   0.0   7.7  0.10   2.0  13.0   6:30p   ESE
 2  71.8  79.4   5:30p  63.2   4:00a   0.2   7.0  0.00   2.4  14.0   4:30p    SE
 3  77.8  87.5   3:30p  69.6   6:00a   0.0  12.8  0.00   1.9  12.0   3:00p     S
 4  82.4  93.4   3:00p  73.8   7:00a   0.0  17.4  0.00   1.1  14.0  10:00p   SSE
 5  79.5  90.7   3:00p  70.4   6:30a   0.0  14.5  0.00   1.6  14.0   2:00p     W
 6  76.7  84.8   3:30p  67.9  12:00m   0.0  11.7  0.00   1.8  16.0  10:00a     W
 7  72.8  84.0   2:00p  60.2   7:00a   0.9   8.6  0.00   0.8  10.0   4:00p     W
 8  75.9  89.0   3:00p  62.3   7:00a   0.3  11.3  0.00   1.2  16.0   3:30p   SSE
 9  80.4  93.9   3:00p  65.6   7:00a   0.0  15.4  0.00   1.3  11.0   3:30p    SE
10  83.5  95.1   2:30p  72.9   6:30a   0.0  18.5  0.00   0.7  12.0   4:00p     W
11  82.4  95.1   4:00p  72.4   4:00a   0.0  17.4  0.00   0.8  10.0   4:00p     W
12  74.5  83.3   2:30p  67.6  12:00m   0.0   9.5  1.87   3.0  21.0   3:30p     E
13  68.7  74.0   2:00p  66.0   7:00a   0.0   3.7  0.28   2.9  15.0  12:30p     E
14  74.3  77.2   2:00p  70.9  10:00a   0.0   5.6  0.00   2.5  15.0   6:00p    SE
15  72.7  77.2   4:00p  69.3   5:00a   0.0   7.7  0.01   2.7  13.0   3:30p   SSE
16  77.5  88.2   2:00p  70.6  12:00m   0.0  12.5  0.52   1.9  14.0   4:30p   SSE
17  74.9  85.8   3:00p  65.4   7:00a   0.0   9.9  0.00   0.6   9.0   2:30p   WNW
18  72.5  80.0  12:00p  66.5  12:00m   0.0   7.5  0.00   0.7  11.0  10:00a     W
19  73.0  86.1   3:00p  62.5   5:00a   0.4   8.4  0.00   0.8   8.0  12:30p     W
20  75.2  87.0   3:00p  62.6   6:00a   0.3  10.5  0.00   0.8   8.0  10:30a   WNW
21  76.0  87.9   3:00p  64.9   6:30a   0.0  10.5  0.00   3.0  14.0   5:00p   SSE
22  76.4  84.6   3:00p  72.3   4:30a   0.0   3.8  0.23   2.8  20.0  10:00a   WNW
23  71.2  78.2  12:30p  63.3   7:00a   0.0   2.1  0.00   1.9  18.0   9:30p   WNW
24  66.2  72.4   2:30p  61.6   7:00a   0.2   0.6  0.01   1.8  15.0   1:00a     E
25  69.1  77.3   1:00p  63.4   3:30a   0.1   1.5  0.00   0.7  11.0   1:30p   WNW
26  70.2  81.2   2:30p  58.8  12:00m   0.4   2.1  0.00   1.4  14.0  12:00p   WNW
27  65.4  78.6   3:00p  51.0   6:30a   1.4   1.5  0.00   0.6   9.0  12:30p   WNW
28  67.2  81.4   3:00p  52.3   7:00a   1.3   2.0  0.00   0.5   7.0  11:00a    NE
29  72.3  89.3   3:00p  54.4   7:00a   0.9   3.4  0.00   0.5   8.0   2:00p    NE
30  75.7  88.7   3:00p  61.4   7:00a   0.1   3.7  0.00   1.1  14.0   2:30p     N
31  76.7  92.7   2:30p  61.3   6:30a   0.2   4.1  0.00   0.6   9.0   3:30p     W
-------------------------------------------------------------------------------------
    74.4  95.1    10    51.0    27     6.7 252.9  3.02   1.5  21.0    12       W

Max >=  90.0:  6
Max <=  32.0:  0
Min <=  32.0:  0
Min <=   0.0:  0
Max Rain: 1.87 ON 08/12/10
Days of Rain: 5 (>.01 in) 4 (>.1 in) 1 (>1 in)
Heat Base:  65.0  Cool Base:  65.0  Method: Integration