NOAA-Style Climate Reports

WeatherLink Software Version 6.0.3
Discontinued 1/31/2017
Select a Year or Month report
2018: Jan Feb Mar Apr May Jun Jul Aug Sep Oct Nov Dec
2017: Jan Feb Mar Apr May Jun Jul Aug Sep Oct Nov Dec
2016: Jan Feb Mar Apr May Jun Jul Aug Sep Oct Nov Dec
2015: Jan Feb Mar Apr May Jun Jul Aug Sep Oct Nov Dec
2014: Jan Feb Mar Apr May Jun Jul Aug Sep Oct Nov Dec
2013: Jan Feb Mar Apr May Jun Jul Aug Sep Oct Nov Dec
2012: Jan Feb Mar Apr May Jun Jul Aug Sep Oct Nov Dec
2011: Jan Feb Mar Apr May Jun Jul Aug Sep Oct Nov Dec
2010: Jan Feb Mar Apr May Jun Jul Aug Sep Oct Nov Dec

Report for 2010 September
                   MONTHLY CLIMATOLOGICAL SUMMARY for SEP. 2010

NAME: cvweather   CITY: Mechanicsburg   STATE: PA 
ELEV:   439 ft  LAT:  40° 13' 22" N  LONG:  77° 00' 51" W

                   TEMPERATURE (°F), RAIN  (in), WIND SPEED (mph)

                                      HEAT  COOL        AVG
    MEAN                              DEG   DEG         WIND                 DOM
DAY TEMP  HIGH   TIME   LOW    TIME   DAYS  DAYS  RAIN  SPEED HIGH   TIME    DIR
------------------------------------------------------------------------------------
 1  78.1  93.6   2:30p  62.6   7:30a   0.1   4.5  0.00   0.9  12.0   6:30p     W
 2  79.5  94.3   4:30p  63.8   7:00a   0.0   4.8  0.00   1.0  11.0   7:30p     S
 3  78.3  87.6   3:30p  68.5   6:30a   0.0   4.4  0.00   1.1  17.0  11:30p    SE
 4  67.7  76.3   2:30p  54.5  12:00m   0.5   1.4  0.00   2.8  20.0  10:00a     W
 5  61.5  74.8   4:30p  48.5   7:30a   2.1   0.9  0.00   1.1  12.0   3:00p     W
 6  65.2  81.4   2:30p  45.1   7:00a   2.0   2.0  0.00   1.6  17.0   2:00p   SSE
 7  75.6  89.2   2:30p  61.0   7:00a   0.2   3.7  0.00   2.0  18.0   6:00p     S
 8  71.6  86.1   2:30p  58.1  12:00m   0.4   3.2  0.00   2.5  22.0  11:30a   WNW
 9  63.3  70.2  11:30a  54.3   7:00a   3.1   1.4  0.00   2.2  20.0  11:30a   WNW
10  64.4  72.9   1:00p  54.1  12:00m   2.5   1.9  0.00   1.8  15.0   5:00p     N
11  63.1  75.3   3:00p  47.5   7:00a   5.3   3.3  0.00   1.6  14.0   6:00p   SSE
12  60.8  64.7  12:30a  56.6  12:00m   4.2   0.0  0.75   2.1  12.0  12:30a   ESE
13  65.6  82.2   5:00p  56.2  12:00m   3.6   4.2  0.00   1.3  26.0   6:00p   WNW
14  63.6  76.6   5:00p  51.8   7:30a   4.9   3.5  0.00   1.2  18.0  12:00p   WNW
15  63.4  78.0   5:00p  49.6   7:00a   5.2   3.6  0.00   0.8  11.0  12:30p    NW
16  59.5  66.3   1:00p  54.1   1:30a   5.6   0.0  0.44   1.5   9.0   4:30a     E
17  63.8  72.9   2:00p  52.6  12:00m   3.0   1.8  0.03   2.0  15.0  10:30a     N
18  59.5  72.0   5:30p  46.7   7:30a   7.0   1.5  0.00   0.7   8.0  12:00p    NE
19  67.0  81.1   5:30p  52.5   5:30a   3.9   5.9  0.00   0.7  10.0   9:30p   WNW
20  63.3  72.0   4:00p  52.3  12:00m   3.3   1.6  0.00   2.1  16.0   4:30p     N
21  60.0  75.7   5:00p  42.1   7:00a   7.7   2.6  0.00   1.6  15.0   3:30p     S
22  69.5  89.8   3:00p  55.0   7:00a   2.2   6.8  0.05   1.0  24.0   7:30p    SE
23  72.6  85.4   4:00p  59.4   6:30a   1.3   8.9  0.00   1.1   9.0   7:00p     N
24  76.1  92.0   4:30p  65.2   5:30a   0.0  11.1  0.00   1.6  13.0   6:00p     S
25  74.7  86.0   4:00p  64.6  12:00m   0.0   9.7  0.00   1.8  17.0  11:30a   WNW
26  63.0  69.7   1:30p  56.3   7:30a   2.8   0.8  0.00   0.9  12.0   1:30p     N
27  65.7  71.1  10:30p  60.8   5:30a   1.3   2.0  0.84   3.4  16.0  10:30p     E
28  70.8  79.3   2:00p  60.8  12:00m   0.2   6.0  0.54   3.0  18.0  11:30a    SE
29  60.0  67.6   3:30p  49.8   7:30a   5.4   0.5  0.00   0.3  10.0   2:30p    NW
30  65.7  76.9   5:00p  59.4   3:30a   1.9   2.6  3.90   2.7  27.0   5:00p     N
-------------------------------------------------------------------------------------
    67.1  94.3     2    42.1    21    79.7 104.6  6.55   1.6  27.0    30     WNW

Max >=  90.0:  3
Max <=  32.0:  0
Min <=  32.0:  0
Min <=   0.0:  0
Max Rain: 3.90 ON 09/30/10
Days of Rain: 7 (>.01 in) 5 (>.1 in) 1 (>1 in)
Heat Base:  65.0  Cool Base:  65.0  Method: Integration