NOAA-Style Climate Reports

WeatherLink Software Version 6.0.3
Discontinued 1/31/2017
Select a Year or Month report
2018: Jan Feb Mar Apr May Jun Jul Aug Sep Oct Nov Dec
2017: Jan Feb Mar Apr May Jun Jul Aug Sep Oct Nov Dec
2016: Jan Feb Mar Apr May Jun Jul Aug Sep Oct Nov Dec
2015: Jan Feb Mar Apr May Jun Jul Aug Sep Oct Nov Dec
2014: Jan Feb Mar Apr May Jun Jul Aug Sep Oct Nov Dec
2013: Jan Feb Mar Apr May Jun Jul Aug Sep Oct Nov Dec
2012: Jan Feb Mar Apr May Jun Jul Aug Sep Oct Nov Dec
2011: Jan Feb Mar Apr May Jun Jul Aug Sep Oct Nov Dec
2010: Jan Feb Mar Apr May Jun Jul Aug Sep Oct Nov Dec

Report for 2012 December
                   MONTHLY CLIMATOLOGICAL SUMMARY for DEC. 2012

NAME: cvweather   CITY: Mechanicsburg   STATE: PA 
ELEV:   439 ft  LAT:  40° 13' 22" N  LONG:  77° 00' 51" W

                   TEMPERATURE (°F), RAIN  (in), WIND SPEED (mph)

                                      HEAT  COOL        AVG
    MEAN                              DEG   DEG         WIND                 DOM
DAY TEMP  HIGH   TIME   LOW    TIME   DAYS  DAYS  RAIN  SPEED HIGH   TIME    DIR
------------------------------------------------------------------------------------
 1
 2
 3
 4
 5
 6
 7
 8
 9
10
11
12
13
14  32.7  49.2   2:08p  18.9   7:10a  29.0   0.0  0.00   1.3  11.0   9:56a   WNW
15  36.1  47.8   1:56p  25.1   7:43a  25.3   0.0  0.00   2.0  11.0  11:50a   ESE
16
17
18
19
20
21  35.8  36.5   5:28p  34.7   9:01p   8.0   0.0  0.00   8.8  29.0   6:23p     W
22  35.7  38.3   1:40p  30.8  11:07p  29.3   0.0  0.00  12.6  44.0  10:40a    NW
23  33.0  45.3   1:33p  24.0  12:00m  32.0   0.0  0.00   2.2  20.0  12:05a   WSW
24  30.2  39.2   1:15p  22.2   6:42a  34.9   0.0  0.00   1.8  14.0  12:34p   ESE
25  34.4  41.8   1:17p  29.3  11:56p  30.5   0.0  0.21   2.5  14.0   7:31p    NW
26  29.2  34.2  11:57p  26.3   2:04p  35.7   0.0  0.01   4.6  22.0  11:35p   ENE
27  33.0  34.4  12:29a  32.0   6:22a  31.8   0.0  0.60   9.8  39.0  10:07a    NW
28  32.1  36.7   2:05p  24.6  10:35p  32.9   0.0  0.14   3.3  19.0   2:25a    NW
29  30.0  33.6   9:53p  26.1  12:01a  34.8   0.0  0.03   3.8  24.0   8:15p     E
30  32.3  35.0  11:22a  25.1  11:59p  32.7   0.0  0.02   9.4  35.0  12:20p    NW
31  28.2  35.6   2:12p  17.3   7:26a  36.6   0.0  0.05   1.1   9.0  12:52p   WSW
-------------------------------------------------------------------------------------
    32.5  49.2    14    17.3    31   393.5   0.0  1.06   4.9  44.0    22      NW

Max >=  90.0:  0
Max <=  32.0:  0
Min <=  32.0: 12
Min <=   0.0:  0
Max Rain: 0.60 ON 12/27/12
Days of Rain: 6 (>.01 in) 3 (>.1 in) 0 (>1 in)
Heat Base:  65.0  Cool Base:  65.0  Method: Integration