NOAA-Style Climate Reports

WeatherLink Software Version 6.0.3
Discontinued 1/31/2017
Select a Year or Month report
2018: Jan Feb Mar Apr May Jun Jul Aug Sep Oct Nov Dec
2017: Jan Feb Mar Apr May Jun Jul Aug Sep Oct Nov Dec
2016: Jan Feb Mar Apr May Jun Jul Aug Sep Oct Nov Dec
2015: Jan Feb Mar Apr May Jun Jul Aug Sep Oct Nov Dec
2014: Jan Feb Mar Apr May Jun Jul Aug Sep Oct Nov Dec
2013: Jan Feb Mar Apr May Jun Jul Aug Sep Oct Nov Dec
2012: Jan Feb Mar Apr May Jun Jul Aug Sep Oct Nov Dec
2011: Jan Feb Mar Apr May Jun Jul Aug Sep Oct Nov Dec
2010: Jan Feb Mar Apr May Jun Jul Aug Sep Oct Nov Dec

Report for 2013
                            ANNUAL CLIMATOLOGICAL SUMMARY

NAME: cvweather  CITY: Mechanicsburg   STATE: PA  
ELEV:   439 ft  LAT:  40° 13' 22" N  LONG:  77° 00' 51" W

               TEMPERATURE (°F), HEAT BASE 65.0, COOL BASE 65.0
                          DEP.  HEAT  COOL                                          
        MEAN  MEAN        FROM  DEG   DEG                        MAX  MAX  MIN  MIN 
 YR MO  MAX   MIN   MEAN  NORM  DAYS  DAYS  HI  DATE  LOW  DATE  >=90 <=32 <=32 <=0 
------------------------------------------------------------------------------------
 13  1  39.4  24.7  31.9   0.0  1151     0  64.3  30   5.8   23    0    6   24    0
 13  2  38.4  23.6  31.2   0.0   944     0  49.5  27  12.2    2    0    4   26    0
 13  3  46.8  29.9  37.9   0.0   879     0  62.5  10  23.2    5    0    0   22    0
 13  4  63.8  40.8  51.9   0.0   436    29  89.1  10  20.0    4    0    0    7    0
 13  5  72.8  49.3  61.0   0.0   216    94  90.8  31  29.9   14    1    0    1    0
 13  6  81.5  60.3  70.7   0.0    37   211  91.5  24  47.2    4    3    0    0    0
 13  7  86.9  66.9  75.7   0.0    24   369  97.6  18  51.6   25    9    0    0    0
 13  8  81.9  60.9  70.6   0.0    42   222  88.2  27  47.6   15    0    0    0    0
 13  9  77.1  51.3  63.2   0.0   164   115  95.1  11  38.3   18    2    0    0    0
 13 10  66.0  44.5  55.2   0.0   371    44  87.0   4  26.9   26    0    0    5    0
 13 11  49.1  30.5  40.2   0.0   745     1  70.3   1  13.5   30    0    1   19    0
 13 12  41.2  24.8  33.2   0.0  1008     0  66.7  22  13.3   13    0    6   25    0
------------------------------------------------------------------------------------
        62.2  42.4  52.0   0.0  6017  1086  97.6 JUL   5.8  JAN   15   17  129    0

                                PRECIPITATION (in)

               DEP.   MAX        DAYS OF RAIN 
               FROM   OBS.          OVER
 YR MO  TOTAL  NORM   DAY  DATE .01   .1   1
---------------------------------------------
 13  1  3.30   0.00  1.28   30   13    8    1
 13  2  1.83   0.00  0.71   26   13    5    0
 13  3  2.24   0.00  0.49   12    9    7    0
 13  4  2.18   0.00  1.01   19    8    5    1
 13  5  2.45   0.00  0.51   23   16    7    0
 13  6  5.35   0.00  1.84   27   11    6    2
 13  7  2.25   0.00  0.53   27   10    6    0
 13  8  2.72   0.00  1.31   13   11    5    1
 13  9  1.90   0.00  0.67   21    5    4    0
 13 10  6.83   0.00  3.87   11    6    4    2
 13 11  2.57   0.00  1.46   26    8    4    1
 13 12  3.27   0.00  1.05    6   12    6    1
---------------------------------------------
       36.89  0.00  3.87  OCT  122   67    9

                                WIND SPEED (mph)
                          DOM
 YR MO   AVG.  HI   DATE  DIR
---------------------------------
 13  1   3.1  40.0   31    NW
 13  2   4.1  40.0   17    NW
 13  3   5.2  35.0   14    NW
 13  4   4.0  40.0   10    NW
 13  5   2.8  32.0   22   ESE
 13  6   2.3  36.0   25   SSE
 13  7   2.0  27.0    7   SSE
 13  8   1.6  22.0    4   SSE
 13  9   1.7  32.0   12    NW
 13 10   1.9  29.0    7   SSE
 13 11   3.7  40.0    1    NW
 13 12   2.3  30.0   31    NW
---------------------------------
         2.9  40.0  JAN   NW