NOAA-Style Climate Reports

WeatherLink Software Version 6.0.3
Discontinued 1/31/2017
Select a Year or Month report
2018: Jan Feb Mar Apr May Jun Jul Aug Sep Oct Nov Dec
2017: Jan Feb Mar Apr May Jun Jul Aug Sep Oct Nov Dec
2016: Jan Feb Mar Apr May Jun Jul Aug Sep Oct Nov Dec
2015: Jan Feb Mar Apr May Jun Jul Aug Sep Oct Nov Dec
2014: Jan Feb Mar Apr May Jun Jul Aug Sep Oct Nov Dec
2013: Jan Feb Mar Apr May Jun Jul Aug Sep Oct Nov Dec
2012: Jan Feb Mar Apr May Jun Jul Aug Sep Oct Nov Dec
2011: Jan Feb Mar Apr May Jun Jul Aug Sep Oct Nov Dec
2010: Jan Feb Mar Apr May Jun Jul Aug Sep Oct Nov Dec

Report for 2013 January
                   MONTHLY CLIMATOLOGICAL SUMMARY for JAN. 2013

NAME: cvweather   CITY: Mechanicsburg   STATE: PA 
ELEV:   439 ft  LAT:  40° 13' 22" N  LONG:  77° 00' 51" W

                   TEMPERATURE (°F), RAIN  (in), WIND SPEED (mph)

                                      HEAT  COOL        AVG
    MEAN                              DEG   DEG         WIND                 DOM
DAY TEMP  HIGH   TIME   LOW    TIME   DAYS  DAYS  RAIN  SPEED HIGH   TIME    DIR
------------------------------------------------------------------------------------
 1  36.6  38.0  11:22a  29.4  11:58p 156.4   0.0  0.10   2.4  16.0   6:01p    NW
 2  26.4  30.6   1:36p  21.8   8:49p  38.5   0.0  0.00   4.9  20.0  11:48a    NW
 3  25.5  33.6  11:52p  15.9   7:32a  39.5   0.0  0.00   1.6  16.0  11:22p    NW
 4  33.3  37.7   3:04p  30.6  11:44p  31.6   0.0  0.00   5.6  22.0   1:53p     W
 5  31.1  37.6   2:59p  26.3   8:09p  33.8   0.0  0.01   2.9  23.0   9:15a    NW
 6  35.5  43.9   1:28p  26.1   5:37a  29.3   0.0  0.01   1.7  16.0   2:04p     W
 7  35.4  41.3  12:21p  22.4  11:38p  29.5   0.0  0.00   3.7  17.0   1:35a    NW
 8  28.8  43.1   2:34p  18.0   7:38a  36.1   0.0  0.00   0.5   6.0  11:37a     W
 9  29.3  42.3  10:50p  19.9   5:31a  35.4   0.0  0.00   1.1  14.0  11:37p   WSW
10  39.0  46.1   1:46p  33.0  11:52p  25.9   0.0  0.00   2.9  22.0   2:07a    NW
11  37.2  43.2   1:17p  29.5   3:59a  27.8   0.0  0.43   1.7  11.0  11:28a   ESE
12  42.5  49.5   2:25p  38.5   6:05a  22.4   0.0  0.01   0.8   8.0   7:43p     E
13  44.7  47.9   1:10p  41.5   6:23a  20.3   0.0  0.02   2.4  11.0  12:06p     E
14  45.9  50.5  10:05a  35.0  11:59p  19.0   0.0  0.16   3.9  22.0   9:59a    NW
15  35.2  37.1   1:54p  32.0  11:17p  29.7   0.0  0.20   1.9  10.0   3:29p     N
16  32.0  32.8  10:13p  31.4   2:43a  32.9   0.0  0.18   0.7   9.0  11:26a    SE
17  34.8  39.4   1:58p  32.1  11:58p  30.1   0.0  0.12   2.2  16.0   7:19a    NW
18  29.0  35.4   1:29a  24.7  10:35p  36.0   0.0  0.00   6.0  29.0   4:46a    NW
19  35.6  51.5   2:37p  19.7   7:36a  29.4   0.0  0.08   3.1  19.0   3:27p     S
20  36.1  51.0  11:03a  25.3  12:00m  28.8   0.0  0.00   5.9  32.0  11:20a    NW
21  26.7  34.4   2:30p  21.2   3:33a  38.2   0.0  0.00   4.0  25.0  11:06p    NW
22  15.5  21.6  12:01a  10.9  11:55p  49.2   0.0  0.00   7.6  31.0  12:29a    NW
23  12.3  20.0   2:42p   5.8   5:15a  52.5   0.0  0.00   2.5  18.0  12:25p   WSW
24  17.2  24.6   2:08p   9.4   2:06a  47.5   0.0  0.00   4.6  25.0   1:49p    NW
25  14.9  19.0  12:19p  10.3   3:37a  49.8   0.0  0.00   1.3  10.0  12:27p    NW
26  20.8  29.3   3:21p  11.7   5:29a  43.9   0.0  0.06   1.4  13.0   3:29p    NW
27  25.7  33.6   4:31p  16.1   7:15a  39.2   0.0  0.01   1.5  10.0   4:15a   WNW
28  30.6  33.6  10:09p  24.7  12:01a  34.3   0.0  0.15   1.3  10.0   8:04a     S
29  42.5  55.9   3:24p  33.3  12:01a  22.5   0.0  0.09   1.8  11.0   8:27p     E
30  50.8  64.3   1:56p  41.1   2:57a  14.2   0.0  1.28   4.1  20.0  12:09p     E
31  37.9  54.0  12:01a  27.0  11:45p  27.0   0.0  0.39   9.2  40.0   4:16a     W
-------------------------------------------------------------------------------------
    31.9  64.3    30     5.8    23  1150.7   0.0  3.30   3.1  40.0    31      NW

Max >=  90.0:  0
Max <=  32.0:  6
Min <=  32.0: 24
Min <=   0.0:  0
Max Rain: 1.28 ON 01/30/13
Days of Rain: 13 (>.01 in) 8 (>.1 in) 1 (>1 in)
Heat Base:  65.0  Cool Base:  65.0  Method: Integration