NOAA-Style Climate Reports

WeatherLink Software Version 6.0.3
Discontinued 1/31/2017
Select a Year or Month report
2018: Jan Feb Mar Apr May Jun Jul Aug Sep Oct Nov Dec
2017: Jan Feb Mar Apr May Jun Jul Aug Sep Oct Nov Dec
2016: Jan Feb Mar Apr May Jun Jul Aug Sep Oct Nov Dec
2015: Jan Feb Mar Apr May Jun Jul Aug Sep Oct Nov Dec
2014: Jan Feb Mar Apr May Jun Jul Aug Sep Oct Nov Dec
2013: Jan Feb Mar Apr May Jun Jul Aug Sep Oct Nov Dec
2012: Jan Feb Mar Apr May Jun Jul Aug Sep Oct Nov Dec
2011: Jan Feb Mar Apr May Jun Jul Aug Sep Oct Nov Dec
2010: Jan Feb Mar Apr May Jun Jul Aug Sep Oct Nov Dec

Report for 2013 February
                   MONTHLY CLIMATOLOGICAL SUMMARY for FEB. 2013

NAME: cvweather   CITY: Mechanicsburg   STATE: PA 
ELEV:   439 ft  LAT:  40° 13' 22" N  LONG:  77° 00' 51" W

                   TEMPERATURE (°F), RAIN  (in), WIND SPEED (mph)

                                      HEAT  COOL        AVG
    MEAN                              DEG   DEG         WIND                 DOM
DAY TEMP  HIGH   TIME   LOW    TIME   DAYS  DAYS  RAIN  SPEED HIGH   TIME    DIR
------------------------------------------------------------------------------------
 1  23.6  27.2  12:01a  16.7  11:50p  41.2   0.0  0.00   7.7  34.0  12:54p    NW
 2  19.4  24.7   2:59p  12.2   7:02a  45.3   0.0  0.00   2.9  17.0   4:14p   WSW
 3  23.6  30.4   2:38p  14.4   2:36a  41.1   0.0  0.02   2.3  26.0  10:30p     S
 4  26.3  32.1   4:24p  20.7   6:38a  38.7   0.0  0.00   4.1  22.0  12:31a   WSW
 5  29.7  32.3   3:02p  27.1   6:08a  35.2   0.0  0.04   1.1   9.0   3:09p     E
 6  31.2  39.1   3:13p  22.5  11:52p  33.6   0.0  0.02   3.0  18.0   2:44p    NW
 7  29.1  36.0   2:24p  19.6   4:00a  35.8   0.0  0.00   3.1  13.0   3:38p   ESE
 8  32.7  38.2   1:51p  28.3  11:58p  32.3   0.0  0.06   4.3  35.0  11:16p    NW
 9  28.2  36.5   3:59p  21.1  11:58p  36.7   0.0  0.00   8.6  34.0   1:00a    NW
10  29.7  43.1   3:57p  14.1   7:08a  35.3   0.0  0.01   2.4  16.0   3:21p   SSE
11  38.3  45.1   4:37p  31.9   4:23a  26.6   0.0  0.27   2.9  21.0  10:39p     S
12  38.6  44.1  12:50p  27.3  12:00m  26.4   0.0  0.00   5.9  32.0   2:11a    NW
13  31.5  40.5   1:40p  20.7   6:55a  33.4   0.0  0.02   1.2  11.0  11:12a     N
14  35.5  45.5   4:00p  25.8   6:57a  29.5   0.0  0.12   2.3  11.0   2:15p     S
15  38.2  49.2   1:49p  26.9   7:07a  26.8   0.0  0.15   2.3  19.0   4:39p    NW
16  31.6  37.3   1:21p  29.2   6:05a  33.3   0.0  0.00   2.7  16.0  11:46p   NNW
17  25.2  30.2  12:42p  20.0  11:52p  39.7   0.0  0.00   9.7  40.0   4:12p    NW
18  27.0  38.5   3:38p  17.2   6:57a  37.8   0.0  0.00   4.0  22.0   2:33a    NW
19  32.8  40.6   3:50p  23.8   2:49a  32.2   0.0  0.10   3.9  24.0  11:10p     S
20  26.6  33.0  12:01a  21.7   8:37a  38.4   0.0  0.00   9.2  27.0  12:30p    NW
21  27.4  34.3   3:37p  21.6   2:51a  37.5   0.0  0.00   7.6  28.0  10:00a    NW
22  28.9  33.2   2:21p  23.3   5:15a  35.9   0.0  0.00   3.4  15.0  10:17a    SE
23  35.5  41.0   4:33p  31.5  12:01a  29.4   0.0  0.02   1.1   7.0  12:01a     E
24  35.8  42.6  12:15p  29.8  10:48p  29.2   0.0  0.00   5.6  26.0   2:10p    NW
25  33.7  46.7   3:34p  21.8   6:15a  31.3   0.0  0.00   2.1  14.0   9:10a   WNW
26  33.5  41.0  12:49p  24.0   3:26a  31.4   0.0  0.71   5.0  25.0   7:39p     E
27  40.8  49.5   2:29p  34.4  12:39a  24.1   0.0  0.27   3.9  27.0   3:36p   WSW
28  38.6  43.7   9:43a  32.7   6:34a  26.3   0.0  0.02   3.8  18.0   2:27p     W
-------------------------------------------------------------------------------------
    31.2  49.5    27    12.2     2   944.4   0.0  1.83   4.1  40.0    17      NW

Max >=  90.0:  0
Max <=  32.0:  4
Min <=  32.0: 26
Min <=   0.0:  0
Max Rain: 0.71 ON 02/26/13
Days of Rain: 13 (>.01 in) 5 (>.1 in) 0 (>1 in)
Heat Base:  65.0  Cool Base:  65.0  Method: Integration