NOAA-Style Climate Reports

WeatherLink Software Version 6.0.3
Discontinued 1/31/2017
Select a Year or Month report
2018: Jan Feb Mar Apr May Jun Jul Aug Sep Oct Nov Dec
2017: Jan Feb Mar Apr May Jun Jul Aug Sep Oct Nov Dec
2016: Jan Feb Mar Apr May Jun Jul Aug Sep Oct Nov Dec
2015: Jan Feb Mar Apr May Jun Jul Aug Sep Oct Nov Dec
2014: Jan Feb Mar Apr May Jun Jul Aug Sep Oct Nov Dec
2013: Jan Feb Mar Apr May Jun Jul Aug Sep Oct Nov Dec
2012: Jan Feb Mar Apr May Jun Jul Aug Sep Oct Nov Dec
2011: Jan Feb Mar Apr May Jun Jul Aug Sep Oct Nov Dec
2010: Jan Feb Mar Apr May Jun Jul Aug Sep Oct Nov Dec

Report for 2013 March
                   MONTHLY CLIMATOLOGICAL SUMMARY for MAR. 2013

NAME: cvweather   CITY: Mechanicsburg   STATE: PA 
ELEV:   439 ft  LAT:  40° 13' 22" N  LONG:  77° 00' 51" W

                   TEMPERATURE (°F), RAIN  (in), WIND SPEED (mph)

                                      HEAT  COOL        AVG
    MEAN                              DEG   DEG         WIND                 DOM
DAY TEMP  HIGH   TIME   LOW    TIME   DAYS  DAYS  RAIN  SPEED HIGH   TIME    DIR
------------------------------------------------------------------------------------
 1  38.0  43.0  12:18p  33.1   6:31a  27.0   0.0  0.00   6.2  20.0   8:42a    NW
 2  33.5  39.3   1:56p  29.9   6:35a  31.5   0.0  0.00   6.7  19.0  11:38p    NW
 3  31.1  35.1   1:12p  28.0   4:58a  33.8   0.0  0.00   8.7  24.0   7:45p    NW
 4  30.5  37.9   3:25p  25.3   4:53a  34.5   0.0  0.00   8.9  27.0   1:10p    NW
 5  33.5  44.1   3:18p  23.2   6:35a  31.4   0.0  0.00   3.2  15.0  12:31a    NW
 6  37.4  43.0   4:26p  32.2   5:41a  27.6   0.0  0.34   6.4  23.0  12:25p     N
 7  40.3  49.4   2:35p  35.7   2:15a  30.2   0.0  0.00   7.0  25.0  11:13a   NNW
 8  39.6  47.8   1:55p  32.9   3:57a  25.6   0.0  0.00   8.4  31.0   8:42a   NNW
 9  42.7  60.0   3:25p  29.8   6:22a  22.3   0.0  0.00   2.9  21.0   3:17a     N
10  45.4  62.5   2:23p  25.7   5:44a  18.8   0.0  0.00   4.4  19.0   2:40p   SSE
11  48.4  59.3   3:50p  37.5   6:25a  16.5   0.0  0.03   5.7  25.0  10:11p    SE
12  48.6  53.9   6:29a  39.9  11:29p  16.4   0.0  0.49   6.4  24.0   4:38p    NW
13  38.1  46.2  11:59a  27.9   7:38a  26.9   0.0  0.00   5.8  25.0  12:59p    NW
14  33.3  41.1   3:13p  29.7   7:30a  43.7   0.0  0.00  11.0  35.0   8:55a    NW
15  41.0  53.5   4:18p  26.3   7:44a  29.5   0.0  0.00   4.6  30.0   4:51p    NW
16  34.7  44.9  12:36a  31.5   6:57p  41.6   0.0  0.11   2.9  16.0  12:56a     E
17  33.1  39.1   1:37p  27.9   2:26a  31.8   0.0  0.13   1.5  14.0   1:11p   NNW
18  30.4  32.4  12:47p  26.4   2:44a  34.5   0.0  0.01   3.5  21.0  11:23a   ESE
19  38.0  52.5   4:21p  31.3  12:01a  26.9   0.0  0.49   4.6  35.0  11:31p    NW
20  37.3  47.1   3:14p  27.5   7:35a  27.7   0.0  0.00   6.0  25.0  12:31a    NW
21  30.1  35.8   3:56p  24.9   7:47a  40.0   0.0  0.00   5.6  26.0   1:17p    NW
22  32.7  41.1   1:45p  25.6   1:53a  32.3   0.0  0.00   6.1  23.0  11:26a    NW
23  36.5  46.6   2:49p  30.0   3:08a  28.5   0.0  0.00   6.4  24.0   3:06p    NW
24  35.8  44.8   3:43p  23.2   6:54a  29.2   0.0  0.00   1.8  17.0  11:56p   WSW
25  34.3  39.7  12:01a  31.9   7:00a  30.7   0.0  0.42   2.0  18.0  12:06a     W
26  40.0  51.3   3:06p  30.5   5:50a  25.0   0.0  0.04   5.0  21.0  12:31p    NW
27  41.3  49.9   2:39p  36.6   4:53a  23.6   0.0  0.00   7.4  28.0  10:51a    NW
28  41.4  49.0   4:13p  34.4   1:10a  23.5   0.0  0.00   5.7  21.0   4:30p    NW
29  43.8  54.5   2:06p  33.6  11:59p  21.2   0.0  0.00   4.8  23.0   2:07p    NW
30  42.1  58.0   3:01p  25.0   6:52a  22.8   0.0  0.00   1.7  16.0   1:34p     W
31  40.8  48.2   4:36p  29.7   3:05a  24.1   0.0  0.18   1.4   8.0   5:14p    NE
-------------------------------------------------------------------------------------
    37.9  62.5    10    23.2     5   879.1   0.0  2.24   5.2  35.0    14      NW

Max >=  90.0:  0
Max <=  32.0:  0
Min <=  32.0: 22
Min <=   0.0:  0
Max Rain: 0.49 ON 03/12/13
Days of Rain: 9 (>.01 in) 7 (>.1 in) 0 (>1 in)
Heat Base:  65.0  Cool Base:  65.0  Method: Integration