NOAA-Style Climate Reports

WeatherLink Software Version 6.0.3
Discontinued 1/31/2017
Select a Year or Month report
2018: Jan Feb Mar Apr May Jun Jul Aug Sep Oct Nov Dec
2017: Jan Feb Mar Apr May Jun Jul Aug Sep Oct Nov Dec
2016: Jan Feb Mar Apr May Jun Jul Aug Sep Oct Nov Dec
2015: Jan Feb Mar Apr May Jun Jul Aug Sep Oct Nov Dec
2014: Jan Feb Mar Apr May Jun Jul Aug Sep Oct Nov Dec
2013: Jan Feb Mar Apr May Jun Jul Aug Sep Oct Nov Dec
2012: Jan Feb Mar Apr May Jun Jul Aug Sep Oct Nov Dec
2011: Jan Feb Mar Apr May Jun Jul Aug Sep Oct Nov Dec
2010: Jan Feb Mar Apr May Jun Jul Aug Sep Oct Nov Dec

Report for 2013 April
                   MONTHLY CLIMATOLOGICAL SUMMARY for APR. 2013

NAME: cvweather   CITY: Mechanicsburg   STATE: PA 
ELEV:   439 ft  LAT:  40° 13' 22" N  LONG:  77° 00' 51" W

                   TEMPERATURE (°F), RAIN  (in), WIND SPEED (mph)

                                      HEAT  COOL        AVG
    MEAN                              DEG   DEG         WIND                 DOM
DAY TEMP  HIGH   TIME   LOW    TIME   DAYS  DAYS  RAIN  SPEED HIGH   TIME    DIR
------------------------------------------------------------------------------------
 1  43.5  55.7  10:25a  32.9  11:33p  21.5   0.0  0.01   6.1  28.0   1:52p    NW
 2  34.9  44.7   3:47p  26.0   5:02a  30.1   0.0  0.00   5.3  22.0   9:50a    NW
 3  34.7  46.8   3:29p  23.3   7:11a  30.2   0.0  0.00   6.1  31.0   3:53p    NW
 4  36.9  50.3   2:55p  20.0   6:24a  28.0   0.0  0.00   2.3  16.0   1:43p     S
 5  47.6  63.5   3:06p  31.2   5:53a  17.4   0.0  0.00   5.4  24.0   4:28p    NW
 6  42.8  53.4   5:03p  29.7   6:16a  22.2   0.0  0.00   3.8  17.0  12:29a    NW
 7  52.0  66.5   5:18p  40.5   7:01a  15.3   0.1  0.00   5.8  24.0  12:11p     S
 8  62.5  77.5   2:49p  42.9   4:19a   6.7   4.2  0.00   2.6  14.0   4:55p     S
 9  68.2  83.1   3:33p  49.8   5:03a   3.7   6.8  0.00   2.9  20.0   4:11p     S
10  71.7  89.1   3:32p  55.9   3:42a   2.2   8.9  0.01   3.7  40.0   9:02p   WSW
11  64.2  76.2   2:26p  53.0  11:59p   3.4   2.6  0.00   4.8  25.0   8:21p     E
12  47.5  53.0  12:01a  44.6  12:00m  17.5   0.0  0.52   5.7  29.0   6:14a   ESE
13  50.6  62.8   5:45p  41.8  12:00m  14.4   0.0  0.00   4.2  18.0   1:35p    NW
14  45.8  65.1   5:15p  34.4   4:59a  26.3   0.0  0.00   2.1  16.0  10:21a   SSW
15  54.5  62.6   2:57p  48.2   1:47a  10.5   0.0  0.00   5.1  17.0  12:31p     E
16  60.6  71.3   4:12p  52.4   5:50a   5.8   1.3  0.07   4.3  21.0   3:46p   SSE
17  59.6  70.0   4:16p  54.2   9:47p   6.0   0.7  0.19   1.9  12.0   8:39a     N
18  58.1  63.4   7:08p  56.0   7:25a   9.5   0.0  0.02   3.9  16.0   7:47p   ESE
19  63.0  73.8   4:40p  49.7  11:48p   4.0   2.0  1.01   6.6  29.0   2:29p     S
20  48.3  55.9   3:56p  38.5  12:00m  16.7   0.0  0.00   7.0  27.0   8:51a    NW
21  42.5  53.7   4:49p  28.9   6:21a  22.5   0.0  0.00   3.1  15.0   9:20a   NNW
22  44.8  57.2   4:31p  31.1   6:38a  20.1   0.0  0.00   4.3  22.0  10:57a   ESE
23  48.7  58.6   4:16p  41.6  12:01a  16.3   0.0  0.00   2.7  16.0  10:57a   ESE
24  55.6  74.4   3:45p  39.3   4:43a  10.9   1.5  0.15   4.3  33.0  11:30p   SSE
25  50.3  62.0   5:23p  41.6   5:01a  14.8   0.0  0.00   4.8  30.0  12:08a    NW
26  50.6  64.1   5:01p  39.0   2:06a  14.4   0.0  0.00   2.4  18.0   4:21p    NW
27  52.7  69.8   3:05p  32.7   6:37a  12.9   0.7  0.00   1.4  10.0   2:05p     S
28  54.5  67.4  12:52p  41.2   4:36a  10.6   0.1  0.01   2.9  19.0   2:13p     S
29  54.1  57.4   4:28p  50.0   7:16a  10.9   0.0  0.16   2.6  13.0   7:45p   ESE
30  56.5  65.3   5:40p  53.0   4:36a  11.4   0.0  0.03   3.2  15.0   8:33a   ESE
-------------------------------------------------------------------------------------
    51.9  89.1    10    20.0     4   436.2  28.9  2.18   4.0  40.0    10      NW

Max >=  90.0:  0
Max <=  32.0:  0
Min <=  32.0:  7
Min <=   0.0:  0
Max Rain: 1.01 ON 04/19/13
Days of Rain: 8 (>.01 in) 5 (>.1 in) 1 (>1 in)
Heat Base:  65.0  Cool Base:  65.0  Method: Integration