NOAA-Style Climate Reports

WeatherLink Software Version 6.0.3
Discontinued 1/31/2017
Select a Year or Month report
2018: Jan Feb Mar Apr May Jun Jul Aug Sep Oct Nov Dec
2017: Jan Feb Mar Apr May Jun Jul Aug Sep Oct Nov Dec
2016: Jan Feb Mar Apr May Jun Jul Aug Sep Oct Nov Dec
2015: Jan Feb Mar Apr May Jun Jul Aug Sep Oct Nov Dec
2014: Jan Feb Mar Apr May Jun Jul Aug Sep Oct Nov Dec
2013: Jan Feb Mar Apr May Jun Jul Aug Sep Oct Nov Dec
2012: Jan Feb Mar Apr May Jun Jul Aug Sep Oct Nov Dec
2011: Jan Feb Mar Apr May Jun Jul Aug Sep Oct Nov Dec
2010: Jan Feb Mar Apr May Jun Jul Aug Sep Oct Nov Dec

Report for 2013 May
                   MONTHLY CLIMATOLOGICAL SUMMARY for MAY. 2013

NAME: cvweather   CITY: Mechanicsburg   STATE: PA 
ELEV:   439 ft  LAT:  40° 13' 22" N  LONG:  77° 00' 51" W

                   TEMPERATURE (°F), RAIN  (in), WIND SPEED (mph)

                                      HEAT  COOL        AVG
    MEAN                              DEG   DEG         WIND                 DOM
DAY TEMP  HIGH   TIME   LOW    TIME   DAYS  DAYS  RAIN  SPEED HIGH   TIME    DIR
------------------------------------------------------------------------------------
 1  57.5  70.2   4:10p  39.4   6:34a   8.3   0.8  0.00   2.8  14.0  11:02a   ESE
 2  55.9  70.2   5:14p  37.7   6:27a  10.1   1.0  0.00   2.1  15.0   1:58p   ESE
 3  56.0  68.9   3:39p  43.4   6:30a  10.4   0.4  0.00   3.5  17.0  10:09a   ESE
 4  54.9  69.3   5:09p  37.1   6:36a  10.8   0.7  0.00   2.6  16.0   1:22p    SE
 5  53.2  66.0   4:11p  39.9   5:20a  11.8   0.0  0.00   3.1  17.0   3:10p    SE
 6  53.4  65.1   5:20p  38.1   5:21a  11.5   0.0  0.00   2.5  14.0   1:19p   ESE
 7  60.6  70.4   2:04p  54.3   7:32a   4.8   0.4  0.13   4.1  20.0   2:03p     E
 8  60.2  71.5   1:43p  50.9  11:57p   5.6   0.8  0.33   1.8  22.0   4:55p   ESE
 9  57.6  71.2   4:11p  46.6   3:56a   8.1   0.7  0.09   0.9  12.0   5:29p   WSW
10  63.6  77.4   1:35p  49.6   5:57a   4.8   3.4  0.35   1.4  20.0   6:20p   WSW
11  63.1  73.2   3:28p  55.8  11:58p   2.6   0.8  0.23   1.6  19.0   3:10p     S
12  54.1  61.2   2:36p  43.7  12:00m  10.8   0.0  0.03   6.3  28.0   6:53p    NW
13  45.3  56.0   3:55p  36.4   6:06a  19.7   0.0  0.00   4.3  21.0   3:39p    NW
14  47.7  62.0   2:46p  29.9   5:58a  17.3   0.0  0.03   2.1  19.0   5:17p   WSW
15  58.9  73.8   5:36p  48.7   6:21a   7.4   1.3  0.06   1.7  13.0  10:13a   SSE
16  68.2  82.5   3:43p  56.6   5:06a   2.6   5.8  0.11   2.6  19.0   5:53p     W
17  64.7  77.0   4:20p  49.8   5:53a   3.6   3.3  0.00   2.2  11.0  11:39a   NNE
18  61.9  67.8   1:26p  57.5  11:07p   3.5   0.4  0.04   2.9  19.0   5:03p   SSE
19  60.6  63.9   6:07p  57.4   3:03a   4.4   0.0  0.03   2.4  11.0   9:43a   ESE
20  69.5  82.1   3:37p  60.5   6:39a   1.4   5.8  0.02   1.4  10.0   6:42p   SSE
21  74.4  87.4   4:14p  60.2   5:43a   0.7  10.0  0.00   1.9  14.0   3:44p   SSE
22  74.8  88.5   4:05p  64.3   5:59a   0.0   9.9  0.04   2.4  32.0   7:30p   SSE
23  68.4  77.5   2:54p  61.6  11:50p   0.6   4.1  0.51   1.6  22.0   8:30p   SSE
24  53.7  61.8   1:28a  47.4  10:26p  11.3   0.0  0.10   7.4  27.0   7:07p    NW
25  54.2  66.3   4:46p  43.7   6:04a  10.9   0.1  0.00   8.6  29.0  10:13a    NW
26  57.7  71.2   4:13p  40.8   6:04a   8.4   1.1  0.00   5.2  24.0  12:18p    NW
27  56.7  70.8   3:42p  38.1   5:57a   9.5   1.2  0.00   1.3  14.0   5:00p   WNW
28  57.5  65.9   5:34p  54.5   3:52a  13.1   0.0  0.35   0.9   9.0   8:12p   ESE
29  74.0  88.4   5:07p  61.3   4:38a   1.2  13.5  0.00   1.7  20.0   2:25p    NW
30  77.4  89.9   2:41p  60.0   6:01a   0.8  17.0  0.00   1.7  12.0   4:47p   WSW
31  76.6  90.8   3:27p  62.7   5:36a   0.2  11.8  0.00   1.9  20.0   4:55p   SSE
-------------------------------------------------------------------------------------
    61.0  90.8    31    29.9    14   216.2  94.3  2.45   2.8  32.0    22     ESE

Max >=  90.0:  1
Max <=  32.0:  0
Min <=  32.0:  1
Min <=   0.0:  0
Max Rain: 0.51 ON 05/23/13
Days of Rain: 16 (>.01 in) 7 (>.1 in) 0 (>1 in)
Heat Base:  65.0  Cool Base:  65.0  Method: Integration