NOAA-Style Climate Reports

WeatherLink Software Version 6.0.3
Discontinued 1/31/2017
Select a Year or Month report
2018: Jan Feb Mar Apr May Jun Jul Aug Sep Oct Nov Dec
2017: Jan Feb Mar Apr May Jun Jul Aug Sep Oct Nov Dec
2016: Jan Feb Mar Apr May Jun Jul Aug Sep Oct Nov Dec
2015: Jan Feb Mar Apr May Jun Jul Aug Sep Oct Nov Dec
2014: Jan Feb Mar Apr May Jun Jul Aug Sep Oct Nov Dec
2013: Jan Feb Mar Apr May Jun Jul Aug Sep Oct Nov Dec
2012: Jan Feb Mar Apr May Jun Jul Aug Sep Oct Nov Dec
2011: Jan Feb Mar Apr May Jun Jul Aug Sep Oct Nov Dec
2010: Jan Feb Mar Apr May Jun Jul Aug Sep Oct Nov Dec

Report for 2013 June
                   MONTHLY CLIMATOLOGICAL SUMMARY for JUN. 2013

NAME: cvweather   CITY: Mechanicsburg   STATE: PA 
ELEV:   439 ft  LAT:  40° 13' 22" N  LONG:  77° 00' 51" W

                   TEMPERATURE (°F), RAIN  (in), WIND SPEED (mph)

                                      HEAT  COOL        AVG
    MEAN                              DEG   DEG         WIND                 DOM
DAY TEMP  HIGH   TIME   LOW    TIME   DAYS  DAYS  RAIN  SPEED HIGH   TIME    DIR
------------------------------------------------------------------------------------
 1  77.1  90.1   4:28p  62.5   6:18a   0.2  12.3  0.00   1.7  15.0   4:56p   SSE
 2  75.9  85.1   3:55p  67.7   6:36a   0.0  10.8  0.00   2.7  19.0   5:17p     S
 3  71.0  78.6  11:30a  62.0  12:00m   0.1   6.0  0.05   3.0  14.0   6:34p    NW
 4  62.7  76.7   5:17p  47.2   5:46a   5.0   2.8  0.00   2.1  14.0  10:30a    NW
 5  64.5  78.4   4:09p  47.7   5:43a   4.7   4.2  0.00   2.4  15.0   5:23p   SSE
 6  63.4  65.8   2:20a  60.1   6:31p   1.7   0.0  0.42   2.5  14.0   6:42p   ESE
 7  62.9  64.8   3:09p  60.9   3:40a   2.1   0.0  0.38   2.4  11.0   2:15a    NE
 8  67.2  76.5   5:31p  58.2  11:58p   0.9   3.2  0.00   3.4  15.0   9:51a    NW
 9  68.9  81.0   3:03p  54.2   5:12a   3.2   7.1  0.00   1.4  13.0   4:52p   SSE
10  69.7  75.4   5:55p  66.1   8:40a   0.0   4.7  1.70   2.6  15.0   8:01p   ESE
11  70.3  78.9   2:57p  59.7   6:12a   0.7   6.7  0.00   3.9  21.0   3:17p    NW
12  73.0  81.8   4:02p  64.4   6:26a   0.0   8.0  0.00   2.6  13.0   1:34p   WNW
13  70.9  81.9   1:52p  64.1  11:59p   0.0   5.9  0.68   5.1  28.0   2:13p    NW
14  67.3  79.3   3:59p  58.9   2:26a   1.9   4.2  0.01   4.9  19.0   2:37a   NNW
15  68.2  81.2   3:35p  53.7   6:15a   2.9   6.0  0.00   2.5  15.0   2:35p   WNW
16  67.9  79.6   1:37p  55.5   2:16a   2.3   5.8  0.00   1.9  21.0   5:03p   WSW
17  74.0  86.2   2:11p  62.7   6:00a   0.2   9.2  0.00   1.9  13.0   5:24p    NW
18  70.2  78.2  10:22a  60.8   6:03a   0.8   6.0  0.04   0.8   9.0   7:58p     N
19  68.1  79.8   4:49p  57.2  11:59p   1.5   4.7  0.00   2.1  12.0   2:30p   NNW
20  65.1  79.9   4:46p  52.0   5:49a   5.8   6.0  0.00   2.2  15.0  12:28p   SSE
21  71.3  84.0   3:37p  58.0   6:16a   1.1   7.4  0.00   2.4  14.0   7:04p   SSE
22  73.2  86.7   2:52p  56.9   6:04a   1.4   9.6  0.00   1.9  13.0   6:10p   SSE
23  75.8  85.6   5:03p  64.5   5:21a   0.0  10.8  0.00   1.7  12.0   1:13p   SSE
24  78.2  91.5   5:01p  65.0   5:32a   0.0  13.2  0.00   1.8  17.0   2:24p   WSW
25  78.1  91.1   2:18p  65.4   5:42a   0.0  13.1  0.12   2.2  36.0   9:11p   WSW
26  74.3  87.8   2:48p  64.5   5:19a   0.0   9.3  0.03   1.7  21.0   4:55p     W
27  72.2  83.9   1:33p  64.9   5:36a   0.0   7.2  1.84   1.8  19.0   4:27p   SSE
28  73.8  84.6   1:58p  67.2   2:23a   0.0   8.8  0.00   1.7  12.0  11:24a   SSE
29  73.4  84.4   2:50p  63.5   5:07a   0.2   8.5  0.02   1.5  14.0   3:50p   WNW
30  73.9  86.4   2:51p  63.2   4:34a   0.2   9.1  0.06   1.5  18.0   5:45p   SSE
-------------------------------------------------------------------------------------
    70.7  91.5    24    47.2     4    36.9 210.6  5.35   2.3  36.0    25     SSE

Max >=  90.0:  3
Max <=  32.0:  0
Min <=  32.0:  0
Min <=   0.0:  0
Max Rain: 1.84 ON 06/27/13
Days of Rain: 11 (>.01 in) 6 (>.1 in) 2 (>1 in)
Heat Base:  65.0  Cool Base:  65.0  Method: Integration