NOAA-Style Climate Reports

WeatherLink Software Version 6.0.3
Discontinued 1/31/2017
Select a Year or Month report
2018: Jan Feb Mar Apr May Jun Jul Aug Sep Oct Nov Dec
2017: Jan Feb Mar Apr May Jun Jul Aug Sep Oct Nov Dec
2016: Jan Feb Mar Apr May Jun Jul Aug Sep Oct Nov Dec
2015: Jan Feb Mar Apr May Jun Jul Aug Sep Oct Nov Dec
2014: Jan Feb Mar Apr May Jun Jul Aug Sep Oct Nov Dec
2013: Jan Feb Mar Apr May Jun Jul Aug Sep Oct Nov Dec
2012: Jan Feb Mar Apr May Jun Jul Aug Sep Oct Nov Dec
2011: Jan Feb Mar Apr May Jun Jul Aug Sep Oct Nov Dec
2010: Jan Feb Mar Apr May Jun Jul Aug Sep Oct Nov Dec

Report for 2013 July
                   MONTHLY CLIMATOLOGICAL SUMMARY for JUL. 2013

NAME: cvweather   CITY: Mechanicsburg   STATE: PA 
ELEV:   439 ft  LAT:  40° 13' 22" N  LONG:  77° 00' 51" W

                   TEMPERATURE (°F), RAIN  (in), WIND SPEED (mph)

                                      HEAT  COOL        AVG
    MEAN                              DEG   DEG         WIND                 DOM
DAY TEMP  HIGH   TIME   LOW    TIME   DAYS  DAYS  RAIN  SPEED HIGH   TIME    DIR
------------------------------------------------------------------------------------
 1  75.7  84.5   5:40p  70.9   3:25a   0.0  10.7  0.01   2.2  15.0   2:05p   SSE
 2  76.8  83.4   1:08p  73.2   3:39a   0.0  11.8  0.02   3.9  20.0   5:24p   SSE
 3  76.7  85.2   5:11p  71.5   6:42a   0.0  11.7  0.06   2.9  14.0   9:47a   SSE
 4  79.6  88.8   4:12p  72.1   5:26a   0.0  14.5  0.00   2.8  16.0   4:14p   SSE
 5  80.4  89.5   2:27p  69.9   6:05a   0.0  15.3  0.00   2.8  16.0   2:31p   SSE
 6  81.7  92.5   3:23p  70.0   6:08a   0.0  16.7  0.00   1.5  11.0   5:29p   SSE
 7  76.2  91.8   3:46p  67.6  11:37p   0.0  12.7  0.12   1.9  27.0   4:37p   WSW
 8  74.8  84.4  12:22p  66.9   3:51a   0.0   9.8  0.00   1.6  24.0  12:57p     W
 9  74.0  83.1  12:04p  67.4   5:08a   0.0   9.0  0.00   1.1  20.0   1:38p     W
10  76.9  88.4   4:10p  68.4   5:02a   0.0  11.9  0.00   1.4  17.0   1:04p   WSW
11  76.3  87.4   3:00p  68.1  11:41p   0.0  11.3  0.00   2.8  16.0  11:29a    NW
12  70.8  75.9   5:47p  66.7   6:34a   0.0   5.8  0.06   1.6  11.0  10:40a     N
13  74.2  83.5   3:15p  67.6   5:59a   0.0   9.2  0.21   2.1  12.0  11:06a   SSE
14  80.4  91.6   4:02p  71.5   2:52a   0.0  15.4  0.00   1.7  15.0  11:49a   SSE
15  81.7  94.8   3:06p  67.8   6:03a   0.0  16.7  0.00   1.8  12.0   2:41p   WNW
16  83.4  94.2   5:22p  73.2   5:35a   0.0  18.4  0.00   2.1  15.0  12:08p     N
17  83.6  96.7   4:54p  71.2   5:47a   0.0  18.6  0.00   1.8  16.0   2:26p    NW
18  81.6  97.6   3:20p  73.2   6:05a   0.0  22.7  0.18   1.4  20.0   5:32p   WSW
19  80.8  96.7   3:11p  72.5  12:00m   0.0  15.8  0.49   2.0  25.0   5:06p     W
20  78.9  90.2   4:25p  69.9   5:15a   0.0  13.9  0.00   2.6  19.0   2:59p   WSW
21  77.7  85.9   5:12p  69.7   6:41a   0.0  12.7  0.00   0.8   8.0  12:01a     W
22  75.6  85.4  12:55p  69.2   4:59a   0.0  10.6  0.49   1.7  20.0   6:39p   NNE
23  76.7  86.4   5:18p  70.3  11:58p   0.0  11.7  0.08   2.8  21.0   2:59p     W
24  72.3  81.6   3:40p  64.3  11:44p   0.0   7.3  0.00   3.1  17.0  11:38a   NNW
25  66.1  78.4   4:03p  51.6   6:25a   2.9   4.0  0.00   2.3  13.0   1:16a     N
26  70.2  84.7   4:49p  56.1   6:28a   2.0   7.2  0.00   1.4  11.0  12:39p   WNW
27  69.2  83.4   1:38p  58.0   3:43a   1.6   5.8  0.53   2.3  21.0   4:07p   SSE
28  73.5  83.6   4:45p  67.7   2:27a   0.0   8.5  0.00   1.9  11.0  12:19p   SSE
29  69.0  81.1   4:05p  55.6   6:04a   1.8   5.8  0.00   2.0  15.0   5:55p    NW
30  69.1  82.6   4:25p  55.0   6:11a   3.6  16.5  0.00   1.0  13.0  12:19p     N
31  63.3  80.4   2:36p  57.5   6:38a  12.3   6.7  0.00   0.5  15.0   3:17p    NW
-------------------------------------------------------------------------------------
    75.7  97.6    18    51.6    25    24.2 368.7  2.25   2.0  27.0     7     SSE

Max >=  90.0:  9
Max <=  32.0:  0
Min <=  32.0:  0
Min <=   0.0:  0
Max Rain: 0.53 ON 07/27/13
Days of Rain: 10 (>.01 in) 6 (>.1 in) 0 (>1 in)
Heat Base:  65.0  Cool Base:  65.0  Method: Integration