NOAA-Style Climate Reports

WeatherLink Software Version 6.0.3
Discontinued 1/31/2017
Select a Year or Month report
2018: Jan Feb Mar Apr May Jun Jul Aug Sep Oct Nov Dec
2017: Jan Feb Mar Apr May Jun Jul Aug Sep Oct Nov Dec
2016: Jan Feb Mar Apr May Jun Jul Aug Sep Oct Nov Dec
2015: Jan Feb Mar Apr May Jun Jul Aug Sep Oct Nov Dec
2014: Jan Feb Mar Apr May Jun Jul Aug Sep Oct Nov Dec
2013: Jan Feb Mar Apr May Jun Jul Aug Sep Oct Nov Dec
2012: Jan Feb Mar Apr May Jun Jul Aug Sep Oct Nov Dec
2011: Jan Feb Mar Apr May Jun Jul Aug Sep Oct Nov Dec
2010: Jan Feb Mar Apr May Jun Jul Aug Sep Oct Nov Dec

Report for 2013 August
                   MONTHLY CLIMATOLOGICAL SUMMARY for AUG. 2013

NAME: cvweather   CITY: Mechanicsburg   STATE: PA 
ELEV:   439 ft  LAT:  40° 13' 22" N  LONG:  77° 00' 51" W

                   TEMPERATURE (°F), RAIN  (in), WIND SPEED (mph)

                                      HEAT  COOL        AVG
    MEAN                              DEG   DEG         WIND                 DOM
DAY TEMP  HIGH   TIME   LOW    TIME   DAYS  DAYS  RAIN  SPEED HIGH   TIME    DIR
------------------------------------------------------------------------------------
 1  71.8  81.5   3:45p  66.7   7:06a   0.0   6.8  0.22   1.8  12.0   2:51a   SSE
 2  71.7  84.4   1:59p  59.2   6:20a   0.9   7.5  0.00   2.0  20.0   3:41p     W
 3  69.1  79.4   4:49p  64.1  11:49p   0.1   4.2  0.11   1.3  15.0   5:48p     W
 4  67.9  80.1   4:40p  55.5   6:33a   2.1   5.0  0.00   3.6  22.0  11:37a    NW
 5  66.8  78.6   3:05p  53.2   6:31a   3.0   4.8  0.00   1.3  11.0  11:42a    NW
 6  65.8  71.3  10:23a  61.5  12:01a   0.8   1.6  0.02   1.5  13.0   2:37p   ESE
 7  68.7  77.5   4:27p  65.4   2:25a   0.0   5.1  0.28   2.1  12.0  12:30p   ESE
 8  73.7  85.6   2:15p  64.5   1:58a   0.0   8.8  0.01   1.8  21.0   7:38p   SSE
 9  77.1  85.5   3:59p  72.7  12:16a   0.0  12.1  0.09   2.4  18.0   3:31p   WSW
10  73.8  85.5   3:28p  65.4   4:25a   0.0   8.8  0.00   2.5  13.0   2:01p    NW
11  71.7  85.3   5:02p  59.5   6:32a   1.0   7.8  0.42   0.8  12.0   7:48p   SSE
12  75.2  85.6   4:09p  67.9  12:12a   0.0  10.2  0.01   1.1  10.0  12:33p     S
13  72.2  82.5   3:07p  65.9   8:03a   0.0   7.2  1.31   2.0  16.0  11:42p    NW
14  64.0  73.8   1:49p  52.6   6:50a   3.2   2.2  0.00   5.0  22.0   8:49a    NW
15  62.7  78.0   3:18p  47.6   6:41a   5.8   3.6  0.00   0.9   9.0   3:09p     W
16  64.9  79.3   3:50p  49.7   6:30a   4.8   4.7  0.00   0.9  10.0   2:54p   SSE
17  66.6  79.5   2:18p  52.0   6:29a   3.7   5.3  0.00   1.1  13.0   1:53p   SSE
18  65.8  73.0   4:58p  59.7  11:58p   0.8   1.6  0.09   0.5   7.0   4:23p   NNE
19  65.6  75.8   2:54p  57.7   3:26a   2.4   3.0  0.00   0.7   9.0   1:30p     S
20  71.4  85.6   2:58p  59.1   5:07a   1.2   7.6  0.00   1.0  12.0   2:52p   WSW
21  72.8  88.1   2:34p  56.8   6:04a   2.1   9.9  0.00   0.7   8.0   1:42p   SSE
22  76.0  86.0   4:45p  68.6   7:01a   0.0  11.0  0.09   2.0  14.0  12:04p   WSW
23  69.7  79.1   4:47p  60.0  11:59p   0.3   5.0  0.00   0.9   9.0   4:35p     N
24  66.5  81.2   3:21p  52.5   6:48a   3.8   5.3  0.00   1.3  11.0   5:28p   WSW
25  67.0  81.6   2:58p  50.3   6:04a   4.1   6.0  0.00   1.4  13.0   4:00p   SSE
26  72.9  87.0   3:36p  58.6   6:21a   1.4   9.2  0.00   1.9  15.0   3:55p     S
27  77.9  88.2   2:38p  68.1   6:01a   0.0  12.9  0.00   1.5  12.0   9:46a     W
28  74.6  82.3   2:38p  70.6   3:55a   0.0   9.6  0.05   1.4  10.0  12:50p   WSW
29  73.5  81.6   4:50p  68.1   5:55a   0.0   8.5  0.00   1.2   9.0   7:08a    NE
30  75.7  87.9   3:26p  66.8   5:34a   0.0  10.7  0.00   2.0  14.0   2:31p   SSE
31  75.6  88.1   2:42p  67.0   6:52a   0.0  16.2  0.02   0.6  11.0   3:06p   SSE
-------------------------------------------------------------------------------------
    70.6  88.2    27    47.6    15    41.5 222.2  2.72   1.6  22.0     4     SSE

Max >=  90.0:  0
Max <=  32.0:  0
Min <=  32.0:  0
Min <=   0.0:  0
Max Rain: 1.31 ON 08/13/13
Days of Rain: 11 (>.01 in) 5 (>.1 in) 1 (>1 in)
Heat Base:  65.0  Cool Base:  65.0  Method: Integration