NOAA-Style Climate Reports

WeatherLink Software Version 6.0.3
Discontinued 1/31/2017
Select a Year or Month report
2018: Jan Feb Mar Apr May Jun Jul Aug Sep Oct Nov Dec
2017: Jan Feb Mar Apr May Jun Jul Aug Sep Oct Nov Dec
2016: Jan Feb Mar Apr May Jun Jul Aug Sep Oct Nov Dec
2015: Jan Feb Mar Apr May Jun Jul Aug Sep Oct Nov Dec
2014: Jan Feb Mar Apr May Jun Jul Aug Sep Oct Nov Dec
2013: Jan Feb Mar Apr May Jun Jul Aug Sep Oct Nov Dec
2012: Jan Feb Mar Apr May Jun Jul Aug Sep Oct Nov Dec
2011: Jan Feb Mar Apr May Jun Jul Aug Sep Oct Nov Dec
2010: Jan Feb Mar Apr May Jun Jul Aug Sep Oct Nov Dec

Report for 2013 September
                   MONTHLY CLIMATOLOGICAL SUMMARY for SEP. 2013

NAME: cvweather   CITY: Mechanicsburg   STATE: PA 
ELEV:   439 ft  LAT:  40° 13' 22" N  LONG:  77° 00' 51" W

                   TEMPERATURE (°F), RAIN  (in), WIND SPEED (mph)

                                      HEAT  COOL        AVG
    MEAN                              DEG   DEG         WIND                 DOM
DAY TEMP  HIGH   TIME   LOW    TIME   DAYS  DAYS  RAIN  SPEED HIGH   TIME    DIR
------------------------------------------------------------------------------------
 1  77.4  88.2   4:05p  67.6   6:07a   0.0  15.9  0.49   1.0  18.0   9:59p   SSE
 2  74.3  88.7   3:15p  66.9   2:47a   0.0   9.3  0.10   0.9  16.0   5:56p   WSW
 3  71.3  82.3   2:27p  61.6  10:45p   0.2   6.5  0.00   4.1  20.0  12:07p    NW
 4  68.0  82.6   3:50p  54.6   5:51a   2.7   5.7  0.00   1.9  13.0   1:32p   WSW
 5  67.3  83.7   3:26p  55.8   6:38a   3.1   5.4  0.00   2.5  18.0   4:09p   NNE
 6  60.0  73.1   2:23p  47.2   6:47a   6.3   1.3  0.00   1.4  11.0  12:37a     N
 7  62.4  79.7   3:19p  43.4   7:03a   6.9   4.3  0.00   0.7  12.0   1:37p     S
 8  68.9  81.4  12:57p  60.4   7:06a   0.8   5.6  0.00   2.2  14.0   4:50p   NNE
 9  61.4  71.0   4:07p  47.0   5:35a   5.4   1.8  0.00   0.9   8.0  12:43a    SE
10  76.4  91.9   3:52p  64.1   6:42a   0.1  11.4  0.00   1.2  12.0   3:52p   SSE
11  80.3  95.1   3:37p  68.8   6:50a   0.0  15.3  0.00   1.1  16.0   7:03p     S
12  72.4  86.3   3:42p  67.3   6:01a   0.0   7.4  0.52   0.9  32.0   3:56p   SSE
13  65.5  76.0   2:59p  56.3  11:45p   2.1   2.6  0.00   4.6  18.0  10:25a    NW
14  56.5  67.0   4:01p  46.8  11:51p   8.6   0.1  0.00   3.1  15.0   1:15a    NW
15  57.8  73.7   3:15p  40.4   6:59a   9.0   1.8  0.00   1.2  12.0   2:18p   SSE
16  62.2  71.0   3:23p  55.5  11:58p   3.9   1.0  0.12   1.8  15.0  10:14p    NW
17  54.2  66.7   3:57p  41.6   7:23a  10.9   0.0  0.00   1.8  13.0  12:57a     N
18  54.4  70.4   3:36p  38.3   6:43a  11.4   0.8  0.00   1.1  12.0   2:19p   SSE
19  58.8  77.3   3:57p  40.9   6:16a   9.0   2.8  0.00   0.7  10.0   2:40p   SSE
20  64.9  80.3   3:13p  48.9   6:29a   4.9   4.8  0.00   2.4  15.0   8:33p   SSE
21  63.5  72.0   2:01p  57.0   3:30a   2.7   1.2  0.67   2.5  23.0   2:12p   SSE
22  59.5  70.4   2:51p  50.9   7:14a   5.8   0.2  0.00   3.3  23.0   1:29p    NW
23  56.0  66.3   3:20p  44.8  11:57p   9.1   0.1  0.00   3.7  16.0   1:29p   NNW
24  54.0  73.3   3:57p  38.5   6:59a  12.1   1.1  0.00   1.4  11.0   1:06p     W
25  55.1  74.5   3:10p  40.5   5:58a  11.1   1.3  0.00   0.9   9.0   2:34p    NW
26  57.5  76.3   3:52p  43.3   6:52a   9.4   1.8  0.00   0.7   8.0   2:55p    NW
27  61.4  74.6   3:43p  51.5  11:48p   5.2   1.7  0.00   1.1   9.0  11:54a   ESE
28  58.5  69.3   3:34p  50.0   1:22a   7.1   0.6  0.00   0.6   8.0  12:32p   ESE
29  56.6  72.7   3:33p  43.6   5:57a   9.5   1.1  0.00   0.8  12.0   3:01p   SSE
30  60.3  76.3   3:41p  46.2   6:24a   7.0   2.4  0.00   0.7   9.0  12:54p   SSE
-------------------------------------------------------------------------------------
    63.2  95.1    11    38.3    18   164.3 115.3  1.90   1.7  32.0    12      NW

Max >=  90.0:  2
Max <=  32.0:  0
Min <=  32.0:  0
Min <=   0.0:  0
Max Rain: 0.67 ON 09/21/13
Days of Rain: 5 (>.01 in) 4 (>.1 in) 0 (>1 in)
Heat Base:  65.0  Cool Base:  65.0  Method: Integration