NOAA-Style Climate Reports

WeatherLink Software Version 6.0.3
Discontinued 1/31/2017
Select a Year or Month report
2018: Jan Feb Mar Apr May Jun Jul Aug Sep Oct Nov Dec
2017: Jan Feb Mar Apr May Jun Jul Aug Sep Oct Nov Dec
2016: Jan Feb Mar Apr May Jun Jul Aug Sep Oct Nov Dec
2015: Jan Feb Mar Apr May Jun Jul Aug Sep Oct Nov Dec
2014: Jan Feb Mar Apr May Jun Jul Aug Sep Oct Nov Dec
2013: Jan Feb Mar Apr May Jun Jul Aug Sep Oct Nov Dec
2012: Jan Feb Mar Apr May Jun Jul Aug Sep Oct Nov Dec
2011: Jan Feb Mar Apr May Jun Jul Aug Sep Oct Nov Dec
2010: Jan Feb Mar Apr May Jun Jul Aug Sep Oct Nov Dec

Report for 2013 November
                   MONTHLY CLIMATOLOGICAL SUMMARY for OCT. 2013

NAME: cvweather   CITY: Mechanicsburg   STATE: PA 
ELEV:   439 ft  LAT:  40° 13' 22" N  LONG:  77° 00' 51" W

                   TEMPERATURE (°F), RAIN  (in), WIND SPEED (mph)

                                      HEAT  COOL        AVG
    MEAN                              DEG   DEG         WIND                 DOM
DAY TEMP  HIGH   TIME   LOW    TIME   DAYS  DAYS  RAIN  SPEED HIGH   TIME    DIR
------------------------------------------------------------------------------------
 1  63.9  79.4   3:05p  50.5   4:02a   5.3   4.2  0.00   1.6  14.0   2:10p   WNW
 2  67.5  86.1   3:41p  52.4   7:28a   3.9   6.4  0.00   1.8  15.0  11:40a   WNW
 3  67.8  80.5   3:24p  55.0   7:00a   2.5   5.3  0.00   0.6   9.0   2:22p     S
 4  70.1  87.0   3:27p  57.7   5:41a   1.9   7.0  0.00   0.8  12.0   1:20p     W
 5  71.6  84.2   1:55p  62.6   7:44a   0.2   6.5  0.09   0.6   9.0   3:45p   SSE
 6  73.4  85.9   3:59p  65.6   6:56a   0.0   8.4  0.00   4.0  22.0   8:12p   SSE
 7  64.3  72.6   9:53a  48.8  12:00m   3.7   3.0  0.64   4.2  29.0  10:24a   SSE
 8  55.0  67.1   3:29p  43.8   6:32a  10.1   0.1  0.00   2.1  14.0   3:52p   WNW
 9  51.6  60.4   1:28p  41.2   7:30a  13.4   0.0  0.00   1.5  14.0  11:52a    NE
10  53.7  57.2  11:35a  51.4  12:01a  11.3   0.0  2.03   2.9  13.0   5:22p     N
11  55.9  60.1  10:23p  53.3  10:27a   9.1   0.0  3.87   2.1  12.0  12:29a   NNW
12  63.0  69.7   4:02p  56.2   6:35a   3.0   1.1  0.00   2.5  14.0   1:04p    NE
13  60.7  66.1   2:49p  51.2  11:58p   6.0   0.1  0.00   1.9  13.0   1:52a    SE
14  56.0  67.3   3:59p  48.1   2:30a   9.1   0.1  0.00   0.6   8.0   9:41a   ESE
15  56.9  70.6   3:46p  44.7   6:49a   9.0   0.9  0.00   0.7   9.0   1:51p    SE
16  61.1  66.9   4:37p  52.3  12:40a   5.1   0.4  0.00   1.5   9.0   3:49p   SSE
17  62.7  70.0   1:13p  56.2   5:16a   3.3   0.9  0.00   1.8  18.0   8:57p   SSE
18  54.9  63.5   3:56p  42.0  11:59p  10.1   0.0  0.00   3.3  20.0  11:48a   WNW
19  50.4  60.4   2:10p  35.4   7:31a  17.2   0.0  0.17   1.5  22.0  11:54p   SSE
20  48.3  60.3   3:46p  36.8   7:29a  16.7   0.0  0.00   2.4  17.0  12:20a   WSW
21  49.0  65.1   2:49p  32.8   6:42a  16.0   0.0  0.00   1.9  24.0   2:08p   SSE
22  48.6  59.5   2:44p  36.4  11:55p  14.8   0.0  0.00   1.8  19.0   2:42p    NW
23  41.3  53.0   1:04p  31.2   7:16a  23.6   0.0  0.00   2.6  16.0   2:44p    NW
24  40.4  48.0   3:13p  31.6  11:37p  43.0   0.0  0.00   3.6  23.0  12:21p     W
25  39.6  51.6   4:20p  29.3   3:37a  25.3   0.0  0.00   3.2  17.0   1:56p     W
26  41.4  54.0   4:22p  26.9   7:01a  23.6   0.0  0.00   1.9  24.0  11:53a   SSE
27  44.9  54.8   3:17p  32.9  11:58p  20.1   0.0  0.00   2.9  19.0   3:43p    NW
28  41.8  59.1   4:22p  27.1   7:49a  23.1   0.0  0.00   0.5   9.0  12:48p    NW
29  44.6  57.2   3:52p  32.2   7:51a  20.4   0.0  0.00   0.5   9.0  11:10a     E
30  52.8  63.0   4:30p  42.1  12:36a  12.2   0.0  0.00   1.0  10.0  11:20a   ESE
31  57.4  64.1   7:07p  52.1   5:09a   7.6   0.0  0.03   2.0  15.0   8:31p     E
-------------------------------------------------------------------------------------
    55.2  87.0     4    26.9    26   370.6  44.4  6.83   1.9  29.0     7     SSE

Max >=  90.0:  0
Max <=  32.0:  0
Min <=  32.0:  5
Min <=   0.0:  0
Max Rain: 3.87 ON 10/11/13
Days of Rain: 6 (>.01 in) 4 (>.1 in) 2 (>1 in)
Heat Base:  65.0  Cool Base:  65.0  Method: Integration