NOAA-Style Climate Reports

WeatherLink Software Version 6.0.3
Discontinued 1/31/2017
Select a Year or Month report
2018: Jan Feb Mar Apr May Jun Jul Aug Sep Oct Nov Dec
2017: Jan Feb Mar Apr May Jun Jul Aug Sep Oct Nov Dec
2016: Jan Feb Mar Apr May Jun Jul Aug Sep Oct Nov Dec
2015: Jan Feb Mar Apr May Jun Jul Aug Sep Oct Nov Dec
2014: Jan Feb Mar Apr May Jun Jul Aug Sep Oct Nov Dec
2013: Jan Feb Mar Apr May Jun Jul Aug Sep Oct Nov Dec
2012: Jan Feb Mar Apr May Jun Jul Aug Sep Oct Nov Dec
2011: Jan Feb Mar Apr May Jun Jul Aug Sep Oct Nov Dec
2010: Jan Feb Mar Apr May Jun Jul Aug Sep Oct Nov Dec

Report for 2013 December
                   MONTHLY CLIMATOLOGICAL SUMMARY for DEC. 2013

NAME: cvweather   CITY: Mechanicsburg   STATE: PA 
ELEV:   439 ft  LAT:  40° 13' 22" N  LONG:  77° 00' 51" W

                   TEMPERATURE (°F), RAIN  (in), WIND SPEED (mph)

                                      HEAT  COOL        AVG
    MEAN                              DEG   DEG         WIND                 DOM
DAY TEMP  HIGH   TIME   LOW    TIME   DAYS  DAYS  RAIN  SPEED HIGH   TIME    DIR
------------------------------------------------------------------------------------
 1  28.5  34.8  10:26a  17.0   7:23a  36.4   0.0  0.00   0.3   7.0  11:31a    NW
 2  37.3  43.6   3:01p  31.9  11:05p  27.7   0.0  0.00   0.4   6.0   8:16a     E
 3  37.9  49.3   2:41p  30.1  10:42p  27.1   0.0  0.00   0.2   6.0   2:09p     E
 4  42.4  53.2   2:27p  30.5  12:11a  22.6   0.0  0.00   1.6   9.0  11:47a     E
 5  51.6  58.9   2:55p  47.4   1:49a  13.4   0.0  0.03   1.8   9.0  11:53a     E
 6  43.0  53.7   3:29a  34.2  11:59p  22.0   0.0  1.05   3.2  15.0   5:11a   NNW
 7  32.5  38.2   1:34p  26.2  11:59p  32.5   0.0  0.00   4.4  17.0   1:36p    NW
 8  25.6  28.3  11:16a  21.8   2:58a  39.3   0.0  0.00   1.8  10.0   8:00p   ESE
 9  30.8  33.9   1:03p  27.5  12:01a  34.2   0.0  0.20   0.9   8.0   7:19p   WSW
10  30.3  34.4   2:21p  23.5   9:16p  34.7   0.0  0.03   2.5  20.0   4:04p     W
11  26.2  33.4   3:25p  18.1   7:32a  38.7   0.0  0.00   2.4  18.0  10:13a    SW
12  23.0  27.3   3:09p  13.6  11:58p  41.8   0.0  0.00   4.3  21.0  10:47a    NW
13  26.0  37.0   3:04p  13.3   2:00a  38.9   0.0  0.00   2.2  18.0   9:56a    SW
14  28.6  30.5   9:40a  24.6   9:09p  36.3   0.0  0.00   3.4  19.0   6:11p     E
15  31.2  39.1  11:56a  26.7   3:02a  33.7   0.0  0.28   3.9  27.0  11:16p     W
16  25.1  31.0  12:01a  20.3   6:36a  39.8   0.0  0.00   4.1  24.0   2:06a    NW
17  23.8  28.0   3:33p  15.5  10:55p  56.6   0.0  0.00   1.9  11.0   5:28a     E
18  27.4  35.6   1:16p  18.4  12:01a  37.6   0.0  0.02   2.6  22.0  12:24p   WSW
19  28.3  41.2   3:31p  16.2   5:03a  36.6   0.0  0.09   0.4   6.0  12:22p   WSW
20  37.0  48.3   2:33p  28.2   6:19a  28.0   0.0  0.17   0.3   6.0  12:07p   WSW
21  44.1  56.1   2:20p  33.9   4:15a  20.9   0.0  0.00   0.9   9.0   6:30p    NW
22  58.5  66.7   6:08a  46.7  12:01a   6.5   0.0  0.08   2.6  23.0   3:03a     S
23  48.6  53.2   4:34a  34.0  11:53p  22.6   0.0  0.28   3.1  25.0   4:55p    NW
24  28.9  36.4  10:19a  20.5  11:59p  36.1   0.0  0.01   6.0  26.0   5:08p    NW
25  22.3  26.7  12:24p  14.1   6:55a  42.7   0.0  0.00   2.4  14.0  12:46a    NW
26  27.8  38.2   3:16p  21.6  11:57p  37.2   0.0  0.06   1.5  15.0   2:30p   SSE
27  28.6  43.5   1:19p  16.3   7:27a  36.3   0.0  0.00   0.8  17.0   1:20p   WSW
28  35.9  55.3   3:05p  19.9   6:09a  27.4   0.0  0.00   1.5  19.0   1:54p    SW
29  37.2  40.4   7:14p  34.8   4:08a  28.3   0.0  0.97   1.8  16.0   6:41p    NW
30  35.6  44.2   5:23a  24.3  12:00m  33.5   0.0  0.00   5.3  26.0  11:01a    NW
31  26.5  35.8   1:46p  18.9  11:56p  38.3   0.0  0.00   3.7  30.0   2:52p    NW
-------------------------------------------------------------------------------------
    33.2  66.7    22    13.3    13  1007.7   0.0  3.27   2.3  30.0    31      NW

Max >=  90.0:  0
Max <=  32.0:  6
Min <=  32.0: 25
Min <=   0.0:  0
Max Rain: 1.05 ON 12/06/13
Days of Rain: 12 (>.01 in) 6 (>.1 in) 1 (>1 in)
Heat Base:  65.0  Cool Base:  65.0  Method: Integration