NOAA-Style Climate Reports

WeatherLink Software Version 6.0.3
Discontinued 1/31/2017
Select a Year or Month report
2018: Jan Feb Mar Apr May Jun Jul Aug Sep Oct Nov Dec
2017: Jan Feb Mar Apr May Jun Jul Aug Sep Oct Nov Dec
2016: Jan Feb Mar Apr May Jun Jul Aug Sep Oct Nov Dec
2015: Jan Feb Mar Apr May Jun Jul Aug Sep Oct Nov Dec
2014: Jan Feb Mar Apr May Jun Jul Aug Sep Oct Nov Dec
2013: Jan Feb Mar Apr May Jun Jul Aug Sep Oct Nov Dec
2012: Jan Feb Mar Apr May Jun Jul Aug Sep Oct Nov Dec
2011: Jan Feb Mar Apr May Jun Jul Aug Sep Oct Nov Dec
2010: Jan Feb Mar Apr May Jun Jul Aug Sep Oct Nov Dec

Report for 2014
                            ANNUAL CLIMATOLOGICAL SUMMARY

NAME: cvweather  CITY: Mechanicsburg   STATE: PA  
ELEV:   439 ft  LAT:  40° 13' 22" N  LONG:  77° 00' 51" W

               TEMPERATURE (°F), HEAT BASE 65.0, COOL BASE 65.0
                          DEP.  HEAT  COOL                                          
        MEAN  MEAN        FROM  DEG   DEG                        MAX  MAX  MIN  MIN 
 YR MO  MAX   MIN   MEAN  NORM  DAYS  DAYS  HI  DATE  LOW  DATE  >=90 <=32 <=32 <=0 
------------------------------------------------------------------------------------
 14  1  31.0  12.5  22.7   0.0  1608     0  49.3  13  -2.5    7    0   15   30    3
 14  2  34.6  16.6  26.5   0.0  1028     0  54.0  22  -1.0   12    0   14   27    1
 14  3  45.6  24.8  35.2   0.0   923     0  68.0  11   4.4    4    0    4   24    0
 14  4  61.8  38.2  50.2   0.0   459    15  82.3  13  27.1   16    0    0    6    0
 14  5  73.8  49.5  61.3   0.0   194    81  86.9  27  37.1   19    0    0    0    0
 14  6  81.3  59.6  70.3   0.0    45   202  90.7  17  48.4   15    2    0    0    0
 14  7  84.2  62.3  72.4   0.0    30   262  93.4   2  49.7   30    6    0    0    0
 14  8  80.5  58.7  69.0   0.0    53   177  88.6  27  47.5   16    0    0    0    0
 14  9  76.8  54.5  64.5   0.0   129   114  90.9   6  41.3   23    1    0    0    0
 14 10  64.6  45.6  55.1   0.0   353    15  78.4  28  32.4   20    0    0    0    0
 14 11  47.8  30.2  39.4   0.0   781     1  68.8   4  11.8   22    0    1   17    0
 14 12  42.5  28.8  35.9   0.0   916     0  62.2   1  15.6   22    0    2   23    0
------------------------------------------------------------------------------------
        60.6  40.3  50.4   0.0  6516   867  93.4 JUL  -2.5  JAN    9   36  127    4

                                PRECIPITATION (in)

               DEP.   MAX        DAYS OF RAIN 
               FROM   OBS.          OVER
 YR MO  TOTAL  NORM   DAY  DATE .01   .1   1
---------------------------------------------
 14  1  1.28   0.00  0.47   11    4    4    0
 14  2  1.68   0.00  0.42    5   12    6    0
 14  3  4.17   0.00  1.61   30   10    7    2
 14  4  5.10   0.00  1.55   30   13   11    1
 14  5  3.66   0.00  1.63   16   10    7    1
 14  6  4.42   0.00  1.02   11   13   10    1
 14  7  5.77   0.00  2.75   27   11    7    2
 14  8  3.81   0.00  1.77   12   13    6    1
 14  9  1.47   0.00  0.52   30    7    4    0
 14 10  3.30   0.00  1.85   15   12    7    1
 14 11  3.11   0.00  0.71    6   10    8    0
 14 12  2.98   0.00  0.60   24   14    8    0
---------------------------------------------
       40.75  0.00  2.75  JUL  129   85    9

                                WIND SPEED (mph)
                          DOM
 YR MO   AVG.  HI   DATE  DIR
---------------------------------
 14  1   3.2  33.0   25    NW
 14  2   3.0  30.0   19    NW
 14  3   4.1  39.0   12    NW
 14  4   3.9  36.0   14    NW
 14  5   2.4  34.0   22    NW
 14  6   1.7  28.0   25   SSE
 14  7   1.6  40.0    8   SSE
 14  8   1.1  21.0    5   SSE
 14  9   1.1  23.0   22   SSE
 14 10   1.7  31.0   26    NW
 14 11   2.3  34.0    2    NW
 14 12   2.6  29.0   10    NW
---------------------------------
         2.4  40.0  JUL   NW