NOAA-Style Climate Reports

WeatherLink Software Version 6.0.3
Discontinued 1/31/2017
Select a Year or Month report
2018: Jan Feb Mar Apr May Jun Jul Aug Sep Oct Nov Dec
2017: Jan Feb Mar Apr May Jun Jul Aug Sep Oct Nov Dec
2016: Jan Feb Mar Apr May Jun Jul Aug Sep Oct Nov Dec
2015: Jan Feb Mar Apr May Jun Jul Aug Sep Oct Nov Dec
2014: Jan Feb Mar Apr May Jun Jul Aug Sep Oct Nov Dec
2013: Jan Feb Mar Apr May Jun Jul Aug Sep Oct Nov Dec
2012: Jan Feb Mar Apr May Jun Jul Aug Sep Oct Nov Dec
2011: Jan Feb Mar Apr May Jun Jul Aug Sep Oct Nov Dec
2010: Jan Feb Mar Apr May Jun Jul Aug Sep Oct Nov Dec

Report for 2014 January
                   MONTHLY CLIMATOLOGICAL SUMMARY for JAN. 2014

NAME: cvweather   CITY: Mechanicsburg   STATE: PA 
ELEV:   439 ft  LAT:  40° 13' 22" N  LONG:  77° 00' 51" W

                   TEMPERATURE (°F), RAIN  (in), WIND SPEED (mph)

                                      HEAT  COOL        AVG
    MEAN                              DEG   DEG         WIND                 DOM
DAY TEMP  HIGH   TIME   LOW    TIME   DAYS  DAYS  RAIN  SPEED HIGH   TIME    DIR
------------------------------------------------------------------------------------
 1  26.1  34.4   1:19p  16.4   2:34a  38.8   0.0  0.00   1.5  11.0  11:04p   ENE
 2  26.9  31.2  12:12p  22.2  12:00m  37.9   0.0  0.00   3.2  15.0  11:43p   ENE
 3  13.1  22.2  12:01a   3.5  11:59p  51.9   0.0  0.00   6.4  29.0   7:05a    NW
 4  13.4  26.6   3:48p   0.4   3:24a  50.8   0.0  0.00   2.0  16.0  12:14p   SSE
 5  20.6  31.9   7:10p   5.3   6:35a  52.1   0.0  0.01   1.3  10.0  10:49a   ENE
 6  28.1  37.8   5:37a   3.3  11:59p  36.8   0.0  0.25   7.5  32.0   5:40p    NW
 7   3.7   9.0   4:29p  -2.5   7:29a  60.6   0.0  0.00   6.7  24.0   2:53a   WSW
 8  13.4  21.9   3:34p   1.0   4:40a  51.0   0.0  0.00   0.8  10.0  10:14a   WSW
 9  26.1  32.2   3:29p  19.7   6:04a  38.9   0.0  0.00   1.2  10.0   4:03p   ESE
10  30.1  33.8   3:00p  26.0   4:18a  34.9   0.0  0.17   1.6   8.0   4:08a     E
11  38.2  45.1  11:41p  32.3  12:01a  26.7   0.0  0.47   2.0  16.0   1:13p     E
12  38.2  45.2  12:13a  25.0  11:48p  31.6   0.0  0.00   5.7  27.0   3:50a    NW
13  36.2  49.3   3:00p  22.9   3:16a  28.7   0.0  0.00   1.7  13.0   1:20p   SSE
14  40.0  44.6   3:53a  27.2  11:58p  24.9   0.0  0.34   0.7   9.0   3:36a    SW
15  32.0  38.7   3:52p  23.9   3:27a  32.9   0.0  0.01   1.8  17.0  11:36p    NW
16  29.6  35.1   3:07p  20.9  11:43p 230.7   0.0  0.00   2.6  16.0  12:46a    NW
17  28.5  42.8   1:36p  21.3  12:01a 115.9   0.0  0.00   1.1  10.0   4:00p   ESE
18  24.1  31.5   3:20a  13.7  11:40p  40.7   0.0  0.00   6.1  22.0   3:17p   WNW
19  26.2  37.8   4:23p  14.5  12:01a  40.3   0.0  0.01   2.3  21.0   4:17p    SW
20  31.7  41.5   2:57p  20.0   6:53a  33.1   0.0  0.00   2.1  19.0   8:28p   WNW
21  20.2  34.1  12:01a   5.9  11:58p  44.6   0.0  0.00   5.7  22.0  11:29p     N
22   7.1  13.9   4:28p  -0.2   7:18a  57.5   0.0  0.00   5.5  19.0  12:40a    NW
23  11.5  21.6   2:18p   0.3   6:25a  53.1   0.0  0.01   3.2  18.0   8:46p   WSW
24  10.8  18.1   4:13p   1.3   6:36a  54.3   0.0  0.00   3.6  17.0   3:02p     S
25  21.0  26.8   3:00p  12.9  12:22a  51.3   0.0  0.00   5.0  33.0  10:41p     S
26  20.4  25.5   9:27p  11.5   7:45a  52.2   0.0  0.00   3.3  28.0  12:24a   ENE
27  22.5  33.7  10:57a  12.7  12:00m  42.2   0.0  0.00   5.6  27.0  12:07p    NW
28   9.8  12.8   3:19p   4.7   7:06a  54.7   0.0  0.00   4.2  23.0   2:52a    NW
29  11.8  20.5   4:17p   0.7   7:48a  52.7   0.0  0.00   3.2  17.0  12:51p    SW
30  16.2  27.9   1:21p  -0.1   7:37a  48.5   0.0  0.00   2.2  14.0   3:29p     S
31  27.2  33.1   3:47p  20.1  12:01a  37.7   0.0  0.01   0.7   9.0   1:32a   SSE
-------------------------------------------------------------------------------------
    22.7  49.3    13    -2.5     7  1608.0   0.0  1.28   3.2  33.0    25      NW

Max >=  90.0:  0
Max <=  32.0: 15
Min <=  32.0: 30
Min <=   0.0:  3
Max Rain: 0.47 ON 01/11/14
Days of Rain: 4 (>.01 in) 4 (>.1 in) 0 (>1 in)
Heat Base:  65.0  Cool Base:  65.0  Method: Integration