NOAA-Style Climate Reports

WeatherLink Software Version 6.0.3
Discontinued 1/31/2017
Select a Year or Month report
2018: Jan Feb Mar Apr May Jun Jul Aug Sep Oct Nov Dec
2017: Jan Feb Mar Apr May Jun Jul Aug Sep Oct Nov Dec
2016: Jan Feb Mar Apr May Jun Jul Aug Sep Oct Nov Dec
2015: Jan Feb Mar Apr May Jun Jul Aug Sep Oct Nov Dec
2014: Jan Feb Mar Apr May Jun Jul Aug Sep Oct Nov Dec
2013: Jan Feb Mar Apr May Jun Jul Aug Sep Oct Nov Dec
2012: Jan Feb Mar Apr May Jun Jul Aug Sep Oct Nov Dec
2011: Jan Feb Mar Apr May Jun Jul Aug Sep Oct Nov Dec
2010: Jan Feb Mar Apr May Jun Jul Aug Sep Oct Nov Dec

Report for 2014 February
                   MONTHLY CLIMATOLOGICAL SUMMARY for FEB. 2014

NAME: cvweather   CITY: Mechanicsburg   STATE: PA 
ELEV:   439 ft  LAT:  40° 13' 22" N  LONG:  77° 00' 51" W

                   TEMPERATURE (°F), RAIN  (in), WIND SPEED (mph)

                                      HEAT  COOL        AVG
    MEAN                              DEG   DEG         WIND                 DOM
DAY TEMP  HIGH   TIME   LOW    TIME   DAYS  DAYS  RAIN  SPEED HIGH   TIME    DIR
------------------------------------------------------------------------------------
 1
 2  36.4  41.5   2:32p  25.3   4:28a  23.5   0.0  0.02   0.5   9.0   6:59p     N
 3  31.2  38.0  12:01a  19.3  11:22p  32.4   0.0  0.21   1.4  13.0   1:51p     N
 4  21.3  28.2   2:45p   9.6   7:05a  39.1   0.0  0.09   0.7   8.0   9:57p   ESE
 5  31.0  34.8   6:58p  25.2  12:25a  34.4   0.0  0.42   3.0  28.0   8:38p    NW
 6  25.0  30.4   4:00p  17.9   8:00a  40.0   0.0  0.13   3.4  18.0  12:30a    NW
 7  22.5  31.1   3:30p  11.7   7:30a  42.5   0.0  0.10   1.6  15.0   2:30p    SW
 8  20.4  29.2   4:00p  12.1   6:30a  44.6   0.0  0.03   0.9   9.0   2:30p   NNW
 9  21.5  25.4  12:30p  13.9  12:30a  43.5   0.0  0.00   1.0  10.0   1:30p   NNW
10  19.4  26.8   2:00p  10.7  11:00p  45.6   0.0  0.01   3.6  19.0   3:30a    NW
11  16.3  25.0   4:00p   5.6   7:30a  48.7   0.0  0.00   2.6  14.0  12:30p    NW
12  14.2  22.0   3:00p  -1.0   7:30a  50.8   0.0  0.00   2.1  11.0   4:30p     E
13  27.8  33.2   3:30p  17.6  12:30a  37.2   0.0  0.01   5.7  25.0  12:00m   NNW
14  33.6  42.4   4:30p  25.6  10:00p  31.4   0.0  0.01   5.2  28.0   3:00a     W
15  29.9  34.6   3:30p  22.7  12:00m  35.1   0.0  0.12   6.1  27.0   8:30p    NW
16  21.8  28.3   2:00p  16.0   4:00a  43.2   0.0  0.04   3.4  23.0  12:30a    NW
17  22.1  28.7   4:00p   7.9   7:30a  42.9   0.0  0.01   3.6  24.0   2:00a    NW
18  28.7  40.4   4:00p  22.1   1:30a  36.3   0.0  0.15   1.9  14.0   1:00a   ESE
19  34.9  47.2   7:30p  23.1   1:00a  30.1   0.0  0.02   3.5  30.0  10:00p     E
20  36.7  49.5  12:30p  21.1   7:00a  28.3   0.0  0.00   1.6  15.0   2:00p     W
21  37.2  45.7   4:30p  31.0   9:00p  27.8   0.0  0.30   2.5  23.0   1:00p     E
22  40.0  54.0   4:00p  26.3   7:30a  25.0   0.0  0.00   2.4  26.0  12:30p    SW
23  36.9  49.9   2:30p  22.9   5:00a  28.1   0.0  0.01   1.7  20.0   6:00p   WNW
24  31.5  37.5  12:30a  23.3  11:30p  33.5   0.0  0.00   6.7  27.0   2:30p   WNW
25  24.8  31.8   2:30p  16.8   4:30a  40.2   0.0  0.00   3.2  18.0  12:00p    NW
26  22.0  26.7   1:30p  11.5  12:00m  43.0   0.0  0.00   4.0  24.0  12:00p    NW
27  17.2  29.4   2:30p   7.2   7:00a  47.8   0.0  0.00   6.0  30.0   4:30p    NW
28  12.5  21.9   4:00p   1.8   5:00a  52.5   0.0  0.00   1.8  12.0  12:30a    NW
-------------------------------------------------------------------------------------
    26.5  54.0    22    -1.0    12  1027.5   0.0  1.68   3.0  30.0    19      NW

Max >=  90.0:  0
Max <=  32.0: 14
Min <=  32.0: 27
Min <=   0.0:  1
Max Rain: 0.42 ON 02/05/14
Days of Rain: 12 (>.01 in) 6 (>.1 in) 0 (>1 in)
Heat Base:  65.0  Cool Base:  65.0  Method: Integration