NOAA-Style Climate Reports

WeatherLink Software Version 6.0.3
Discontinued 1/31/2017
Select a Year or Month report
2018: Jan Feb Mar Apr May Jun Jul Aug Sep Oct Nov Dec
2017: Jan Feb Mar Apr May Jun Jul Aug Sep Oct Nov Dec
2016: Jan Feb Mar Apr May Jun Jul Aug Sep Oct Nov Dec
2015: Jan Feb Mar Apr May Jun Jul Aug Sep Oct Nov Dec
2014: Jan Feb Mar Apr May Jun Jul Aug Sep Oct Nov Dec
2013: Jan Feb Mar Apr May Jun Jul Aug Sep Oct Nov Dec
2012: Jan Feb Mar Apr May Jun Jul Aug Sep Oct Nov Dec
2011: Jan Feb Mar Apr May Jun Jul Aug Sep Oct Nov Dec
2010: Jan Feb Mar Apr May Jun Jul Aug Sep Oct Nov Dec

Report for 2014 March
                   MONTHLY CLIMATOLOGICAL SUMMARY for MAR. 2014

NAME: cvweather   CITY: Mechanicsburg   STATE: PA 
ELEV:   439 ft  LAT:  40° 13' 22" N  LONG:  77° 00' 51" W

                   TEMPERATURE (°F), RAIN  (in), WIND SPEED (mph)

                                      HEAT  COOL        AVG
    MEAN                              DEG   DEG         WIND                 DOM
DAY TEMP  HIGH   TIME   LOW    TIME   DAYS  DAYS  RAIN  SPEED HIGH   TIME    DIR
------------------------------------------------------------------------------------
 1  24.2  37.4   2:00p   9.9   4:30a  40.8   0.0  0.00   1.8  13.0  10:30a   SSE
 2  32.3  39.2   1:00p  27.4  12:00m  32.7   0.0  0.07   1.0  11.0  11:00p   ESE
 3  16.0  27.4  12:30a   5.2  11:30p  49.0   0.0  0.00   4.6  20.0   7:30a     N
 4  17.7  29.8   3:30p   4.4   2:00a  47.3   0.0  0.09   1.1   8.0   1:00p     S
 5  25.6  39.4   3:30p  11.3   7:00a  39.4   0.0  0.02   3.4  20.0  10:30p     W
 6  23.3  31.5   3:00p  12.8   7:00a  41.7   0.0  0.00   3.7  17.0  10:30a   ESE
 7  30.4  42.3   4:00p  24.0   6:00a  34.6   0.0  0.00   1.8  13.0   2:00a     E
 8  38.7  54.6   4:00p  21.5   4:00a  26.3   0.0  0.00   2.6  20.0   5:00p     W
 9  36.2  41.6   5:00p  30.1  11:00p  27.6   0.0  0.00   5.3  21.0  12:00p    NW
10  43.7  59.6   5:00p  31.6   4:30a  21.3   0.0  0.00   1.6  17.0   1:30p     S
11  49.5  68.0   4:30p  31.6   5:30a  15.7   0.2  0.00   1.4  14.0   3:30p    NW
12  44.0  55.0  12:30p  25.4  12:00m  21.0   0.0  0.26   5.0  39.0   8:30p     E
13  23.3  29.8   3:30p  16.2   8:00a  41.7   0.0  0.00  11.8  36.0   1:00a    NW
14  36.0  52.2   5:00p  17.6   3:00a  29.0   0.0  0.00   3.1  23.0   5:30p     S
15  49.1  57.6  12:30p  39.4  12:30a  15.9   0.0  0.00   6.3  30.0  12:00p    NW
16  32.8  39.4  12:30a  29.0   7:30a  32.2   0.0  0.00   4.3  17.0  11:00a   NNE
17  29.4  35.0   3:00p  22.1   7:00a  35.6   0.0  0.00   2.5  14.0   1:00a   ESE
18  37.4  46.8   4:00p  30.8   5:00a  27.6   0.0  0.00   3.6  15.0   9:30a   ESE
19  37.4  40.7   7:00p  34.1   6:30a  27.6   0.0  0.11   3.4  15.0   3:00a   ESE
20  43.0  51.2   4:30p  35.9   5:30a  22.0   0.0  0.00   6.0  31.0  12:00p   WNW
21  41.4  54.4   4:00p  31.7   5:30a  23.6   0.0  0.00   2.9  18.0   2:00p   WSW
22  46.8  63.8   1:00p  31.6   2:00a  18.2   0.0  0.00   4.5  29.0   2:30p    NW
23  36.6  42.5   5:30p  27.6  12:00m  28.4   0.0  0.00   5.4  22.0   1:30a    NW
24  26.5  36.1   3:00p  15.4   7:30a  38.5   0.0  0.00   4.7  23.0   3:30a    NW
25  26.6  32.2   5:30p  18.0   6:00a  38.4   0.0  0.11   0.8   8.0   2:30p    NE
26  28.1  35.4   4:30p  21.9   1:30a  36.9   0.0  0.00   8.6  34.0  12:00p    NW
27  32.6  45.7   3:00p  16.0   7:30a  32.4   0.0  0.00   3.6  19.0   3:00p     S
28  47.2  62.2   4:00p  32.7   2:00a  17.8   0.0  0.28   3.3  19.0   5:00p     S
29  45.6  51.5  12:30a  39.2   5:30a  19.4   0.0  1.31   3.2  16.0  10:00a   ENE
30  39.4  45.7   1:30a  34.7   4:30p  25.6   0.0  1.61   8.3  30.0   4:30p   NNW
31  50.3  64.9   5:00p  38.7   7:00a  14.7   0.0  0.31   7.9  28.0   1:30a   NNW
-------------------------------------------------------------------------------------
    35.2  68.0    11     4.4     4   922.9   0.2  4.17   4.1  39.0    12      NW

Max >=  90.0:  0
Max <=  32.0:  4
Min <=  32.0: 24
Min <=   0.0:  0
Max Rain: 1.61 ON 03/30/14
Days of Rain: 10 (>.01 in) 7 (>.1 in) 2 (>1 in)
Heat Base:  65.0  Cool Base:  65.0  Method: Integration