NOAA-Style Climate Reports

WeatherLink Software Version 6.0.3
Discontinued 1/31/2017
Select a Year or Month report
2018: Jan Feb Mar Apr May Jun Jul Aug Sep Oct Nov Dec
2017: Jan Feb Mar Apr May Jun Jul Aug Sep Oct Nov Dec
2016: Jan Feb Mar Apr May Jun Jul Aug Sep Oct Nov Dec
2015: Jan Feb Mar Apr May Jun Jul Aug Sep Oct Nov Dec
2014: Jan Feb Mar Apr May Jun Jul Aug Sep Oct Nov Dec
2013: Jan Feb Mar Apr May Jun Jul Aug Sep Oct Nov Dec
2012: Jan Feb Mar Apr May Jun Jul Aug Sep Oct Nov Dec
2011: Jan Feb Mar Apr May Jun Jul Aug Sep Oct Nov Dec
2010: Jan Feb Mar Apr May Jun Jul Aug Sep Oct Nov Dec

Report for 2014 April
                   MONTHLY CLIMATOLOGICAL SUMMARY for APR. 2014

NAME: cvweather   CITY: Mechanicsburg   STATE: PA 
ELEV:   439 ft  LAT:  40° 13' 22" N  LONG:  77° 00' 51" W

                   TEMPERATURE (°F), RAIN  (in), WIND SPEED (mph)

                                      HEAT  COOL        AVG
    MEAN                              DEG   DEG         WIND                 DOM
DAY TEMP  HIGH   TIME   LOW    TIME   DAYS  DAYS  RAIN  SPEED HIGH   TIME    DIR
------------------------------------------------------------------------------------
 1  46.7  59.3   6:30p  28.8   7:00a  18.3   0.0  0.00   2.0  13.0  12:30a   SSE
 2  49.7  63.3   5:00p  40.1   1:00a  15.3   0.0  0.20   1.3  10.0   7:30a     S
 3  52.1  58.9   1:00p  46.3  12:00m  12.9   0.0  0.32   2.0  13.0   9:00a   NNE
 4  45.7  48.5   6:00p  43.6   7:00a  19.3   0.0  0.13   4.8  17.0   1:30p   ESE
 5  43.8  48.4   4:00p  38.2  10:00p  21.2   0.0  0.00   6.3  23.0   9:30a    NW
 6  43.9  57.7   3:30p  28.9   7:30a  21.1   0.0  0.00   2.3  17.0  12:30a    NW
 7  40.1  46.2  12:00m  34.4   3:00a  24.9   0.0  0.52   2.7  16.0   1:30p   ESE
 8  50.3  58.0   1:30p  41.6  12:00m  14.7   0.0  0.05   5.5  33.0  12:00p    NW
 9  50.3  64.4   4:30p  34.9   4:00a  14.7   0.0  0.00   4.7  23.0   4:00p    NW
10  52.7  68.7   3:00p  30.4   7:00a  12.9   0.6  0.00   4.1  24.0   5:30p     S
11  54.5  66.2  12:00p  47.0  12:00m  10.5   0.0  0.21   1.5  15.0   3:30p     S
12  57.1  72.6   4:00p  37.4   7:00a   9.3   1.5  0.00   2.3  16.0   3:30p   SSE
13  66.5  82.3   3:30p  51.6   7:30a   4.0   5.5  0.00   4.0  25.0   3:30p   SSE
14  68.2  76.7   3:30p  56.3   5:30a   1.2   4.5  0.00   6.5  36.0   3:30p     S
15  52.1  68.8  12:30a  33.2  12:00m  13.1   0.2  0.81   7.1  31.0  12:30p    NW
16  35.7  46.3   5:00p  27.1   6:30a  29.3   0.0  0.00   5.7  26.0  12:30a    NW
17  43.1  54.9   3:00p  28.1   7:00a  21.9   0.0  0.00   4.1  19.0   4:00p   SSE
18  43.3  54.8   4:30p  30.8   7:00a  21.7   0.0  0.00   2.1  12.0   4:30p    SE
19  51.1  64.4   3:30p  34.4   6:30a  13.9   0.0  0.00   3.6  19.0  12:00p     N
20  51.5  64.6   4:00p  34.0   5:30a  13.5   0.0  0.00   3.2  17.0  10:00a   ESE
21  53.5  70.1   4:00p  32.8   6:00a  12.3   0.8  0.00   1.7  12.0   2:00p   ESE
22  56.0  70.3   5:30p  48.6  12:00m   9.4   0.3  0.23   2.1  32.0   6:00p   SSE
23  48.2  55.7   3:00p  43.4  10:00p  16.8   0.0  0.00   9.9  31.0   3:30p    NW
24  49.7  65.0   5:00p  38.1   6:00a  15.3   0.0  0.00   4.2  21.0   2:30p    NW
25  48.7  64.7   3:00p  35.6   5:30a  16.3   0.0  0.32   3.6  22.0   2:00p   ESE
26  57.9  74.2   5:00p  42.9   7:00a   8.9   1.7  0.02   6.3  32.0   6:30p    NW
27  51.9  64.5   4:30p  38.6   5:30a  13.1   0.0  0.00   3.0  17.0   1:00a    NW
28  50.0  62.8   2:30p  34.1   7:00a  15.0   0.0  0.12   1.7  13.0   7:30p   SSE
29  46.1  49.6   5:00a  42.5  11:30p  18.9   0.0  0.62   5.2  23.0  12:00p   ESE
30  46.1  50.8  10:30p  41.9   3:30a  18.9   0.0  1.55   4.7  23.0   2:00p     E
-------------------------------------------------------------------------------------
    50.2  82.3    13    27.1    16   458.6  15.1  5.10   3.9  36.0    14      NW

Max >=  90.0:  0
Max <=  32.0:  0
Min <=  32.0:  6
Min <=   0.0:  0
Max Rain: 1.55 ON 04/30/14
Days of Rain: 13 (>.01 in) 11 (>.1 in) 1 (>1 in)
Heat Base:  65.0  Cool Base:  65.0  Method: Integration