NOAA-Style Climate Reports

WeatherLink Software Version 6.0.3
Discontinued 1/31/2017
Select a Year or Month report
2018: Jan Feb Mar Apr May Jun Jul Aug Sep Oct Nov Dec
2017: Jan Feb Mar Apr May Jun Jul Aug Sep Oct Nov Dec
2016: Jan Feb Mar Apr May Jun Jul Aug Sep Oct Nov Dec
2015: Jan Feb Mar Apr May Jun Jul Aug Sep Oct Nov Dec
2014: Jan Feb Mar Apr May Jun Jul Aug Sep Oct Nov Dec
2013: Jan Feb Mar Apr May Jun Jul Aug Sep Oct Nov Dec
2012: Jan Feb Mar Apr May Jun Jul Aug Sep Oct Nov Dec
2011: Jan Feb Mar Apr May Jun Jul Aug Sep Oct Nov Dec
2010: Jan Feb Mar Apr May Jun Jul Aug Sep Oct Nov Dec

Report for 2014 May
                   MONTHLY CLIMATOLOGICAL SUMMARY for MAY. 2014

NAME: cvweather   CITY: Mechanicsburg   STATE: PA 
ELEV:   439 ft  LAT:  40° 13' 22" N  LONG:  77° 00' 51" W

                   TEMPERATURE (°F), RAIN  (in), WIND SPEED (mph)

                                      HEAT  COOL        AVG
    MEAN                              DEG   DEG         WIND                 DOM
DAY TEMP  HIGH   TIME   LOW    TIME   DAYS  DAYS  RAIN  SPEED HIGH   TIME    DIR
------------------------------------------------------------------------------------
 1  60.4  75.1   3:00p  50.1   5:30a   6.7   2.1  0.07   2.8  23.0   8:30p     W
 2  53.1  64.5   4:30p  40.9   5:30a  11.9   0.0  0.00   3.0  21.0  10:00a     W
 3  54.0  68.3   4:30p  41.2   3:30a  11.2   0.2  0.03   1.7  26.0   7:00p    SW
 4  52.9  64.5   2:30p  41.9   5:00a  12.1   0.0  0.00   5.5  28.0  10:00p    NW
 5  54.1  67.1   3:00p  39.7   7:00a  11.0   0.1  0.00   3.5  20.0   1:30a    NW
 6  58.1  73.1   5:00p  43.8   4:30a   8.4   1.5  0.00   1.7  18.0   5:00p   WNW
 7  53.5  61.4   5:30p  40.7   7:00a  11.5   0.0  0.00   1.5  13.0   9:00a   ESE
 8  64.2  81.3   5:30p  48.0   6:00a   5.4   4.7  0.00   1.5  13.0  11:30p     E
 9  64.6  72.6   6:00p  57.6   7:00a   2.4   2.0  0.00   2.9  16.0   4:00p   ESE
10  66.4  78.1   1:00p  58.3   7:00a   1.9   3.3  0.25   1.9  26.0   1:30p   WSW
11  65.2  78.2   3:00p  51.0   6:00a   4.1   4.3  0.00   1.8  18.0  12:00p   WSW
12  65.1  80.2   4:30p  49.9   6:00a   4.1   4.2  0.00   0.2   8.0   5:30p    SW
13  71.1  85.5   5:20p  59.2   4:00a   1.4   7.3  0.00   2.4  19.0   8:50p   ESE
14  58.9  63.7  12:10a  53.7   8:20a   6.1   0.0  0.00   2.5  15.0   2:10a   ESE
15  68.9  80.1   4:00p  62.7  12:30a   0.5   4.4  0.22   5.0  27.0   5:30p    SE
16  60.3  67.8   2:00a  50.9  12:00m   5.2   0.5  1.63   5.3  28.0   3:30a    NW
17  53.7  67.7   5:00p  41.2   6:30a  11.4   0.0  0.00   2.0  17.0   1:30p   WNW
18  51.8  64.7   4:30p  39.3   6:30a  13.2   0.0  0.00   2.0  19.0   2:00p    NW
19  54.7  72.1   3:00p  37.1   6:30a  10.4   1.3  0.00   2.0  17.0  11:30a     W
20  59.8  75.1   4:00p  42.7   6:00a   7.2   2.0  0.03   0.7  10.0   1:00p   WSW
21  58.4  62.7   4:00p  54.7   4:30a   6.6   0.0  0.59   0.5   9.0   1:00a   ESE
22  68.5  81.7   1:30p  58.1   6:30a   1.9   5.4  0.19   2.8  34.0   3:30p    NW
23  62.5  75.1   1:30p  51.6   4:30a   4.6   2.1  0.00   5.1  26.0   4:30p   WNW
24  62.6  74.1   3:00p  50.7   6:00a   4.6   2.1  0.00   3.2  15.0  12:00p    NW
25  65.7  81.1   4:00p  48.3   6:30a   4.8   5.5  0.01   1.1  17.0  12:30p    NW
26  69.4  85.2   5:30p  51.8   5:30a   3.5   8.0  0.00   1.0  12.0   6:00p     S
27  69.4  86.9   2:30p  57.7   5:00a   1.5   5.9  0.28   1.1  21.0   3:30p   WSW
28  70.1  86.0   3:30p  57.1  11:30p   1.1   6.2  0.00   3.1  19.0   7:00p    NW
29  53.8  57.5  12:30a  52.1   8:00a  11.2   0.0  0.36   1.9  13.0  12:30a    SE
30  64.4  78.0   5:00p  53.0   2:00a   4.2   3.6  0.00   2.3  16.0   1:00p   NNW
31  65.4  78.5   5:00p  49.8   6:30a   3.8   4.1  0.00   3.0  20.0   1:00p   NNW
-------------------------------------------------------------------------------------
    61.3  86.9    27    37.1    19   193.9  80.8  3.66   2.4  34.0    22      NW

Max >=  90.0:  0
Max <=  32.0:  0
Min <=  32.0:  0
Min <=   0.0:  0
Max Rain: 1.63 ON 05/16/14
Days of Rain: 10 (>.01 in) 7 (>.1 in) 1 (>1 in)
Heat Base:  65.0  Cool Base:  65.0  Method: Integration