NOAA-Style Climate Reports

WeatherLink Software Version 6.0.3
Discontinued 1/31/2017
Select a Year or Month report
2018: Jan Feb Mar Apr May Jun Jul Aug Sep Oct Nov Dec
2017: Jan Feb Mar Apr May Jun Jul Aug Sep Oct Nov Dec
2016: Jan Feb Mar Apr May Jun Jul Aug Sep Oct Nov Dec
2015: Jan Feb Mar Apr May Jun Jul Aug Sep Oct Nov Dec
2014: Jan Feb Mar Apr May Jun Jul Aug Sep Oct Nov Dec
2013: Jan Feb Mar Apr May Jun Jul Aug Sep Oct Nov Dec
2012: Jan Feb Mar Apr May Jun Jul Aug Sep Oct Nov Dec
2011: Jan Feb Mar Apr May Jun Jul Aug Sep Oct Nov Dec
2010: Jan Feb Mar Apr May Jun Jul Aug Sep Oct Nov Dec

Report for 2014 June
                   MONTHLY CLIMATOLOGICAL SUMMARY for JUN. 2014

NAME: cvweather   CITY: Mechanicsburg   STATE: PA 
ELEV:   439 ft  LAT:  40° 13' 22" N  LONG:  77° 00' 51" W

                   TEMPERATURE (°F), RAIN  (in), WIND SPEED (mph)

                                      HEAT  COOL        AVG
    MEAN                              DEG   DEG         WIND                 DOM
DAY TEMP  HIGH   TIME   LOW    TIME   DAYS  DAYS  RAIN  SPEED HIGH   TIME    DIR
------------------------------------------------------------------------------------
 1  64.3  76.7   5:00p  49.4   6:00a   4.3   3.6  0.00   1.9  15.0   4:30p   SSE
 2  68.4  82.7   4:00p  53.1   6:00a   2.9   6.3  0.00   1.4  17.0   2:00p   SSE
 3  71.4  85.2   6:00p  59.1   6:00a   1.1   7.5  0.14   1.4  20.0   8:30p   WSW
 4  68.5  79.9   4:30p  58.3   6:30a   1.7   5.2  0.02   1.3  12.0   8:00a   WSW
 5  65.6  77.4   4:30p  57.7   5:30a   2.6   3.2  0.38   3.8  20.0   5:30p    NW
 6  64.7  78.0   5:00p  52.3   6:00a   3.6   3.3  0.00   2.5  15.0  11:30a   NNW
 7  66.9  82.7   4:30p  50.6   6:00a   4.2   6.0  0.00   0.7   9.0  11:30a    NW
 8  67.6  82.9   2:00p  53.5   6:00a   3.0   5.7  0.44   1.7  19.0   3:00p   SSE
 9  70.7  79.8   5:00p  65.4   5:30a   0.0   5.7  0.15   1.0   9.0   8:30p    NE
10  72.8  81.4   4:00p  67.3   5:00a   0.0   7.8  0.63   1.0   9.0   5:30p    NE
11  68.6  72.7  11:00a  64.3  11:00p   0.1   3.6  1.02   2.9  17.0   2:30p   ESE
12  66.2  69.7   7:30p  63.2   6:00a   0.6   1.8  0.15   1.6  13.0   2:30a     E
13  70.2  77.8   3:30p  63.9  12:00m   0.1   5.3  0.56   1.0  21.0   7:00p   ESE
14  63.2  72.0   5:30p  53.9  12:00m   3.1   1.3  0.00   4.3  21.0   3:00p    NW
15  65.1  82.7   6:00p  48.4   6:30a   5.1   5.2  0.00   0.8  11.0  10:30a    NW
16  72.3  87.9   3:30p  54.4   6:30a   2.6   9.9  0.00   0.6  12.0   4:00p   SSE
17  79.3  90.7   3:00p  66.8   6:00a   0.0  13.2  0.00   1.2  15.0   7:47p   WSW
18  80.0  90.3   3:53p  67.7   6:18a   0.0  15.0  0.00   3.0  22.0  11:16a     W
19  69.9  75.5  12:41a  63.4  11:59p   0.1   4.9  0.38   0.9  18.0   1:09a    NW
20  66.6  81.2   6:03p  49.5   6:08a   3.6   5.2  0.00   1.3  12.0  11:01a    NW
21  65.5  71.9   5:40p  59.1  11:49p   1.2   1.7  0.03   0.5  10.0   4:08a    NE
22  67.9  81.8   4:46p  54.5   4:15a   3.0   5.9  0.00   0.5   8.0  11:51a     S
23  71.8  82.2   3:37p  60.8   6:08a   0.7   7.5  0.00   2.6  19.0   1:45p   SSE
24  74.6  85.2   3:37p  64.6   5:20a   0.0   9.6  0.00   3.1  19.0   2:40p   SSE
25  76.2  87.2   2:30p  68.5  11:39p   0.0  11.2  0.48   2.5  28.0   7:18p   SSE
26  74.2  87.4   4:40p  65.6   6:23a   0.0  10.0  0.01   2.9  23.0   7:10p    NW
27  73.5  83.8   4:10p  62.6   5:54a   0.3   8.8  0.00   1.5  12.0   1:58p   SSE
28  73.6  84.4   3:04p  60.9   5:54a   0.4   9.1  0.00   1.5  14.0   2:38p   SSE
29  72.1  82.6   4:57p  61.3   5:35a   0.4   7.5  0.00   1.2  13.0   4:05p   SSE
30  76.2  85.5   3:38p  67.4   4:52a   0.0  11.2  0.03   1.8  12.0   4:29p   SSE
-------------------------------------------------------------------------------------
    70.3  90.7    17    48.4    15    44.7 202.2  4.42   1.7  28.0    25     SSE

Max >=  90.0:  2
Max <=  32.0:  0
Min <=  32.0:  0
Min <=   0.0:  0
Max Rain: 1.02 ON 06/11/14
Days of Rain: 13 (>.01 in) 10 (>.1 in) 1 (>1 in)
Heat Base:  65.0  Cool Base:  65.0  Method: Integration