NOAA-Style Climate Reports

WeatherLink Software Version 6.0.3
Discontinued 1/31/2017
Select a Year or Month report
2018: Jan Feb Mar Apr May Jun Jul Aug Sep Oct Nov Dec
2017: Jan Feb Mar Apr May Jun Jul Aug Sep Oct Nov Dec
2016: Jan Feb Mar Apr May Jun Jul Aug Sep Oct Nov Dec
2015: Jan Feb Mar Apr May Jun Jul Aug Sep Oct Nov Dec
2014: Jan Feb Mar Apr May Jun Jul Aug Sep Oct Nov Dec
2013: Jan Feb Mar Apr May Jun Jul Aug Sep Oct Nov Dec
2012: Jan Feb Mar Apr May Jun Jul Aug Sep Oct Nov Dec
2011: Jan Feb Mar Apr May Jun Jul Aug Sep Oct Nov Dec
2010: Jan Feb Mar Apr May Jun Jul Aug Sep Oct Nov Dec

Report for 2014 July
                   MONTHLY CLIMATOLOGICAL SUMMARY for JUL. 2014

NAME: cvweather   CITY: Mechanicsburg   STATE: PA 
ELEV:   439 ft  LAT:  40° 13' 22" N  LONG:  77° 00' 51" W

                   TEMPERATURE (°F), RAIN  (in), WIND SPEED (mph)

                                      HEAT  COOL        AVG
    MEAN                              DEG   DEG         WIND                 DOM
DAY TEMP  HIGH   TIME   LOW    TIME   DAYS  DAYS  RAIN  SPEED HIGH   TIME    DIR
------------------------------------------------------------------------------------
 1  79.0  91.2   4:28p  70.9   4:04a   0.0  14.3  0.03   1.7  17.0   3:02p   SSE
 2  80.1  93.4   2:25p  69.2   5:09a   0.0  15.1  0.00   0.8  13.0   2:20p   WSW
 3  76.8  90.0   2:26p  69.0   5:39a   0.0  11.8  0.11   1.2  18.0   1:59p   SSE
 4  70.1  78.4   3:59p  61.8  11:59p   0.2   5.6  0.03   5.2  23.0   2:02p    NW
 5  69.1  83.9   5:04p  53.9   5:35a   2.3   6.4  0.00   2.3  15.0  10:47a   WNW
 6  70.6  85.3   2:25p  54.6   6:11a   2.9   8.5  0.00   0.9  14.0   2:48p     S
 7  80.1  92.2   4:02p  68.8   5:15a   0.0  15.1  0.00   2.2  22.0  11:09a   SSE
 8  77.4  89.1   5:36p  66.1  12:00m   0.0  12.5  0.22   1.9  40.0   6:48p   SSE
 9  75.1  87.9   4:46p  63.8   5:00a   0.1  10.2  0.00   1.4  31.0   3:10p   SSE
10  71.9  84.8   2:57p  61.6   5:52a   0.4   7.4  0.00   1.3  26.0   6:31p   NNE
11  72.7  86.0   3:49p  59.4   6:08a   1.2   8.8  0.00   0.6  11.0   5:53p   SSE
12  75.3  86.4   4:02p  66.7   1:30a   0.0  10.3  0.01   1.3  15.0   2:47p   SSE
13  77.2  86.6   4:11p  70.8   5:29a   0.0  12.3  1.14   1.9  25.0   8:48p   SSE
14  71.6  82.6   3:00p  67.5   2:38a   0.0   6.6  0.97   0.6  14.0   3:23p   WNW
15  73.2  81.2   3:15p  68.3  12:52a   0.0   8.3  0.00   0.4  12.0   3:28p     W
16  70.2  80.4   4:17p  61.4  11:58p   0.5   5.8  0.00   2.1  15.0  12:30p   WNW
17  67.7  80.3   3:14p  56.3   6:10a   2.3   5.0  0.00   2.1  14.0   9:35a   WNW
18  67.5  81.1   4:36p  52.2   6:32a   3.5   6.0  0.00   0.4   9.0   2:01p    NW
19  70.9  79.8   1:15p  64.1   6:30a   0.0   7.5  0.01   0.9  11.0   1:18p   SSE
20  71.4  79.3   1:03p  64.4   6:01a   0.0   6.4  0.00   0.9  12.0   2:35p   SSE
21  71.8  78.2   5:18p  66.6   1:10a   0.0   6.8  0.00   0.7  10.0   6:28p   SSE
22  76.3  87.6   4:15p  67.1   2:13a   0.0  11.3  0.00   1.5  14.0   5:39p   SSE
23  78.2  92.8   2:03p  68.4   6:25a   0.0  13.2  0.02   1.2  14.0   4:16p   SSE
24  72.2  80.5   2:27p  60.2  11:58p   0.3   7.5  0.00   3.4  17.0   2:17p   NNW
25  66.8  82.8   4:26p  50.5   6:17a   3.7   5.5  0.00   1.1  10.0  12:10p   WNW
26  72.0  86.5   4:33p  59.7  12:56a   1.2   8.4  0.01   1.1  13.0   6:51p   SSE
27  74.2  91.3   2:51p  63.7   6:44p   0.2   9.5  2.75   2.2  34.0   6:25p   WSW
28  67.9  79.5   2:18p  61.1   5:36a   1.0   4.0  0.26   3.3  23.0  12:05p   WNW
29  63.2  72.6   2:08p  54.8  11:57p   3.4   1.6  0.00   2.1  13.0   4:44p    NW
30  64.2  77.8   3:17p  49.7   5:38a   4.8   4.1  0.19   0.9  12.0   1:10p   SSE
31  69.6  82.1   4:39p  58.8   5:05a   1.6   6.2  0.02   0.6  11.0   2:02p   SSE
-------------------------------------------------------------------------------------
    72.4  93.4     2    49.7    30    29.6 262.0  5.77   1.6  40.0     8     SSE

Max >=  90.0:  6
Max <=  32.0:  0
Min <=  32.0:  0
Min <=   0.0:  0
Max Rain: 2.75 ON 07/27/14
Days of Rain: 11 (>.01 in) 7 (>.1 in) 2 (>1 in)
Heat Base:  65.0  Cool Base:  65.0  Method: Integration