NOAA-Style Climate Reports

WeatherLink Software Version 6.0.3
Discontinued 1/31/2017
Select a Year or Month report
2018: Jan Feb Mar Apr May Jun Jul Aug Sep Oct Nov Dec
2017: Jan Feb Mar Apr May Jun Jul Aug Sep Oct Nov Dec
2016: Jan Feb Mar Apr May Jun Jul Aug Sep Oct Nov Dec
2015: Jan Feb Mar Apr May Jun Jul Aug Sep Oct Nov Dec
2014: Jan Feb Mar Apr May Jun Jul Aug Sep Oct Nov Dec
2013: Jan Feb Mar Apr May Jun Jul Aug Sep Oct Nov Dec
2012: Jan Feb Mar Apr May Jun Jul Aug Sep Oct Nov Dec
2011: Jan Feb Mar Apr May Jun Jul Aug Sep Oct Nov Dec
2010: Jan Feb Mar Apr May Jun Jul Aug Sep Oct Nov Dec

Report for 2014 August
                   MONTHLY CLIMATOLOGICAL SUMMARY for AUG. 2014

NAME: cvweather   CITY: Mechanicsburg   STATE: PA 
ELEV:   439 ft  LAT:  40° 13' 22" N  LONG:  77° 00' 51" W

                   TEMPERATURE (°F), RAIN  (in), WIND SPEED (mph)

                                      HEAT  COOL        AVG
    MEAN                              DEG   DEG         WIND                 DOM
DAY TEMP  HIGH   TIME   LOW    TIME   DAYS  DAYS  RAIN  SPEED HIGH   TIME    DIR
------------------------------------------------------------------------------------
 1  68.6  79.6  12:00p  60.4   6:24a   0.8   4.4  0.64   0.4  13.0   2:21p    SE
 2  71.9  79.6   2:39p  65.1   6:18a   0.0   6.9  0.00   0.9  13.0  12:08p   ESE
 3  68.6  75.8  12:34p  62.7  11:58p   0.1   5.0  0.38   0.8  10.0  12:03p   ESE
 4  70.3  83.4   4:59p  61.3   1:27a   1.0   6.3  0.00   1.0  10.0  11:13a   WNW
 5  71.8  86.1   3:46p  58.4   6:29a   1.4   8.2  0.06   0.6  21.0   8:31p     W
 6  67.8  81.4   5:07p  59.2   5:42a   1.5   4.3  0.06   0.9  17.0   3:54p   NNW
 7  68.6  80.9   2:43p  57.8   6:10a   1.9   5.4  0.01   1.5  14.0   4:54p    NW
 8  66.2  79.7   3:46p  54.0   6:44a   3.4   4.6  0.00   0.5   9.0   4:13p    NW
 9  68.5  83.6   5:05p  54.6   6:35a   3.0   6.5  0.00   0.4   9.0   9:28a     E
10  71.8  84.6   2:57p  58.1   6:44a   1.3   8.1  0.00   0.7  10.0  11:33a   SSE
11  69.7  79.6  12:38p  59.2   6:15a   1.3   6.1  0.04   2.2  18.0   2:36p   SSE
12  67.9  70.9   7:23p  64.5   5:06a   0.0   3.0  1.77   1.4  19.0   2:36p   ESE
13  71.1  79.6   4:14p  61.5  12:00m   0.1   6.3  0.10   3.5  21.0   5:09p   WNW
14  64.6  79.4   5:08p  51.2   6:23a   4.1   3.7  0.00   2.0  17.0   6:14p     W
15  62.0  75.7   3:35p  48.5   6:01a   5.8   2.8  0.00   1.8  16.0  12:32p   WSW
16  63.4  78.4   4:20p  47.5   6:32a   5.6   4.0  0.00   0.8  12.0  12:32p   SSE
17  67.3  83.5   4:18p  56.6   2:52a   2.8   5.0  0.12   1.4  16.0  12:59p    NW
18  68.0  82.1   2:45p  53.8   6:21a   3.0   5.9  0.00   0.4   8.0   2:35p   NNE
19  71.8  80.3   2:54p  63.0   6:24a   0.1   6.9  0.00   0.7   9.0   7:33a   SSE
20  71.9  80.1   1:15p  67.2   6:59a   0.0   6.9  0.09   1.0  11.0   1:05p   SSE
21  70.6  86.0   2:21p  63.6   6:28a   0.1   5.7  0.30   0.4  14.0   4:46p     W
22  70.1  77.1   4:04p  63.7   1:45a   0.2   5.3  0.02   0.6   9.0   5:34p   SSE
23  67.2  71.1  12:01a  63.4  11:12p   0.1   2.4  0.09   1.3  13.0   6:40p   ESE
24  68.3  78.2   5:20p  60.4  11:55p   1.0   4.3  0.01   0.3   7.0  10:53a    NE
25  68.1  81.7   2:58p  55.0   6:44a   2.7   5.8  0.00   0.3   9.0  12:40a   SSE
26  69.5  85.0   2:50p  55.1   6:41a   2.5   7.0  0.00   0.4   9.0   1:23p   WSW
27  73.4  88.6   3:32p  58.1   6:46a   1.5   9.8  0.00   0.9  10.0   1:54p   WSW
28  70.6  80.2   3:38p  60.2  10:36p   0.5   6.1  0.00   3.6  19.0   1:49p   NNW
29  63.4  77.3   3:42p  49.3   7:05a   4.9   3.3  0.00   0.7   9.0   1:42p   SSE
30  68.7  77.5   2:54p  56.0   2:17a   1.8   5.5  0.00   1.1  14.0  12:49p   SSE
31  76.6  88.4   3:25p  69.7  11:57p   0.0  11.7  0.12   1.0  21.0   9:12p   SSE
-------------------------------------------------------------------------------------
    69.0  88.6    27    47.5    16    52.5 177.2  3.81   1.1  21.0     5     SSE

Max >=  90.0:  0
Max <=  32.0:  0
Min <=  32.0:  0
Min <=   0.0:  0
Max Rain: 1.77 ON 08/12/14
Days of Rain: 13 (>.01 in) 6 (>.1 in) 1 (>1 in)
Heat Base:  65.0  Cool Base:  65.0  Method: Integration