NOAA-Style Climate Reports

WeatherLink Software Version 6.0.3
Discontinued 1/31/2017
Select a Year or Month report
2018: Jan Feb Mar Apr May Jun Jul Aug Sep Oct Nov Dec
2017: Jan Feb Mar Apr May Jun Jul Aug Sep Oct Nov Dec
2016: Jan Feb Mar Apr May Jun Jul Aug Sep Oct Nov Dec
2015: Jan Feb Mar Apr May Jun Jul Aug Sep Oct Nov Dec
2014: Jan Feb Mar Apr May Jun Jul Aug Sep Oct Nov Dec
2013: Jan Feb Mar Apr May Jun Jul Aug Sep Oct Nov Dec
2012: Jan Feb Mar Apr May Jun Jul Aug Sep Oct Nov Dec
2011: Jan Feb Mar Apr May Jun Jul Aug Sep Oct Nov Dec
2010: Jan Feb Mar Apr May Jun Jul Aug Sep Oct Nov Dec

Report for 2014 September
                   MONTHLY CLIMATOLOGICAL SUMMARY for SEP. 2014

NAME: cvweather   CITY: Mechanicsburg   STATE: PA 
ELEV:   439 ft  LAT:  40° 13' 22" N  LONG:  77° 00' 51" W

                   TEMPERATURE (°F), RAIN  (in), WIND SPEED (mph)

                                      HEAT  COOL        AVG
    MEAN                              DEG   DEG         WIND                 DOM
DAY TEMP  HIGH   TIME   LOW    TIME   DAYS  DAYS  RAIN  SPEED HIGH   TIME    DIR
------------------------------------------------------------------------------------
 1  75.4  86.8   3:26p  67.6   6:52a   0.0  10.4  0.01   0.5  10.0   6:48p    SW
 2  76.0  89.2   2:34p  67.7   6:52a   0.0  11.0  0.10   1.0  17.0   5:55p   SSE
 3  71.2  82.4   2:57p  64.3   7:01a   0.0   6.2  0.01   0.4   9.0   5:57a    NW
 4  73.3  86.2   2:16p  60.3   4:44a   1.0   9.4  0.00   1.0  13.0  12:15p   SSE
 5  74.5  85.9   3:50p  67.2   5:54a   0.0   9.5  0.00   0.4  11.0   6:16p   SSE
 6  76.0  90.9   3:26p  66.4   6:26a   0.0  11.0  0.05   1.9  19.0   7:42p     W
 7  67.1  78.0   3:23p  56.8  11:58p   1.5   3.7  0.00   2.6  16.0   1:25p   NNW
 8  63.0  75.5   1:48p  50.1   6:32a   4.8   2.7  0.00   1.8  17.0   4:18p     E
 9  66.5  72.5   3:32p  59.7  12:26a   1.3   2.8  0.00   0.9  15.0  12:06p     E
10  69.8  76.8   3:51p  65.0   7:25a   0.0   4.8  0.00   1.6  13.0  10:46p   SSE
11  72.9  82.1   5:38p  63.6  11:58p   0.0   8.0  0.00   1.6  14.0   4:55p   SSE
12  61.2  70.9   2:49p  52.7   7:03a   4.5   0.7  0.00   2.3  16.0   2:28p   NNW
13  56.2  64.4   4:40p  50.9   1:38a   8.8   0.0  0.26   0.8  13.0   4:22p   WNW
14  53.8  66.3   2:00p  43.2   7:04a  11.2   0.0  0.00   0.9  12.0  11:07a     W
15  56.9  71.1   3:59p  43.7   6:56a   8.9   0.8  0.00   0.3   9.0   4:26p   SSE
16  60.0  72.9   2:59p  51.4  12:00m   6.2   1.3  0.02   1.4  15.0   3:15p    NW
17  58.0  74.8   3:10p  45.2   6:26a   8.4   1.4  0.00   0.2   9.0   2:41p     W
18  59.5  77.7   2:52p  47.7   3:41a   7.9   2.3  0.00   0.8  13.0   2:05p    NW
19  59.1  70.9   3:23p  45.0   7:01a   6.9   1.0  0.00   1.7  15.0   5:38p    SE
20  66.3  79.5   3:09p  58.8   6:00a   2.5   3.9  0.00   1.5  16.0   2:09p   SSE
21  66.6  81.6   3:12p  55.6   4:31a   2.9   4.5  0.12   0.6  14.0   2:07p   SSE
22  59.9  68.0   1:46p  54.5  11:53p   5.3   0.2  0.00   4.8  23.0  10:05a    NW
23  55.4  71.3   3:42p  41.3   7:22a  10.3   0.7  0.00   0.7  10.0  11:04a   WNW
24  57.8  69.7   2:56p  43.1   7:26a   8.1   0.9  0.00   1.0  19.0   3:10p     E
25  60.2  68.1   2:49p  54.3  11:59p   5.1   0.3  0.38   0.9  11.0  12:15p   NNE
26  61.5  77.5   3:14p  49.3   5:44a   6.3   2.7  0.00   1.2  13.0   4:05p   NNW
27  63.0  81.8   3:25p  48.7   6:07a   6.1   4.1  0.00   0.5   9.0   2:26p     W
28  63.8  82.0   3:15p  48.4   7:20a   5.6   4.4  0.00   0.3   8.0   2:10p   WSW
29  65.6  76.4   3:35p  55.6   6:36a   3.1   3.7  0.00   0.2   7.0  10:26a    NW
30  63.6  72.8   4:03p  56.6   4:00a   2.6   1.2  0.52   0.3  16.0   9:10p   SSE
-------------------------------------------------------------------------------------
    64.5  90.9     6    41.3    23   129.3 113.6  1.47   1.1  23.0    22     SSE

Max >=  90.0:  1
Max <=  32.0:  0
Min <=  32.0:  0
Min <=   0.0:  0
Max Rain: 0.52 ON 09/30/14
Days of Rain: 7 (>.01 in) 4 (>.1 in) 0 (>1 in)
Heat Base:  65.0  Cool Base:  65.0  Method: Integration