NOAA-Style Climate Reports

WeatherLink Software Version 6.0.3
Discontinued 1/31/2017
Select a Year or Month report
2018: Jan Feb Mar Apr May Jun Jul Aug Sep Oct Nov Dec
2017: Jan Feb Mar Apr May Jun Jul Aug Sep Oct Nov Dec
2016: Jan Feb Mar Apr May Jun Jul Aug Sep Oct Nov Dec
2015: Jan Feb Mar Apr May Jun Jul Aug Sep Oct Nov Dec
2014: Jan Feb Mar Apr May Jun Jul Aug Sep Oct Nov Dec
2013: Jan Feb Mar Apr May Jun Jul Aug Sep Oct Nov Dec
2012: Jan Feb Mar Apr May Jun Jul Aug Sep Oct Nov Dec
2011: Jan Feb Mar Apr May Jun Jul Aug Sep Oct Nov Dec
2010: Jan Feb Mar Apr May Jun Jul Aug Sep Oct Nov Dec

Report for 2014 October
                   MONTHLY CLIMATOLOGICAL SUMMARY for OCT. 2014

NAME: cvweather   CITY: Mechanicsburg   STATE: PA 
ELEV:   439 ft  LAT:  40° 13' 22" N  LONG:  77° 00' 51" W

                   TEMPERATURE (°F), RAIN  (in), WIND SPEED (mph)

                                      HEAT  COOL        AVG
    MEAN                              DEG   DEG         WIND                 DOM
DAY TEMP  HIGH   TIME   LOW    TIME   DAYS  DAYS  RAIN  SPEED HIGH   TIME    DIR
------------------------------------------------------------------------------------
 1  61.8  69.9   1:51p  55.3  11:56p   3.9   0.7  0.00   0.2   7.0   5:48a    NE
 2  60.8  70.1   1:46p  52.4   4:15a   5.1   0.9  0.00   0.4  11.0   1:00p     E
 3  62.5  68.4   3:11p  56.3   1:52a   3.2   0.7  0.13   1.4  15.0  12:44p   SSE
 4  56.6  63.4   2:00p  38.8  11:59p   8.4   0.0  0.14   2.7  24.0   3:01p   WNW
 5  45.6  58.0   3:18p  33.5   6:06a  19.4   0.0  0.00   0.8  16.0  11:06a   WSW
 6  42.9  70.3  11:14p  37.3   5:24a   9.9   0.0  0.00   0.5  29.0  11:14p     N
 7  61.3  68.8   2:21p  51.9   7:25a   4.1   0.4  0.16   1.3  18.0   4:19p   SSE
 8  59.8  71.4   3:46p  48.7   7:27a   6.4   1.1  0.00   2.5  25.0   2:27p   WSW
 9  54.6  68.9   2:46p  39.2   7:14a  11.0   0.5  0.00   1.4  20.0   1:10p     W
10  53.0  60.2   1:02p  42.2   4:11a  50.2   0.0  0.08   0.1   6.0   3:54p     W
11  51.0  57.5   3:53p  46.4  11:57p  14.2   0.0  0.28   0.1   7.0   3:25p   NNE
12  51.1  62.7   3:43p  36.2   7:43a  14.0   0.0  0.00   0.3   9.0   1:47p   SSE
13  57.5  60.3  11:22p  54.6  12:40a   7.5   0.0  0.02   0.1   8.0   9:52a     E
14  68.9  74.9   3:54p  60.1  12:01a   1.0   4.8  0.01   4.0  21.0  11:24p   SSE
15  65.9  71.7  12:15a  61.7  10:12p   0.9   1.8  1.85   2.1  17.0  12:52a   SSE
16  57.9  63.9   1:11p  54.6   8:29p   9.8   0.0  0.37   0.1   9.0   4:11p   WSW
17  58.0  69.1   4:02p  47.6   7:24a   8.2   0.5  0.00   0.8  18.0  12:23p   SSE
18  54.3  63.7  10:45a  47.2   9:31p  10.8   0.0  0.03   3.0  22.0  11:01a     W
19  47.8  54.4   3:44p  38.2  11:56p  17.2   0.0  0.01   5.4  27.0  12:23p    NW
20  47.8  61.1   2:38p  32.4   7:00a  17.2   0.0  0.00   0.5  15.0  12:36p   SSE
21  54.3  64.4   2:09p  47.8   6:32a  10.8   0.0  0.02   0.4  16.0   6:28p   WNW
22  53.0  54.6   4:54p  50.7  12:55a  12.0   0.0  0.04   5.0  22.0  10:44a   NNW
23  56.2  61.4   1:54p  50.9  12:04a   8.8   0.0  0.00   5.9  25.0   3:02a    NW
24  57.4  65.4   4:03p  46.8  11:58p   7.6   0.0  0.00   4.6  23.0  10:15a   WNW
25  54.9  69.7   4:17p  39.6   7:47a  10.6   0.5  0.00   1.2  17.0   3:23p   WSW
26  57.2  64.8   4:23p  46.5  10:52p   7.8   0.0  0.00   6.0  31.0  11:03a   WNW
27  50.2  67.4   4:26p  33.9   7:15a  14.9   0.1  0.00   0.3   9.0  11:27a     W
28  58.5  78.4   3:27p  41.7   6:42a   9.3   2.8  0.00   0.4  12.0   8:01p   SSE
29  54.6  62.3   4:36a  43.4  12:00m  10.4   0.0  0.15   0.3  16.0   7:54a   WNW
30  45.5  54.4  12:42p  35.0   7:29a  19.6   0.0  0.01   0.8  12.0  11:37a    NW
31  46.6  51.9   3:30p  43.2   2:48a  18.4   0.0  0.00   0.2   9.0   9:14a    NE
-------------------------------------------------------------------------------------
    55.1  78.4    28    32.4    20   352.6  14.8  3.30   1.7  31.0    26      NW

Max >=  90.0:  0
Max <=  32.0:  0
Min <=  32.0:  0
Min <=   0.0:  0
Max Rain: 1.85 ON 10/15/14
Days of Rain: 12 (>.01 in) 7 (>.1 in) 1 (>1 in)
Heat Base:  65.0  Cool Base:  65.0  Method: Integration