NOAA-Style Climate Reports

WeatherLink Software Version 6.0.3
Discontinued 1/31/2017
Select a Year or Month report
2018: Jan Feb Mar Apr May Jun Jul Aug Sep Oct Nov Dec
2017: Jan Feb Mar Apr May Jun Jul Aug Sep Oct Nov Dec
2016: Jan Feb Mar Apr May Jun Jul Aug Sep Oct Nov Dec
2015: Jan Feb Mar Apr May Jun Jul Aug Sep Oct Nov Dec
2014: Jan Feb Mar Apr May Jun Jul Aug Sep Oct Nov Dec
2013: Jan Feb Mar Apr May Jun Jul Aug Sep Oct Nov Dec
2012: Jan Feb Mar Apr May Jun Jul Aug Sep Oct Nov Dec
2011: Jan Feb Mar Apr May Jun Jul Aug Sep Oct Nov Dec
2010: Jan Feb Mar Apr May Jun Jul Aug Sep Oct Nov Dec

Report for 2014 November
                   MONTHLY CLIMATOLOGICAL SUMMARY for NOV. 2014

NAME: cvweather   CITY: Mechanicsburg   STATE: PA 
ELEV:   439 ft  LAT:  40° 13' 22" N  LONG:  77° 00' 51" W

                   TEMPERATURE (°F), RAIN  (in), WIND SPEED (mph)

                                      HEAT  COOL        AVG
    MEAN                              DEG   DEG         WIND                 DOM
DAY TEMP  HIGH   TIME   LOW    TIME   DAYS  DAYS  RAIN  SPEED HIGH   TIME    DIR
------------------------------------------------------------------------------------
 1  45.8  49.1   3:22p  42.2  11:37p  19.2   0.0  0.01   5.5  25.0   7:17p     N
 2  42.8  47.8   1:44p  39.2   7:06p  22.5   0.0  0.00   7.4  34.0  10:28a    NW
 3  46.8  59.1   3:35p  37.3   4:40a  18.2   0.0  0.00   2.8  17.0   1:18a     W
 4  54.1  68.8   2:44p  37.8   6:57a  11.2   0.2  0.00   0.2   9.0   2:57p   SSE
 5  52.7  59.9   1:24p  46.0  10:22p  12.3   0.0  0.00   0.4  13.0   1:59p   WSW
 6  46.7  49.8   2:22p  42.2   9:44p  18.4   0.0  0.71   0.5  10.0   5:27a     E
 7  43.3  51.2  10:26a  31.4  11:59p  21.8   0.0  0.01   6.2  33.0   1:04p    NW
 8  38.1  48.6  12:05p  26.6   6:18a  37.3   0.0  0.00   1.2  15.0   1:09p   SSE
 9  41.8  53.6  12:38p  31.7  11:54p  23.2   0.0  0.00   0.6  17.0  10:01a    NW
10  44.4  60.9   3:11p  29.2   6:24a  20.5   0.0  0.00   0.5  11.0   5:43p   SSE
11  49.3  64.9   2:46p  34.1   7:17a  16.2   0.0  0.00   0.6  13.0  12:58p   SSE
12  49.6  56.4   2:44a  34.4  11:21p  15.4   0.0  0.00   3.7  25.0  10:37a    NW
13  35.2  42.9  12:31p  27.0   6:33a  29.8   0.0  0.01   1.6  18.0  10:36p     W
14  33.7  38.8  12:30p  27.4  11:32p  31.2   0.0  0.00   5.1  21.0  11:08a   WNW
15  30.9  39.7   2:51p  24.2   9:22p  34.1   0.0  0.00   1.9  14.0   8:50a   WSW
16  34.9  41.3  12:36p  24.7  12:10a  30.0   0.0  0.14   0.8  11.0   8:11a   SSE
17  37.9  41.2   2:47p  33.3  11:59p  27.0   0.0  0.46   1.2  18.0   9:55p   WNW
18  23.8  33.2  12:01a  19.9   8:41p  40.8   0.0  0.01   6.0  29.0  10:28a   WSW
19  24.2  30.3   2:33p  16.3   7:08a  40.6   0.0  0.00   2.8  17.0   3:31p   WSW
20  32.8  42.6   1:38p  24.7   9:49p  32.4   0.0  0.00   2.7  23.0  12:20p   WNW
21  26.7  33.6  12:51p  18.0  12:00m  38.1   0.0  0.00   4.3  24.0  10:40a    NW
22  28.0  41.0   2:44p  11.8   6:45a  36.9   0.0  0.00   0.4  13.0  11:01a   SSE
23  42.9  56.3   3:01p  29.4   5:17a  22.3   0.0  0.17   0.4   9.0   7:09p   ESE
24  60.3  68.6  11:50a  43.7  12:03a   5.3   0.6  0.71   3.7  30.0  12:39p   SSE
25  47.2  60.5  12:01a  34.8  11:25p  17.8   0.0  0.00   2.1  22.0   1:21p   WSW
26  34.6  40.8   5:49a  32.3   4:49p  30.3   0.0  0.24   1.0  12.0   7:09p    NW
27  33.2  36.6   2:00p  30.0   6:40a  31.8   0.0  0.32   1.2  14.0  11:09p    NW
28  29.7  35.4  10:46a  22.3   9:59p  35.1   0.0  0.03   3.6  20.0   4:40a   WNW
29  30.3  36.9   2:44p  21.5   2:55a  34.9   0.0  0.03   1.2  10.0  11:42a   ESE
30  39.0  45.3   3:07p  32.3   2:46a  26.0   0.0  0.26   0.2   9.0   9:32a   SSE
-------------------------------------------------------------------------------------
    39.4  68.8     4    11.8    22   780.6   0.8  3.11   2.3  34.0     2      NW

Max >=  90.0:  0
Max <=  32.0:  1
Min <=  32.0: 17
Min <=   0.0:  0
Max Rain: 0.71 ON 11/06/14
Days of Rain: 10 (>.01 in) 8 (>.1 in) 0 (>1 in)
Heat Base:  65.0  Cool Base:  65.0  Method: Integration