NOAA-Style Climate Reports

WeatherLink Software Version 6.0.3
Discontinued 1/31/2017
Select a Year or Month report
2018: Jan Feb Mar Apr May Jun Jul Aug Sep Oct Nov Dec
2017: Jan Feb Mar Apr May Jun Jul Aug Sep Oct Nov Dec
2016: Jan Feb Mar Apr May Jun Jul Aug Sep Oct Nov Dec
2015: Jan Feb Mar Apr May Jun Jul Aug Sep Oct Nov Dec
2014: Jan Feb Mar Apr May Jun Jul Aug Sep Oct Nov Dec
2013: Jan Feb Mar Apr May Jun Jul Aug Sep Oct Nov Dec
2012: Jan Feb Mar Apr May Jun Jul Aug Sep Oct Nov Dec
2011: Jan Feb Mar Apr May Jun Jul Aug Sep Oct Nov Dec
2010: Jan Feb Mar Apr May Jun Jul Aug Sep Oct Nov Dec

Report for 2014 December
                   MONTHLY CLIMATOLOGICAL SUMMARY for DEC. 2014

NAME: cvweather   CITY: Mechanicsburg   STATE: PA 
ELEV:   439 ft  LAT:  40° 13' 22" N  LONG:  77° 00' 51" W

                   TEMPERATURE (°F), RAIN  (in), WIND SPEED (mph)

                                      HEAT  COOL        AVG
    MEAN                              DEG   DEG         WIND                 DOM
DAY TEMP  HIGH   TIME   LOW    TIME   DAYS  DAYS  RAIN  SPEED HIGH   TIME    DIR
------------------------------------------------------------------------------------
 1  44.5  62.2  12:40p  34.3   4:24a  20.5   0.0  0.17   2.2  20.0   3:51p    NW
 2  32.3  38.2  12:01a  30.4   2:43p  32.8   0.0  0.09   1.8  15.0  12:41a     N
 3  36.1  43.4   5:09p  30.0  10:54p  28.9   0.0  0.06   0.9  20.0   6:24p   WNW
 4  32.9  39.8  11:51a  27.0   1:47a  48.5   0.0  0.00   1.2  12.0   2:00p    NW
 5  34.0  37.1   1:06p  27.6  12:13a  30.9   0.0  0.40   0.9  10.0   3:03a     E
 6  38.7  41.0   2:50p  36.1  12:27a  23.9   0.0  0.54   2.9  27.0   9:53p     N
 7  35.6  42.0   1:00p  26.6  11:56p  29.4   0.0  0.00   5.4  26.0   2:16a     N
 8  27.5  30.2   7:06p  21.5   4:06a  37.4   0.0  0.00   1.7  11.0   5:26a     E
 9  36.4  43.3   8:30p  29.0  12:01a  28.6   0.0  0.28   3.5  22.0   8:09p    NW
10  38.6  45.7  11:06a  31.5  10:10p  26.3   0.0  0.00   8.4  29.0  11:28a    NW
11  32.1  34.5  11:59p  29.9   7:13p  32.8   0.0  0.03   5.2  24.0  12:55p   WSW
12  35.7  38.3   1:55p  29.8   9:13p  29.2   0.0  0.03   4.8  19.0   2:32p    NW
13  34.4  39.1   2:02p  28.9   1:26a  30.7   0.0  0.00   3.4  18.0   1:30p    NW
14  43.9  47.6  12:33p  29.8  12:04a  21.0   0.0  0.00   4.3  25.0   6:03a    NW
15  41.2  47.5   2:03p  31.0  11:59p  23.8   0.0  0.00   1.0   9.0  12:08a   NNW
16  38.0  41.7   6:46p  30.5  12:17a  26.9   0.0  0.13   1.1  14.0  12:03p     E
17  41.2  48.3  10:28a  35.8  11:57p  23.8   0.0  0.00   4.2  22.0   1:33p    NW
18  34.1  35.9  12:01a  32.5   5:35a  30.9   0.0  0.00   6.4  23.0   4:31a    NW
19  33.6  40.9  12:57p  26.6   8:55p  31.4   0.0  0.00   4.8  19.0  11:36a    NW
20  28.9  34.7   2:22p  22.8   9:18p  36.0   0.0  0.00   1.4  10.0   4:57a    NW
21  27.9  36.6   1:41p  20.4  11:55p  37.1   0.0  0.00   0.7  10.0   3:04p   WSW
22  26.5  34.0   3:45p  15.6   7:32a  38.3   0.0  0.20   0.0   8.0   7:59a    NE
23  38.8  44.8  11:55p  33.0  12:05a  26.1   0.0  0.32   0.2   8.0   6:58p     E
24  45.9  51.5  11:50p  43.4   7:12a  19.1   0.0  0.60   0.9  19.0  11:53p     E
25  44.7  50.9  12:01a  35.1  11:58p  20.3   0.0  0.10   4.5  26.0  12:12p    NW
26  35.6  48.4   3:15p  26.2   7:12a  29.5   0.0  0.00   0.5  12.0  12:27a   WSW
27  40.4  56.9   3:00p  25.7   7:58a  24.6   0.0  0.00   0.3   8.0   3:44p   SSE
28  44.7  51.5   1:32p  40.3  11:22p  20.3   0.0  0.03   1.9  15.0   6:22p    NW
29  35.3  42.8  12:48p  24.4  11:29p  29.6   0.0  0.00   1.3  13.0  12:38a    NW
30  27.4  35.9   3:01p  20.3  12:00m  37.7   0.0  0.00   1.8  14.0   2:39p    NW
31  25.5  31.4   3:12p  17.9  11:49p  39.3   0.0  0.00   3.1  18.0   1:19p    SW
-------------------------------------------------------------------------------------
    35.9  62.2     1    15.6    22   915.6   0.0  2.98   2.6  29.0    10      NW

Max >=  90.0:  0
Max <=  32.0:  2
Min <=  32.0: 23
Min <=   0.0:  0
Max Rain: 0.60 ON 12/24/14
Days of Rain: 14 (>.01 in) 8 (>.1 in) 0 (>1 in)
Heat Base:  65.0  Cool Base:  65.0  Method: Integration