NOAA-Style Climate Reports

WeatherLink Software Version 6.0.3
Discontinued 1/31/2017
Select a Year or Month report
2018: Jan Feb Mar Apr May Jun Jul Aug Sep Oct Nov Dec
2017: Jan Feb Mar Apr May Jun Jul Aug Sep Oct Nov Dec
2016: Jan Feb Mar Apr May Jun Jul Aug Sep Oct Nov Dec
2015: Jan Feb Mar Apr May Jun Jul Aug Sep Oct Nov Dec
2014: Jan Feb Mar Apr May Jun Jul Aug Sep Oct Nov Dec
2013: Jan Feb Mar Apr May Jun Jul Aug Sep Oct Nov Dec
2012: Jan Feb Mar Apr May Jun Jul Aug Sep Oct Nov Dec
2011: Jan Feb Mar Apr May Jun Jul Aug Sep Oct Nov Dec
2010: Jan Feb Mar Apr May Jun Jul Aug Sep Oct Nov Dec

Report for 2015 January
                   MONTHLY CLIMATOLOGICAL SUMMARY for JAN. 2015

NAME: cvweather   CITY: Mechanicsburg   STATE: PA 
ELEV:   439 ft  LAT:  40° 13' 22" N  LONG:  77° 00' 51" W

                   TEMPERATURE (°F), RAIN  (in), WIND SPEED (mph)

                                      HEAT  COOL        AVG
    MEAN                              DEG   DEG         WIND                 DOM
DAY TEMP  HIGH   TIME   LOW    TIME   DAYS  DAYS  RAIN  SPEED HIGH   TIME    DIR
------------------------------------------------------------------------------------
 1  27.9  39.8   3:38p  14.8   7:28a  36.8   0.0  0.00   2.2  30.0   1:19p    SW
 2  30.9  41.9   3:06p  23.0  11:57p  34.2   0.0  0.00   0.9  13.0  11:55a    SW
 3  29.0  34.0   9:41p  20.2   4:09a  35.9   0.0  0.45   0.4  11.0  12:06p   ESE
 4  38.9  48.5   8:43p  33.2  12:01a  26.1   0.0  0.26   2.1  35.0  10:30p   WSW
 5  29.6  42.0  12:01a  16.8  11:59p  35.3   0.0  0.00   8.5  34.0   3:40a    NW
 6  16.4  22.6   3:00p   8.2  10:45p  47.9   0.0  0.00   0.8   7.0   8:35a   ESE
 7  15.2  20.0   1:59p   8.2  11:53p  49.3   0.0  0.00   6.2  31.0   8:09p    NW
 8  12.8  17.9  12:00m   6.4   7:35a 145.0   0.0  0.00   3.5  17.0   4:39a   SSE
 9  22.9  31.0   1:17p  15.8   8:21p  41.7   0.0  0.01   4.1  27.0  11:53a   WSW
10  12.2  18.8   4:36p   5.2  11:09p  52.7   0.0  0.00   3.1  21.0   1:23a   WSW
11  23.1  34.6   3:22p   5.8  12:01a  41.5   0.0  0.01   1.1  13.0   1:40p   SSE
12  32.8  35.9   9:52p  30.8  12:55a  32.0   0.0  0.08   0.9  17.0  11:33p   SSE
13  23.1  35.0  12:01a  13.0  10:40p  41.6   0.0  0.00   4.4  19.0   2:11a     N
14  21.2  25.8   3:43p  14.9  12:03a  43.2   0.0  0.00   0.6   8.0  12:47a    NE
15  27.3  34.6   3:23p  20.9  11:46p  37.7   0.0  0.00   1.5  13.0   6:02a    NW
16  30.3  38.8  12:52p  20.3  12:24a  34.6   0.0  0.00   5.3  26.0   4:36p    NW
17  22.5  32.3   3:48p  13.1   5:19a  42.1   0.0  0.00   2.1  15.0   1:48p   SSE
18  27.9  35.0   3:49p  18.6   1:07a  36.9   0.0  0.00   0.7  15.0  11:29a    NE
19  36.6  41.6  10:05a  26.1  12:08a  28.4   0.0  0.01   2.7  21.0   1:19p    NW
20  32.2  40.1   1:11p  27.2   3:53a  32.7   0.0  0.01   0.1   8.0   2:46p    NW
21  26.3  28.6  10:44a  21.3   5:35a  38.4   0.0  0.00   0.3   7.0   6:44a     E
22  31.8  38.3   2:09p  26.6  12:01a  33.1   0.0  0.23   2.0  17.0   1:17p    NW
23  32.2  38.2   1:22p  21.5   8:04a  32.7   0.0  0.03   0.8  13.0   3:47a   SSE
24  33.9  39.5   4:11p  31.2   5:25a  30.8   0.0  0.36   3.0  28.0   8:31p    NW
25  36.1  39.3   1:22p  31.4  11:56p  28.9   0.0  0.32   1.2  15.0  12:01a   WSW
26  24.4  31.4  12:01a  22.7   6:41a  40.2   0.0  0.00   2.9  18.0   5:16a   ENE
27  26.3  32.5   1:59p  19.0  11:34p  38.5   0.0  0.11   5.5  23.0  12:00m    NW
28  22.6  30.9   1:52p  15.0   3:19a  42.0   0.0  0.02   5.9  24.0   1:30a    NW
29  20.9  32.1   3:09p   7.1   6:29a  43.5   0.0  0.00   1.2  11.0   2:14p   ESE
30  27.3  35.4  10:13a  14.0  11:59p  37.6   0.0  0.06   7.8  34.0   5:12p    NW
31  17.6  26.9   4:18p  11.5  12:00m  46.8   0.0  0.00   4.8  22.0   3:05a    NW
-------------------------------------------------------------------------------------
    26.2  48.5     4     5.2    10  1288.1   0.0  1.96   2.8  35.0     4      NW

Max >=  90.0:  0
Max <=  32.0: 10
Min <=  32.0: 30
Min <=   0.0:  0
Max Rain: 0.45 ON 01/03/15
Days of Rain: 10 (>.01 in) 6 (>.1 in) 0 (>1 in)
Heat Base:  65.0  Cool Base:  65.0  Method: Integration