NOAA-Style Climate Reports

WeatherLink Software Version 6.0.3
Discontinued 1/31/2017
Select a Year or Month report
2018: Jan Feb Mar Apr May Jun Jul Aug Sep Oct Nov Dec
2017: Jan Feb Mar Apr May Jun Jul Aug Sep Oct Nov Dec
2016: Jan Feb Mar Apr May Jun Jul Aug Sep Oct Nov Dec
2015: Jan Feb Mar Apr May Jun Jul Aug Sep Oct Nov Dec
2014: Jan Feb Mar Apr May Jun Jul Aug Sep Oct Nov Dec
2013: Jan Feb Mar Apr May Jun Jul Aug Sep Oct Nov Dec
2012: Jan Feb Mar Apr May Jun Jul Aug Sep Oct Nov Dec
2011: Jan Feb Mar Apr May Jun Jul Aug Sep Oct Nov Dec
2010: Jan Feb Mar Apr May Jun Jul Aug Sep Oct Nov Dec

Report for 2015 February
                   MONTHLY CLIMATOLOGICAL SUMMARY for FEB. 2015

NAME: cvweather   CITY: Mechanicsburg   STATE: PA 
ELEV:   439 ft  LAT:  40° 13' 22" N  LONG:  77° 00' 51" W

                   TEMPERATURE (°F), RAIN  (in), WIND SPEED (mph)

                                      HEAT  COOL        AVG
    MEAN                              DEG   DEG         WIND                 DOM
DAY TEMP  HIGH   TIME   LOW    TIME   DAYS  DAYS  RAIN  SPEED HIGH   TIME    DIR
------------------------------------------------------------------------------------
 1  27.4  37.4   3:13p   9.9   1:46a  37.2   0.0  0.07   0.7  12.0   3:56p   ESE
 2  28.8  40.2   1:02p  17.6  11:58p  35.9   0.0  0.32   5.3  36.0   2:18p    NW
 3  19.7  28.2   4:25p  13.4   6:11a  45.0   0.0  0.00   2.9  24.0   3:11a    SW
 4  29.3  40.2   3:51p  14.5  12:01a  35.6   0.0  0.08   0.8  15.0   2:27p   SSE
 5  24.8  35.2   4:20a  13.2  11:55p  40.1   0.0  0.00   7.4  36.0   8:30a    NW
 6  14.9  33.0   3:27p   3.1   7:33a  65.5   0.0  0.00   1.2  17.0  12:39p    SW
 7  30.1  41.2   1:32p  14.8   1:16a  34.7   0.0  0.00   0.7  14.0   3:33p   SSE
 8  33.7  38.0   2:39p  28.6   3:55a  31.2   0.0  0.00   0.1   7.0   5:35p     E
 9  31.6  36.2  12:12a  27.2  10:57p  33.6   0.0  0.04   2.4  15.0   9:35a     E
10  29.4  34.5   4:03p  25.8  11:54p  40.1   0.0  0.06   4.5  21.0   2:55p     N
11  28.4  35.9   3:59p  16.5   7:25a  36.7   0.0  0.00   1.0  12.0   1:05a    NW
12  28.0  37.5  11:37a  11.4  11:53p  36.8   0.0  0.00   6.9  33.0   7:49p    NW
13  14.7  23.7   4:10p   8.3   6:07a  50.5   0.0  0.00   5.1  30.0  12:08a    NW
14  21.4  31.1   4:01p   8.5  11:53p  43.1   0.0  0.00   4.1  36.0   9:06p   SSE
15   7.0  12.8   3:42p   2.0   7:12a  57.6   0.0  0.00  11.4  38.0  12:33a    NW
16   7.2  13.8   4:03p  -1.8   4:45a  55.6   0.0  0.00   2.7  19.0  12:42a    NW
17  14.3  25.2   3:57p   4.4   7:42a  50.3   0.0  0.03   0.6  12.0   1:18p    SW
18  17.2  30.1   1:10p   0.5   7:16a  47.5   0.0  0.01   2.9  30.0   7:07p   WNW
19  10.3  15.8   1:24p   1.4  11:57p  54.4   0.0  0.00   7.7  29.0   3:48p   WNW
20   6.3  16.3   3:49p  -0.9   5:49a  57.8   0.0  0.00   4.5  25.0   2:14a   WNW
21  16.8  24.7  10:29p   5.9   1:47a  48.0   0.0  0.00   2.5  20.0   8:50a   SSE
22  32.1  42.7   3:22p  23.7   7:26a  32.8   0.0  0.18   1.3  18.0   8:45p    NW
23  21.5  32.6  12:01a   8.4  11:55p  43.7   0.0  0.00   6.6  23.0  12:42p    NW
24  12.6  24.2   3:25p  -3.9   6:57a  51.9   0.0  0.00   2.0  19.0   1:09p   SSE
25  24.2  38.0   3:19p   5.6   6:38a  53.4   0.0  0.00   0.8  17.0  12:22p   WSW
26  26.7  31.1   1:33p  22.7   9:40a  38.1   0.0  0.00   2.1  14.0   7:14a   NNE
27  21.4  27.7   3:38p  14.9   7:08a  43.0   0.0  0.00   4.4  16.0   4:10p    NW
28  18.0  28.6   3:36p   6.9   6:56a  46.3   0.0  0.00   1.0  10.0   9:30a    NW
-------------------------------------------------------------------------------------
    21.4  42.7    22    -3.9    24  1246.4   0.0  0.79   3.3  38.0    15      NW

Max >=  90.0:  0
Max <=  32.0: 14
Min <=  32.0: 28
Min <=   0.0:  3
Max Rain: 0.32 ON 02/02/15
Days of Rain: 7 (>.01 in) 2 (>.1 in) 0 (>1 in)
Heat Base:  65.0  Cool Base:  65.0  Method: Integration