NOAA-Style Climate Reports

WeatherLink Software Version 6.0.3
Discontinued 1/31/2017
Select a Year or Month report
2018: Jan Feb Mar Apr May Jun Jul Aug Sep Oct Nov Dec
2017: Jan Feb Mar Apr May Jun Jul Aug Sep Oct Nov Dec
2016: Jan Feb Mar Apr May Jun Jul Aug Sep Oct Nov Dec
2015: Jan Feb Mar Apr May Jun Jul Aug Sep Oct Nov Dec
2014: Jan Feb Mar Apr May Jun Jul Aug Sep Oct Nov Dec
2013: Jan Feb Mar Apr May Jun Jul Aug Sep Oct Nov Dec
2012: Jan Feb Mar Apr May Jun Jul Aug Sep Oct Nov Dec
2011: Jan Feb Mar Apr May Jun Jul Aug Sep Oct Nov Dec
2010: Jan Feb Mar Apr May Jun Jul Aug Sep Oct Nov Dec

Report for 2015 March
                   MONTHLY CLIMATOLOGICAL SUMMARY for MAR. 2015

NAME: cvweather   CITY: Mechanicsburg   STATE: PA 
ELEV:   439 ft  LAT:  40° 13' 22" N  LONG:  77° 00' 51" W

                   TEMPERATURE (°F), RAIN  (in), WIND SPEED (mph)

                                      HEAT  COOL        AVG
    MEAN                              DEG   DEG         WIND                 DOM
DAY TEMP  HIGH   TIME   LOW    TIME   DAYS  DAYS  RAIN  SPEED HIGH   TIME    DIR
------------------------------------------------------------------------------------
 1  23.2  27.4   6:27p  13.1  12:01a  41.2   0.0  0.00   1.1  11.0  11:04a   SSE
 2  29.6  36.2   3:08p  22.2  11:59p  35.3   0.0  0.26   5.1  30.0   8:29a   WNW
 3  25.6  31.1  11:50p  16.1   2:48a  39.3   0.0  0.00   2.5  15.0   1:24p   SSE
 4  37.0  47.0   1:33p  31.0  12:09a  28.1   0.0  0.45   0.2   8.0   9:24p    NW
 5  24.5  34.1  12:01a  13.8  11:41p  40.3   0.0  0.08   3.4  18.0   4:02a    NW
 6  12.3  24.0   3:30p   1.8   6:36a 140.1   0.0  0.22   0.7  13.0  12:01a    SW
 7   9.9  43.5   3:27p   1.9   6:07a 201.0   0.0  0.07   0.6  10.0   3:42p    SW
 8  36.1  50.1   4:02p  22.0   5:41a  30.5   0.0  0.00   2.1  25.0  12:31p    NW
 9  41.9  55.4   4:15p  29.1  12:01a  27.5   0.0  0.00   0.3  11.0  11:52a    SW
10  38.1  48.9   1:18p  28.7   5:06a  31.5   0.0  0.41   0.2  10.0  11:34a     E
11  46.5  59.9   3:56p  37.4   7:41a  18.5   0.0  0.04   2.5  20.0   5:05p   WNW
12  43.2  52.6   4:12p  29.7  12:00m  21.8   0.0  0.00   4.9  23.0   4:05a    NW
13  36.7  47.7   2:35p  23.3   7:13a  28.2   0.0  0.17   1.3  14.0   2:46p   SSE
14  39.3  43.7  11:58p  35.1  12:03a  26.8   0.0  0.59   0.7  21.0  10:57p     E
15  40.7  44.8  12:43a  33.3  11:35p  27.8   0.0  0.00   8.5  31.0   1:30p   WNW
16  42.6  60.2   4:15p  26.2   6:58a  22.7   0.0  0.00   0.4  13.0   1:37a   SSE
17  47.5  63.1  11:01a  32.7  11:58p  19.9   0.0  0.00   7.4  36.0   9:54p    NW
18  35.6  44.6   4:22p  28.0   6:17a  36.9   0.0  0.00   7.2  28.0   2:23p    NW
19  35.7  46.5   4:27p  25.1   5:13a  34.5   0.0  0.00   1.2  13.0  12:48a    NW
20  32.3  35.6   3:54a  31.0   6:15a  38.8   0.0  0.20   1.8  13.0   9:17a     E
21  39.9  55.0   4:49p  30.8   6:20a  29.5   0.0  0.14   1.6  26.0  10:03p    SW
22  39.5  47.7   4:15p  32.2   7:01a  31.8   0.0  0.00   5.3  25.0  12:37a    NW
23  33.4  43.7   4:10p  22.2   6:54a  36.0   0.0  0.00   2.7  13.0  12:07a    NW
24  33.3  41.8   5:25p  25.2  11:47p  35.2   0.0  0.00   0.9   9.0   1:45a   NNE
25  31.7  43.5   6:18p  20.6   3:22a  40.1   0.0  0.07   0.7  10.0   2:29p   ESE
26  46.3  71.5   3:41p  30.8   4:41a  21.8   0.6  0.37   2.7  26.0   5:39p    NW
27  42.4  50.4   3:29p  35.2  12:00m  28.5   0.0  0.03   4.7  18.0   4:56p    NW
28  29.6  35.2  12:01a  25.5   8:25a  42.1   0.0  0.00   7.3  28.0   4:57p    NW
29  33.0  45.5   4:40p  19.3   7:23a  45.5   0.0  0.00   2.7  17.0   3:22a    NW
30  44.4  57.6   3:59p  36.3   3:35a  20.9   0.0  0.00   3.7  25.0   4:03p   SSE
31  40.4  54.3  12:35p  31.6   2:45a  27.9   0.0  0.06   2.5  16.0   3:45p   NNW
-------------------------------------------------------------------------------------
    35.2  71.5    26     1.8     6  1250.0   0.6  3.16   2.8  36.0    17      NW

Max >=  90.0:  0
Max <=  32.0:  3
Min <=  32.0: 24
Min <=   0.0:  0
Max Rain: 0.59 ON 03/14/15
Days of Rain: 15 (>.01 in) 9 (>.1 in) 0 (>1 in)
Heat Base:  65.0  Cool Base:  65.0  Method: Integration