NOAA-Style Climate Reports

WeatherLink Software Version 6.0.3
Discontinued 1/31/2017
Select a Year or Month report
2018: Jan Feb Mar Apr May Jun Jul Aug Sep Oct Nov Dec
2017: Jan Feb Mar Apr May Jun Jul Aug Sep Oct Nov Dec
2016: Jan Feb Mar Apr May Jun Jul Aug Sep Oct Nov Dec
2015: Jan Feb Mar Apr May Jun Jul Aug Sep Oct Nov Dec
2014: Jan Feb Mar Apr May Jun Jul Aug Sep Oct Nov Dec
2013: Jan Feb Mar Apr May Jun Jul Aug Sep Oct Nov Dec
2012: Jan Feb Mar Apr May Jun Jul Aug Sep Oct Nov Dec
2011: Jan Feb Mar Apr May Jun Jul Aug Sep Oct Nov Dec
2010: Jan Feb Mar Apr May Jun Jul Aug Sep Oct Nov Dec

Report for 2015 April
                   MONTHLY CLIMATOLOGICAL SUMMARY for APR. 2015

NAME: cvweather   CITY: Mechanicsburg   STATE: PA 
ELEV:   439 ft  LAT:  40° 13' 22" N  LONG:  77° 00' 51" W

                   TEMPERATURE (°F), RAIN  (in), WIND SPEED (mph)

                                      HEAT  COOL        AVG
    MEAN                              DEG   DEG         WIND                 DOM
DAY TEMP  HIGH   TIME   LOW    TIME   DAYS  DAYS  RAIN  SPEED HIGH   TIME    DIR
------------------------------------------------------------------------------------
 1
 2
 3
 4  47.2  54.3   2:57p  34.1  11:58p  77.8   0.0  0.00   6.8  32.0   3:36p   WNW
 5  38.9  65.6   5:20p  31.5   7:22a 111.2   0.0  0.00   0.7  30.0  12:20p    SW
 6  55.0  76.2   2:50p  31.3   5:10a  12.3   2.3  0.00   1.1  24.0   3:25p     S
 7  57.9  71.3   2:25p  49.4  12:00m   7.8   0.7  0.03   1.1  21.0   7:35p   NNE
 8  43.3  49.4  12:05a  38.4  11:55p  21.1   0.0  0.23   4.4  18.0   2:40a   ESE
 9  40.4  42.8   4:35p  38.0   1:55a  24.5   0.0  0.13   2.8  17.0  10:05p   ESE
10  44.7  54.0   5:50p  38.6   6:25a  19.5   0.0  0.06   1.6  12.0   5:30a   ESE
11  50.1  59.9   4:25p  37.7   5:50a  15.0   0.0  0.00   5.7  31.0   8:45a    NW
12  51.2  68.9   4:10p  29.0   6:45a  12.7   0.3  0.00   0.9  11.0   6:05p   SSE
13  61.0  76.2   4:45p  45.3   6:35a   6.9   2.9  0.00   2.9  20.0   5:20p   SSE
14  57.0  61.7  12:05a  47.1  12:00m   8.0   0.0  0.05   1.3  15.0   7:50a     N
15  54.1  68.7   4:05p  37.9   5:05a  11.3   0.4  0.00   2.2  20.0  11:15a     N
16  56.6  71.3   2:40p  36.7   6:55a   9.5   1.0  0.01   2.4  19.0   3:20p   SSE
17  60.2  74.2   3:40p  51.0   5:10a   6.6   1.8  0.12   1.1  16.0   6:30p    NW
18  64.7  81.8   4:45p  44.3   6:50a   5.8   5.4  0.00   1.8  18.0  10:35p   WNW
19  57.6  67.6   1:45p  44.5   6:55a   7.5   0.2  0.01   4.8  21.0  10:30p   ESE
20  57.2  71.3   3:20p  47.0   2:15a   8.5   0.7  2.68   3.5  24.0   3:10a     E
21  55.9  62.7   3:20p  46.1  12:00m   9.1   0.0  0.19   3.1  27.0  10:25a    SW
22  49.1  63.8  10:50a  40.0  11:45p  15.9   0.0  0.10   3.2  35.0  12:30p   WNW
23  41.7  47.4   1:50p  33.8   6:35a  23.3   0.0  0.00   5.5  25.0   8:45p    NW
24  45.1  56.6   4:30p  35.5   6:20a  19.9   0.0  0.00   7.9  31.0   3:00p    NW
25  44.7  57.4   4:30p  31.9   5:05a  20.3   0.0  0.00   0.8  12.0  12:45a   WSW
26  49.5  62.2   3:55p  35.4   6:40a  15.5   0.0  0.00   2.5  19.0   1:35p     N
27  48.2  57.6  12:50p  37.1   2:35a  16.8   0.0  0.00   3.4  19.0   3:10p    NW
28  56.6  71.0   3:35p  45.6   4:25a   9.2   0.8  0.00   3.8  21.0  11:00a    NW
29  58.6  76.1   4:45p  39.4   6:35a   9.2   2.8  0.00   1.1  13.0  11:55a   WSW
30  57.3  72.1   3:15p  43.4   6:40a   8.6   0.9  0.20   1.8  16.0   3:15p     E
-------------------------------------------------------------------------------------
    52.0  81.8    18    29.0    12   513.8  20.2  3.81   2.9  35.0    22      NW

Max >=  90.0:  0
Max <=  32.0:  0
Min <=  32.0:  4
Min <=   0.0:  0
Max Rain: 2.68 ON 04/20/15
Days of Rain: 10 (>.01 in) 6 (>.1 in) 1 (>1 in)
Heat Base:  65.0  Cool Base:  65.0  Method: Integration