NOAA-Style Climate Reports

WeatherLink Software Version 6.0.3
Discontinued 1/31/2017
Select a Year or Month report
2018: Jan Feb Mar Apr May Jun Jul Aug Sep Oct Nov Dec
2017: Jan Feb Mar Apr May Jun Jul Aug Sep Oct Nov Dec
2016: Jan Feb Mar Apr May Jun Jul Aug Sep Oct Nov Dec
2015: Jan Feb Mar Apr May Jun Jul Aug Sep Oct Nov Dec
2014: Jan Feb Mar Apr May Jun Jul Aug Sep Oct Nov Dec
2013: Jan Feb Mar Apr May Jun Jul Aug Sep Oct Nov Dec
2012: Jan Feb Mar Apr May Jun Jul Aug Sep Oct Nov Dec
2011: Jan Feb Mar Apr May Jun Jul Aug Sep Oct Nov Dec
2010: Jan Feb Mar Apr May Jun Jul Aug Sep Oct Nov Dec

Report for 2015 May
                   MONTHLY CLIMATOLOGICAL SUMMARY for MAY. 2015

NAME: cvweather   CITY: Mechanicsburg   STATE: PA 
ELEV:   439 ft  LAT:  40° 13' 22" N  LONG:  77° 00' 51" W

                   TEMPERATURE (°F), RAIN  (in), WIND SPEED (mph)

                                      HEAT  COOL        AVG
    MEAN                              DEG   DEG         WIND                 DOM
DAY TEMP  HIGH   TIME   LOW    TIME   DAYS  DAYS  RAIN  SPEED HIGH   TIME    DIR
------------------------------------------------------------------------------------
 1  54.6  62.1   3:00p  48.5   5:25a  10.4   0.0  0.00   0.7  10.0   3:10a   ESE
 2  61.3  75.2   4:20p  49.6   6:45a   6.2   2.5  0.00   0.8  13.0  11:15a    NW
 3  63.2  81.2   4:05p  44.0   6:45a   6.7   4.9  0.00   0.8  13.0   5:00p   WSW
 4  66.8  84.3   4:30p  46.2   6:30a   5.3   7.2  0.00   1.3  16.0   3:05p   SSE
 5  68.5  79.5   5:15p  58.0   3:10a   1.6   5.1  0.01   0.6  10.0  11:10a   WSW
 6  63.3  72.8   3:25p  57.7  11:30p   2.8   1.2  0.20   1.3  17.0  10:25a    NE
 7  67.4  81.1   3:35p  53.2   6:40a   3.0   5.4  0.00   0.6  10.0   2:55p   SSE
 8  71.1  85.4   2:55p  56.4   6:10a   1.9   8.0  0.00   1.3  12.0   5:05p   SSE
 9  66.3  78.0   3:45p  55.4   5:25a   2.6   3.9  0.00   1.1  14.0   2:00p   SSE
10  72.0  84.6   4:55p  58.3   4:35a   1.1   8.1  0.00   1.6  17.0  12:25p   SSE
11  74.9  86.1   2:50p  67.1   6:25a   0.0   9.9  0.00   1.8  15.0   3:20p   SSE
12  72.4  83.0   4:15p  61.3  12:00m   0.2   7.7  0.01   4.2  29.0   4:30p   WSW
13  58.9  67.0   3:15p  52.7  12:00m   6.2   0.0  0.00   6.6  23.0   9:00a    NW
14  55.7  71.9   5:05p  40.0   6:10a  10.1   0.8  0.00   0.8  11.0   8:30a    NW
15  62.2  76.7   4:25p  46.6  12:40a   5.9   3.1  0.00   1.6  15.0   9:05a   SSE
16  68.1  87.3   2:50p  57.0   2:10a   2.2   5.3  0.15   0.3  15.0   4:05p   SSE
17  69.1  80.8   5:25p  63.4   5:30a   0.1   3.8  0.29   0.2  10.0   6:35p   WSW
18  73.2  88.1   2:45p  64.7   3:30a   0.0   8.2  0.71   0.9  23.0   4:45p   SSE
19  71.0  85.2   3:20p  61.5   6:10a   0.8   6.8  0.28   1.9  20.0   6:45p   WNW
20  58.0  66.7  12:05a  50.9  10:25p   7.1   0.0  0.00   4.5  21.0   1:50p    NW
21  53.1  57.7   2:10p  50.8   3:20a  11.9   0.0  0.03   0.4   9.0  11:55p   WNW
22  59.7  72.8   4:45p  42.9   6:10a   6.9   1.6  0.00   4.1  28.0   3:30p   WNW
23  56.6  72.3   5:25p  39.5   6:30a   9.5   1.0  0.00   1.1  14.0  12:45a    NW
24  63.2  81.6   3:10p  41.3   5:55a   7.3   5.5  0.00   0.7  15.0   6:15p   SSE
25  71.6  83.9   5:05p  56.2   6:20a   1.9   8.5  0.00   1.7  17.0  12:55p   SSE
26  73.9  85.9   2:20p  59.8   5:15a   0.7   9.6  0.00   0.8  13.0   4:05p   SSE
27  72.4  83.4  11:20a  67.7  11:45p   0.0   7.4  1.95   0.8  21.0  12:10p   SSE
28  73.1  85.9   4:20p  61.9   5:55a   0.4   8.5  0.00   1.1  12.0  12:40p    NW
29  71.6  84.0   3:45p  56.4   6:15a   1.8   8.5  0.00   1.3  15.0  10:35p   SSE
30  75.1  85.9   3:10p  66.7   5:55a   0.0  10.0  0.00   1.1  16.0  12:40p   SSE
31  74.6  88.4   4:05p  66.6  12:00m   0.0   9.6  0.28   0.9  23.0   5:55p   SSE
-------------------------------------------------------------------------------------
    66.5  88.4    31    39.5    23   114.6 162.1  3.91   1.5  29.0    12     SSE

Max >=  90.0:  0
Max <=  32.0:  0
Min <=  32.0:  0
Min <=   0.0:  0
Max Rain: 1.95 ON 05/27/15
Days of Rain: 8 (>.01 in) 7 (>.1 in) 1 (>1 in)
Heat Base:  65.0  Cool Base:  65.0  Method: Integration