NOAA-Style Climate Reports

WeatherLink Software Version 6.0.3
Discontinued 1/31/2017
Select a Year or Month report
2018: Jan Feb Mar Apr May Jun Jul Aug Sep Oct Nov Dec
2017: Jan Feb Mar Apr May Jun Jul Aug Sep Oct Nov Dec
2016: Jan Feb Mar Apr May Jun Jul Aug Sep Oct Nov Dec
2015: Jan Feb Mar Apr May Jun Jul Aug Sep Oct Nov Dec
2014: Jan Feb Mar Apr May Jun Jul Aug Sep Oct Nov Dec
2013: Jan Feb Mar Apr May Jun Jul Aug Sep Oct Nov Dec
2012: Jan Feb Mar Apr May Jun Jul Aug Sep Oct Nov Dec
2011: Jan Feb Mar Apr May Jun Jul Aug Sep Oct Nov Dec
2010: Jan Feb Mar Apr May Jun Jul Aug Sep Oct Nov Dec

Report for 2016
                            ANNUAL CLIMATOLOGICAL SUMMARY

NAME: cvweather  CITY: Mechanicsburg   STATE: PA  
ELEV:   439 ft  LAT:  40° 13' 22" N  LONG:  77° 00' 51" W

               TEMPERATURE (°F), HEAT BASE 65.0, COOL BASE 65.0
                          DEP.  HEAT  COOL                                          
        MEAN  MEAN        FROM  DEG   DEG                        MAX  MAX  MIN  MIN 
 YR MO  MAX   MIN   MEAN  NORM  DAYS  DAYS  HI  DATE  LOW  DATE  >=90 <=32 <=32 <=0 
------------------------------------------------------------------------------------
 16  1
 16  2
 16  3
 16  4  62.1  38.8  50.8   0.0   790    22  82.5  26  22.6    6    0    0    8    0
 16  5  69.9  50.4  59.4   0.0   349   143  90.1  28  35.3   16    1    0    0    0
 16  6  82.2  60.0  70.8   0.0    36   211  91.8  11  45.7    9    2    0    0    0
 16  7  89.5  65.9  76.6   0.0     9   369 100.0  23  55.9    3   15    0    0    0
 16  8  87.4  65.8  75.3   0.0    11   346  95.7  13  53.0   23    9    0    0    0
 16  9  80.2  58.9  68.9   0.0    60   161  93.6   8  43.4   25    6    0    0    0
 16 10  66.1  45.9  55.8   0.0   318    32  82.3  18  27.4   26    0    0    1    0
 16 11  56.3  34.1  44.8   0.0   606     2  71.0   3  21.6   14    0    0   11    0
 16 12  40.8  26.2  33.8   0.0   960     0  59.0  27  10.5   16    0    3   24    0
------------------------------------------------------------------------------------
        70.3  49.4  59.4   0.0  3141  1285 100.0 JUL  10.5  DEC   33    3   44    0

                                PRECIPITATION (in)

               DEP.   MAX        DAYS OF RAIN 
               FROM   OBS.          OVER
 YR MO  TOTAL  NORM   DAY  DATE .01   .1   1
---------------------------------------------
 16  1
 16  2
 16  3
 16  4  1.91   0.00  0.69    7   13    6    0
 16  5  3.86   0.00  0.54   21   16   11    0
 16  6  2.44   0.00  1.10   24   11    5    1
 16  7  3.09   0.00  0.88   25   10    7    0
 16  8  2.44   0.00  0.80   21   10    7    0
 16  9  4.91   0.00  1.43    7    9    8    1
 16 10  1.21   0.00  0.45    1    6    3    0
 16 11  1.63   0.00  0.68   29    6    4    0
 16 12  2.27   0.00  0.64    6   12    6    0
---------------------------------------------
       23.76  0.00  1.43  SEP   93   57    2

                                WIND SPEED (mph)
                          DOM
 YR MO   AVG.  HI   DATE  DIR
---------------------------------
 16  1
 16  2
 16  3
 16  4   2.4  44.0    2     N
 16  5   1.0  27.0    8   SSE
 16  6   1.5  34.0   12   WNW
 16  7   0.9  29.0   25   SSE
 16  8   0.7  22.0   14   SSE
 16  9   1.0  24.0   29   SSE
 16 10   1.9  38.0   22    NW
 16 11   2.4  44.0   20   WNW
 16 12   2.7  36.0   15   WNW
---------------------------------
         1.6  44.0  APR   NW