NOAA-Style Climate Reports

WeatherLink Software Version 6.0.3
Discontinued 1/31/2017
Select a Year or Month report
2018: Jan Feb Mar Apr May Jun Jul Aug Sep Oct Nov Dec
2017: Jan Feb Mar Apr May Jun Jul Aug Sep Oct Nov Dec
2016: Jan Feb Mar Apr May Jun Jul Aug Sep Oct Nov Dec
2015: Jan Feb Mar Apr May Jun Jul Aug Sep Oct Nov Dec
2014: Jan Feb Mar Apr May Jun Jul Aug Sep Oct Nov Dec
2013: Jan Feb Mar Apr May Jun Jul Aug Sep Oct Nov Dec
2012: Jan Feb Mar Apr May Jun Jul Aug Sep Oct Nov Dec
2011: Jan Feb Mar Apr May Jun Jul Aug Sep Oct Nov Dec
2010: Jan Feb Mar Apr May Jun Jul Aug Sep Oct Nov Dec

Report for 2016 May
                   MONTHLY CLIMATOLOGICAL SUMMARY for APR. 2016

NAME: cvweather   CITY: Mechanicsburg   STATE: PA 
ELEV:   439 ft  LAT:  40° 13' 22" N  LONG:  77° 00' 51" W

                   TEMPERATURE (°F), RAIN  (in), WIND SPEED (mph)

                                      HEAT  COOL        AVG
    MEAN                              DEG   DEG         WIND                 DOM
DAY TEMP  HIGH   TIME   LOW    TIME   DAYS  DAYS  RAIN  SPEED HIGH   TIME    DIR
------------------------------------------------------------------------------------
 1  64.9  72.4   7:00p  59.1  11:59p   0.3   0.3  0.00   5.7  24.0   7:01p   WNW
 2  52.7  59.8  12:31a  40.1  12:00m  12.3   0.0  0.08   4.0  44.0   9:44p   WSW
 3  36.9  44.1   3:45p  29.1   7:39a  28.2   0.0  0.00   8.6  44.0   6:09a   WNW
 4  39.5  53.9   5:37p  30.1  11:53p  25.4   0.0  0.13   3.2  22.0   9:10p     E
 5  36.1  45.5   3:55p  25.2   6:35a 172.8   0.0  0.00   6.3  26.0   9:56a   NNW
 6  44.5  53.8   2:55p  22.6   6:29a  52.6   0.0  0.00   4.3  27.0   6:51p   SSE
 7  49.5  58.2   3:52p  42.5   2:12a  15.5   0.0  0.69   2.7  27.0   7:08p    SW
 8  40.8  48.5   4:26p  33.4  11:59p  24.1   0.0  0.04   4.7  28.0  12:06p   WSW
 9  35.4  42.2   1:19p  31.1   3:02a  29.5   0.0  0.24   3.7  22.0   2:17p    NW
10  37.5  48.2   3:43p  24.5   7:04a  27.4   0.0  0.00   2.7  16.0   3:19p   SSE
11  50.3  62.6   5:36p  40.6   4:52a  14.7   0.0  0.06   1.1  15.0   1:47p   SSE
12  52.3  59.6   1:01a  39.0  10:30p  12.7   0.0  0.04   4.6  26.0   7:48a    NW
13  44.5  56.4   4:18p  31.1   6:58a  20.1   0.0  0.00   0.9  11.0   8:20a     N
14  46.9  63.2   3:19p  29.2   6:40a  18.1   0.0  0.00   0.6  13.0   9:31a   ESE
15  50.5  65.9   2:58p  35.2   6:27a  14.5   0.0  0.00   0.7  13.0   3:25p     E
16  53.8  71.3   4:13p  34.1   6:43a  12.3   1.1  0.00   0.5  11.0  10:02a   ESE
17  57.4  76.9   5:26p  39.6   6:40a  10.1   2.6  0.00   0.3   7.0   9:17a   ESE
18  62.6  82.3   4:25p  40.9   6:23a   7.5   5.1  0.00   1.1  15.0  12:12p     N
19  61.3  75.2  11:20a  47.5   4:51a   5.8   2.1  0.00   4.1  21.0  12:07p   NNE
20  55.4  71.6   5:12p  34.5   6:36a  10.6   1.0  0.00   0.7  16.0  12:03a   SSE
21  58.1  69.8   1:40p  46.4   2:51a   7.2   0.3  0.00   1.2  16.0   9:59a   SSE
22  62.6  72.3   5:10p  53.1   6:11a   4.3   1.9  0.08   0.6  14.0   9:35p   SSE
23  58.5  66.4   1:49p  49.6  11:58p   6.5   0.0  0.12   4.0  22.0   2:10p     N
24  53.1  67.1   4:43p  35.7   6:40a  12.0   0.2  0.00   1.0  15.0   1:05a     N
25  60.6  77.2   3:05p  42.2   1:36a   7.2   2.9  0.00   0.4  10.0   3:20p   ESE
26  65.6  82.5   2:41p  52.1   6:50a   3.6   4.3  0.04   2.3  27.0   2:44p    SW
27  50.4  56.5  12:01a  46.6   7:43a  14.6   0.0  0.00   1.0  11.0   4:11a     N
28  46.5  52.9  10:48a  43.4   4:34p 137.2   0.0  0.24   1.1  11.0  10:26a   ESE
29  44.2  48.3   8:48p  43.3   8:08a  69.0   0.0  0.12   0.3   9.0   8:45a     E
30  50.8  58.4   2:44p  43.2   7:10a  14.2   0.0  0.03   0.6   8.0   1:44a   ESE
-------------------------------------------------------------------------------------
    50.8  82.5    26    22.6     6   790.3  21.8  1.91   2.4  44.0     2       N

Max >=  90.0:  0
Max <=  32.0:  0
Min <=  32.0:  8
Min <=   0.0:  0
Max Rain: 0.69 ON 04/07/16
Days of Rain: 13 (>.01 in) 6 (>.1 in) 0 (>1 in)
Heat Base:  65.0  Cool Base:  65.0  Method: Integration