NOAA-Style Climate Reports

WeatherLink Software Version 6.0.3
Discontinued 1/31/2017
Select a Year or Month report
2018: Jan Feb Mar Apr May Jun Jul Aug Sep Oct Nov Dec
2017: Jan Feb Mar Apr May Jun Jul Aug Sep Oct Nov Dec
2016: Jan Feb Mar Apr May Jun Jul Aug Sep Oct Nov Dec
2015: Jan Feb Mar Apr May Jun Jul Aug Sep Oct Nov Dec
2014: Jan Feb Mar Apr May Jun Jul Aug Sep Oct Nov Dec
2013: Jan Feb Mar Apr May Jun Jul Aug Sep Oct Nov Dec
2012: Jan Feb Mar Apr May Jun Jul Aug Sep Oct Nov Dec
2011: Jan Feb Mar Apr May Jun Jul Aug Sep Oct Nov Dec
2010: Jan Feb Mar Apr May Jun Jul Aug Sep Oct Nov Dec

Report for 2016 June
                   MONTHLY CLIMATOLOGICAL SUMMARY for JUN. 2016

NAME: cvweather   CITY: Mechanicsburg   STATE: PA 
ELEV:   439 ft  LAT:  40° 13' 22" N  LONG:  77° 00' 51" W

                   TEMPERATURE (°F), RAIN  (in), WIND SPEED (mph)

                                      HEAT  COOL        AVG
    MEAN                              DEG   DEG         WIND                 DOM
DAY TEMP  HIGH   TIME   LOW    TIME   DAYS  DAYS  RAIN  SPEED HIGH   TIME    DIR
------------------------------------------------------------------------------------
 1  74.5  88.1   3:24p  60.9   6:02a   0.8  10.2  0.00   0.9  14.0   4:13p   SSE
 2  70.9  78.9   2:31p  63.4   5:20a   0.1   6.0  0.01   0.6  10.0  10:54a   SSE
 3  70.8  77.1   5:14p  67.1  11:53p   0.0   5.8  0.14   0.3   9.0   5:08p   SSE
 4  71.4  79.7   1:21p  63.5   3:04a   0.1   6.5  0.09   0.3   9.0   8:37a   SSE
 5  71.0  82.1   2:23p  65.2   9:55p   0.0   6.0  0.69   0.7  22.0   3:31p   SSE
 6  72.8  85.1   3:28p  59.5   5:50a   0.8   8.5  0.00   1.6  21.0  12:04p   WSW
 7  70.3  80.9  12:47p  59.0  12:00m   0.5   5.8  0.04   2.5  32.0   1:11p   WNW
 8  59.2  66.0   4:20p  51.9   6:11a   5.8   0.0  0.04   5.5  32.0   4:05p   WNW
 9  62.3  75.9   4:44p  45.7   5:18a   5.7   3.0  0.00   4.4  24.0   4:16p   WNW
10  65.1  79.5   3:44p  49.7   6:08a   4.2   4.3  0.00   2.0  16.0  12:24p   WNW
11  74.1  91.8   4:24p  55.5   5:58a   2.9  12.0  0.00   2.0  22.0   1:33p   WSW
12  77.1  84.2  10:42a  65.3  11:07p   0.0  12.1  0.00   6.4  34.0  11:45a   WNW
13  67.7  77.5   3:07p  57.2   6:33a   1.4   4.1  0.00   3.3  18.0   3:45p    NW
14  67.8  80.4   5:26p  56.4   6:00a   1.6   4.5  0.00   1.3  15.0  12:08a   NNW
15  65.9  76.3   3:35p  52.2   5:48a   3.5   4.4  0.04   0.6  12.0  11:32a   SSE
16  66.9  71.1   5:40p  64.8   7:56a   0.0   1.9  0.11   0.6  14.0   9:18p   ESE
17  72.9  85.6   4:37p  63.4   6:11a   0.1   8.0  0.00   0.8  17.0  10:48p   NNE
18  71.8  87.0   4:34p  54.7   6:02a   1.9   8.7  0.00   0.3  11.0   6:41p    NW
19  74.5  89.7   4:15p  60.7   5:55a   1.0  10.5  0.00   0.5  11.0   9:24a   WSW
20  75.7  91.1   3:33p  59.7   6:00a   0.8  11.5  0.00   0.6  12.0   3:02p   WSW
21  75.8  86.3   2:59p  67.6  11:56p   0.0  10.8  0.00   0.6  16.0   6:32a   NNW
22  73.6  85.3   3:13p  63.1   5:30a   0.1   8.7  0.00   2.5  20.0   2:43p   WSW
23  70.4  85.3   2:30p  61.3   2:09a   0.6   6.0  0.11   0.5  18.0   5:28p   WSW
24  70.9  82.3   3:06p  62.5   4:43a   0.3   6.2  1.10   0.9  23.0   7:50p   ESE
25  72.5  83.6   5:03p  63.6   2:13a   0.1   7.6  0.00   0.6  15.0   2:20p   SSE
26  73.0  84.9   3:20p  59.0   5:58a   1.0   9.1  0.00   1.0  18.0   3:23p   SSE
27  72.5  81.0   5:43p  63.1   3:02a   0.1   7.6  0.04   0.9  14.0  11:17a   SSE
28  73.8  86.0   2:09p  67.2  12:00m   0.0   8.8  0.03   0.9  17.0   3:17p   ESE
29  70.1  79.9   5:21p  61.3   6:10a   0.5   5.6  0.00   2.3  17.0   1:34p   WNW
30  69.5  83.8   4:38p  55.6   5:59a   2.3   6.8  0.00   0.3  11.0   3:58p   SSE
-------------------------------------------------------------------------------------
    70.8  91.8    11    45.7     9    36.2 211.0  2.44   1.5  34.0    12     WNW

Max >=  90.0:  2
Max <=  32.0:  0
Min <=  32.0:  0
Min <=   0.0:  0
Max Rain: 1.10 ON 06/24/16
Days of Rain: 11 (>.01 in) 5 (>.1 in) 1 (>1 in)
Heat Base:  65.0  Cool Base:  65.0  Method: Integration