NOAA-Style Climate Reports

WeatherLink Software Version 6.0.3
Discontinued 1/31/2017
Select a Year or Month report
2018: Jan Feb Mar Apr May Jun Jul Aug Sep Oct Nov Dec
2017: Jan Feb Mar Apr May Jun Jul Aug Sep Oct Nov Dec
2016: Jan Feb Mar Apr May Jun Jul Aug Sep Oct Nov Dec
2015: Jan Feb Mar Apr May Jun Jul Aug Sep Oct Nov Dec
2014: Jan Feb Mar Apr May Jun Jul Aug Sep Oct Nov Dec
2013: Jan Feb Mar Apr May Jun Jul Aug Sep Oct Nov Dec
2012: Jan Feb Mar Apr May Jun Jul Aug Sep Oct Nov Dec
2011: Jan Feb Mar Apr May Jun Jul Aug Sep Oct Nov Dec
2010: Jan Feb Mar Apr May Jun Jul Aug Sep Oct Nov Dec

Report for 2016 July
                   MONTHLY CLIMATOLOGICAL SUMMARY for JUL. 2016

NAME: cvweather   CITY: Mechanicsburg   STATE: PA 
ELEV:   439 ft  LAT:  40° 13' 22" N  LONG:  77° 00' 51" W

                   TEMPERATURE (°F), RAIN  (in), WIND SPEED (mph)

                                      HEAT  COOL        AVG
    MEAN                              DEG   DEG         WIND                 DOM
DAY TEMP  HIGH   TIME   LOW    TIME   DAYS  DAYS  RAIN  SPEED HIGH   TIME    DIR
------------------------------------------------------------------------------------
 1  73.4  87.9   4:25p  60.0   6:11a   1.1   9.5  0.00   1.1  16.0   2:47p   WSW
 2  68.7  79.4   3:35p  58.8   6:21a   0.9   4.6  0.00   2.3  17.0  12:43p    NW
 3  67.0  77.3  12:48p  55.9   6:26a   2.6   4.7  0.00   0.3   9.0  12:16p   SSE
 4  67.0  73.3  11:30a  60.2   5:57a   1.0   2.9  0.40   0.4  12.0   2:55p   SSE
 5  76.5  89.7   5:20p  68.6   3:55a   0.0  11.5  0.08   1.5  17.0   3:13p   WNW
 6  79.1  91.5   3:54p  67.5   6:20a   0.0  14.1  0.00   0.6  10.0   4:17p   SSE
 7  79.1  91.2   2:48p  68.1   5:35a   0.0  14.1  0.00   1.4  18.0   4:19p   WSW
 8  75.9  88.2  12:19p  70.5   5:33a   0.0  10.9  0.79   0.7  18.0   1:11p   WSW
 9  76.9  90.1   3:44p  68.9  12:00m   0.0  11.9  0.16   1.0  22.0   6:13p   WSW
10  73.7  86.3   3:49p  63.9   4:12a   0.1   8.8  0.00   2.3  15.0   8:13a   WNW
11  72.7  88.7   4:41p  58.0   5:59a   1.2   8.9  0.00   0.4   9.0   4:57p   SSE
12  75.7  87.4   3:55p  62.9   4:34a   0.2  10.9  0.00   1.5  16.0   3:09p   SSE
13  77.9  89.9   4:22p  70.5   5:24a   0.0  12.9  0.00   0.8  13.0   5:24p   SSE
14  82.7  95.5   3:56p  73.4   6:00a   0.0  17.7  0.00   1.9  25.0  12:37p   SSE
15  80.2  92.4   5:05p  71.2   4:27a   0.0  15.2  0.00   1.3  17.0   2:42p   WSW
16  77.7  88.6   2:38p  67.9   6:17a   0.0  12.7  0.00   0.3   9.0   3:13p   SSE
17  77.1  90.3   3:44p  65.3   6:37a   0.0  12.1  0.00   0.5  13.0   3:29p   SSE
18  77.5  92.0  12:30p  64.9   6:30a   0.0  12.5  0.14   0.9  22.0   2:01p   WSW
19  76.4  89.8   3:07p  64.8   6:35a   0.0  11.4  0.00   0.9  14.0   3:04p   NNW
20  73.5  86.3   5:01p  59.0   6:32a   0.7   9.2  0.00   0.5  13.0  11:39a   NNE
21  75.2  92.0   3:59p  58.3   6:08a   1.2  11.4  0.00   0.5  13.0   1:57p   SSE
22  79.0  91.5   5:18p  64.7   5:00a   0.0  14.0  0.00   1.0  16.0   2:34p   WSW
23  83.0 100.0   2:27p  69.2   5:55a   0.0  18.0  0.02   1.8  16.0   4:24p    NW
24  79.8  96.7   2:44p  62.8   6:27a   0.2  15.0  0.00   0.7  23.0   8:33p   SSE
25  81.1  97.9   4:12p  72.4   6:08a   0.0  16.1  0.88   1.1  29.0   6:16p   WSW
26  80.3  94.3   5:07p  70.2   1:48a   0.0  15.3  0.00   0.8  14.0  12:46p   NNW
27  80.0  92.0   4:44p  67.7   6:32a   0.0  15.0  0.00   0.5  10.0   2:01p   NNE
28  76.2  89.7   2:07p  68.3   6:19a   0.0  11.2  0.07   0.2  14.0   6:24p   WSW
29  78.7  91.7   4:42p  67.6   6:27a   0.0  13.6  0.15   0.8  13.0  11:20a   NNW
30  74.8  84.2   1:15p  70.6  11:59p   0.0  10.1  0.40   0.7  12.0   2:03p   ESE
31  77.6  88.4   3:46p  69.8   1:14a   0.0  12.6  0.00   0.6  11.0  12:02a   SSE
-------------------------------------------------------------------------------------
    76.6 100.0    23    55.9     3     9.2 368.8  3.09   0.9  29.0    25     SSE

Max >=  90.0: 15
Max <=  32.0:  0
Min <=  32.0:  0
Min <=   0.0:  0
Max Rain: 0.88 ON 07/25/16
Days of Rain: 10 (>.01 in) 7 (>.1 in) 0 (>1 in)
Heat Base:  65.0  Cool Base:  65.0  Method: Integration