NOAA-Style Climate Reports

WeatherLink Software Version 6.0.3
Discontinued 1/31/2017
Select a Year or Month report
2018: Jan Feb Mar Apr May Jun Jul Aug Sep Oct Nov Dec
2017: Jan Feb Mar Apr May Jun Jul Aug Sep Oct Nov Dec
2016: Jan Feb Mar Apr May Jun Jul Aug Sep Oct Nov Dec
2015: Jan Feb Mar Apr May Jun Jul Aug Sep Oct Nov Dec
2014: Jan Feb Mar Apr May Jun Jul Aug Sep Oct Nov Dec
2013: Jan Feb Mar Apr May Jun Jul Aug Sep Oct Nov Dec
2012: Jan Feb Mar Apr May Jun Jul Aug Sep Oct Nov Dec
2011: Jan Feb Mar Apr May Jun Jul Aug Sep Oct Nov Dec
2010: Jan Feb Mar Apr May Jun Jul Aug Sep Oct Nov Dec

Report for 2016 August
                   MONTHLY CLIMATOLOGICAL SUMMARY for AUG. 2016

NAME: cvweather   CITY: Mechanicsburg   STATE: PA 
ELEV:   439 ft  LAT:  40° 13' 22" N  LONG:  77° 00' 51" W

                   TEMPERATURE (°F), RAIN  (in), WIND SPEED (mph)

                                      HEAT  COOL        AVG
    MEAN                              DEG   DEG         WIND                 DOM
DAY TEMP  HIGH   TIME   LOW    TIME   DAYS  DAYS  RAIN  SPEED HIGH   TIME    DIR
------------------------------------------------------------------------------------
 1  75.2  86.6   2:38p  68.9   5:37a   0.0  10.2  0.18   0.3  12.0   3:19p   SSE
 2  74.9  86.6   4:56p  65.4   5:39a   0.0  14.6  0.00   1.2  16.0   8:12p   ESE
 3  72.1  81.2   3:59p  67.5   6:13a   0.0  11.0  0.00   0.8  13.0   3:15p   ESE
 4  73.7  85.3   4:34p  62.4   6:12a   0.2   8.9  0.00   0.6  11.0   1:40p   SSE
 5  72.2  80.8   3:40p  62.9   5:44a   0.2   7.4  0.00   0.8  15.0   4:00p   SSE
 6  78.2  90.1   4:24p  69.7  11:53p   0.0  13.2  0.02   0.9  14.0   5:41p    NW
 7  75.0  89.3   5:10p  60.2   6:33a   0.7  10.7  0.00   0.8  13.0   4:08p    NW
 8  72.0  82.3   4:10p  62.9   6:32a   0.2   7.2  0.00   0.4   9.0  10:31a   NNE
 9  71.6  80.9  12:44p  58.9   6:31a   1.4   8.1  0.00   0.6  14.0  11:00a   SSE
10  80.8  91.4   3:37p  73.9   2:46a   0.0  15.8  0.19   0.8  14.0   3:42p   SSE
11  79.3  89.6  12:20p  72.9   4:58a   0.0  14.3  0.01   0.1   9.0  12:39p    NW
12  81.3  94.8   1:19p  72.7   6:33a   0.0  16.3  0.04   0.7  19.0   2:03p   WSW
13  79.5  95.7  12:18p  73.5   4:42a   0.0  14.5  0.40   0.4  15.0  12:57p   SSE
14  78.9  93.4   4:30p  70.2  11:56p   0.0  13.9  0.41   1.0  22.0   6:09p   WSW
15  76.9  89.8   3:13p  67.6   6:44a   0.0  11.9  0.06   0.4  13.0   2:20p    NW
16  75.8  91.5   2:46p  70.2   6:43a   0.0  10.8  0.14   0.6  17.0   2:51p   SSE
17  77.8  89.3   3:41p  70.5  11:44p   0.0  12.8  0.19   0.8  21.0   9:22p    NW
18  77.5  88.8   3:31p  69.8   6:11a   0.0  12.5  0.00   0.8  13.0   6:42p   WNW
19  76.4  89.1   3:13p  65.4   6:48a   0.0  11.4  0.00   0.4   9.0  11:41a     N
20  76.9  89.6   1:34p  63.3   6:51a   0.1  12.0  0.00   1.1  14.0   2:05p   SSE
21  74.2  81.6   3:37p  66.7  12:00m   0.0   9.2  0.80   0.7  20.0   2:03p   WNW
22  69.5  83.2   3:34p  59.4   6:09a   1.4   5.9  0.00   2.6  18.0   1:25p    NW
23  68.0  83.9   3:52p  53.0   5:26a   3.4   6.4  0.00   0.2   9.0  12:20p   SSE
24  72.2  85.1   3:21p  57.8   6:46a   1.7   8.8  0.00   0.8  14.0   1:47p   SSE
25  76.5  88.1   4:04p  65.7   6:29a   0.0  11.5  0.00   0.4  11.0   2:00a   SSE
26  80.2  93.3   2:50p  70.5  12:00m   0.0  15.1  0.00   1.4  16.0  11:29a    NW
27  76.9  89.3   3:22p  63.8   6:45a   0.1  11.9  0.00   0.6  11.0  10:47a   ESE
28  77.9  90.6   3:00p  66.7   6:20a   0.0  13.0  0.00   0.7  13.0   7:33p   SSE
29  77.5  91.9   2:47p  65.5   7:07a   0.0  15.1  0.00   0.5  11.0  10:18a   NNE
30  71.8  88.5   3:54p  59.0   6:57a   1.7  11.7  0.00   0.2  10.0   6:53p   SSE
31  64.1  66.7  12:01a  61.4   6:09a   0.3   0.1  0.00   0.0   0.0     ---   ---
-------------------------------------------------------------------------------------
    75.3  95.7    13    53.0    23    11.4 346.2  2.44   0.7  22.0    14     SSE

Max >=  90.0:  9
Max <=  32.0:  0
Min <=  32.0:  0
Min <=   0.0:  0
Max Rain: 0.80 ON 08/21/16
Days of Rain: 10 (>.01 in) 7 (>.1 in) 0 (>1 in)
Heat Base:  65.0  Cool Base:  65.0  Method: Integration