NOAA-Style Climate Reports

WeatherLink Software Version 6.0.3
Discontinued 1/31/2017
Select a Year or Month report
2018: Jan Feb Mar Apr May Jun Jul Aug Sep Oct Nov Dec
2017: Jan Feb Mar Apr May Jun Jul Aug Sep Oct Nov Dec
2016: Jan Feb Mar Apr May Jun Jul Aug Sep Oct Nov Dec
2015: Jan Feb Mar Apr May Jun Jul Aug Sep Oct Nov Dec
2014: Jan Feb Mar Apr May Jun Jul Aug Sep Oct Nov Dec
2013: Jan Feb Mar Apr May Jun Jul Aug Sep Oct Nov Dec
2012: Jan Feb Mar Apr May Jun Jul Aug Sep Oct Nov Dec
2011: Jan Feb Mar Apr May Jun Jul Aug Sep Oct Nov Dec
2010: Jan Feb Mar Apr May Jun Jul Aug Sep Oct Nov Dec

Report for 2016 September
                   MONTHLY CLIMATOLOGICAL SUMMARY for SEP. 2016

NAME: cvweather   CITY: Mechanicsburg   STATE: PA 
ELEV:   439 ft  LAT:  40° 13' 22" N  LONG:  77° 00' 51" W

                   TEMPERATURE (°F), RAIN  (in), WIND SPEED (mph)

                                      HEAT  COOL        AVG
    MEAN                              DEG   DEG         WIND                 DOM
DAY TEMP  HIGH   TIME   LOW    TIME   DAYS  DAYS  RAIN  SPEED HIGH   TIME    DIR
------------------------------------------------------------------------------------
 1
 2
 3
 4
 5  72.8  83.8   6:53p  65.9  11:58p   0.0   1.7  0.00   0.4   8.0   6:58p   WNW
 6  76.3  92.9   3:20p  62.0   3:32a   0.4  11.6  0.00   2.8  19.0  12:57p   NNW
 7  75.5  93.0   3:02p  62.3   6:51a   0.2  10.8  1.43   0.7  14.0  12:53p    NW
 8  79.6  93.6   3:18p  68.2   5:52a   0.0  14.6  0.00   0.8  14.0   3:54p   WSW
 9  80.5  90.5   3:46p  71.7   6:58a   0.0  15.5  0.47   0.6  12.0  10:27a    NW
10  76.9  91.3   3:48p  71.5   6:59a   0.0  20.9  0.73   0.5  15.0   4:08p   SSE
11  74.1  82.7   3:42p  58.9  11:57p   0.4   9.9  0.00   3.0  21.0   9:35a    NW
12
13  71.2  85.4   3:36p  57.0   2:31a   2.3   8.5  0.00   0.8  14.0  10:58a   SSE
14  74.6  90.1   3:41p  60.8   7:19a   0.4  10.0  0.00   1.0  19.0   7:06p   NNW
15  65.7  75.5   3:02p  55.9  12:00m   2.1   2.8  0.00   0.9  12.0   1:19a   NNE
16  65.9  72.7   3:34p  55.2  12:27a   2.1   3.0  0.00   1.0  10.0  11:27a    SE
17  69.4  76.7   4:46p  62.5   4:01a   0.6   5.0  0.00   0.9  14.0  12:38p   SSE
18  73.3  83.0   3:27p  67.4   6:21a   0.0   8.3  0.04   0.4  10.0   1:14a   SSE
19  70.5  74.7   5:13p  67.8  11:07p   0.0   5.5  0.57   0.0   8.0   1:57a   WNW
20  72.1  83.6   3:33p  64.1  11:56p   0.0   7.1  0.00   0.3   9.0   1:02p     N
21  69.8  83.7   3:43p  59.1   6:44a   1.4   6.2  0.00   0.2   9.0   1:38p     N
22  68.0  83.8   3:20p  54.2   7:21a   2.9   5.9  0.00   0.1   7.0   3:01p   NNE
23  69.4  88.9   3:47p  53.7   5:42a   3.3   7.7  0.00   0.4  14.0  11:41p    NW
24  65.3  75.4   3:14p  50.3  11:59p   2.0   2.3  0.00   1.4  13.0   8:59a     N
25  56.5  72.5   3:29p  43.4   7:10a   9.4   0.8  0.00   0.2   8.0   2:46p   WSW
26  58.1  64.8   1:36p  49.4  12:47a   6.8   0.0  0.21   0.7  15.0   1:48p   SSE
27  63.0  74.9   3:36p  51.6  11:58p   3.9   1.8  0.01   0.3  11.0   1:53p   WSW
28  60.4  73.3  12:20p  49.6   2:39a   5.4   0.9  0.29   1.7  21.0  11:44a   ESE
29  58.2  60.3   3:55p  56.7   4:29a   6.8   0.0  0.78   3.9  24.0   3:39p   ESE
30  55.4  57.7  11:00p  52.7   6:30a   9.6   0.0  0.38   1.9  22.0  12:16a    NE
-------------------------------------------------------------------------------------
    68.9  93.6     8    43.4    25    60.0 160.8  4.91   1.0  24.0    29     SSE

Max >=  90.0:  6
Max <=  32.0:  0
Min <=  32.0:  0
Min <=   0.0:  0
Max Rain: 1.43 ON 09/07/16
Days of Rain: 9 (>.01 in) 8 (>.1 in) 1 (>1 in)
Heat Base:  65.0  Cool Base:  65.0  Method: Integration