NOAA-Style Climate Reports

WeatherLink Software Version 6.0.3
Discontinued 1/31/2017
Select a Year or Month report
2018: Jan Feb Mar Apr May Jun Jul Aug Sep Oct Nov Dec
2017: Jan Feb Mar Apr May Jun Jul Aug Sep Oct Nov Dec
2016: Jan Feb Mar Apr May Jun Jul Aug Sep Oct Nov Dec
2015: Jan Feb Mar Apr May Jun Jul Aug Sep Oct Nov Dec
2014: Jan Feb Mar Apr May Jun Jul Aug Sep Oct Nov Dec
2013: Jan Feb Mar Apr May Jun Jul Aug Sep Oct Nov Dec
2012: Jan Feb Mar Apr May Jun Jul Aug Sep Oct Nov Dec
2011: Jan Feb Mar Apr May Jun Jul Aug Sep Oct Nov Dec
2010: Jan Feb Mar Apr May Jun Jul Aug Sep Oct Nov Dec

Report for 2016 October
                   MONTHLY CLIMATOLOGICAL SUMMARY for OCT. 2016

NAME: cvweather   CITY: Mechanicsburg   STATE: PA 
ELEV:   439 ft  LAT:  40° 13' 22" N  LONG:  77° 00' 51" W

                   TEMPERATURE (°F), RAIN  (in), WIND SPEED (mph)

                                      HEAT  COOL        AVG
    MEAN                              DEG   DEG         WIND                 DOM
DAY TEMP  HIGH   TIME   LOW    TIME   DAYS  DAYS  RAIN  SPEED HIGH   TIME    DIR
------------------------------------------------------------------------------------
 1  56.7  58.9  10:30p  54.5   8:47a   8.3   0.0  0.45   0.4  13.0   1:38a    NE
 2  61.5  66.9   5:21p  58.0  11:35p   3.7   0.2  0.03   0.1   7.0   8:24a   ESE
 3  62.7  71.2   1:30p  54.6  11:46p   3.4   1.1  0.00   0.5  11.0   9:57a   NNW
 4  58.8  69.1   1:59p  48.9   7:20a   6.8   0.6  0.01   0.7  15.0   6:08p   ESE
 5  58.3  67.6   2:46p  48.7  11:54p   7.1   0.4  0.00   0.2   8.0   8:41a   ESE
 6  57.5  72.2   3:54p  44.8   5:53a   8.6   1.1  0.00   0.2   9.0  11:37a   ESE
 7  62.2  74.3   3:44p  50.8   3:35a   5.2   2.5  0.00   0.5  10.0   2:43p   ESE
 8  61.7  63.6   4:06p  60.0  10:41p   3.3   0.0  0.15   0.5  12.0  10:16p   ESE
 9  57.4  64.5   3:37p  52.4   8:05a   7.6   0.0  0.00   7.1  28.0  12:24p   NNW
10  51.8  62.2   3:46p  40.1  11:59p  13.2   0.0  0.00   3.9  18.0  12:43p   NNW
11  48.8  62.9   4:31p  33.1   7:17a  16.2   0.0  0.00   0.2  10.0   1:47p    SE
12  52.6  66.3   3:26p  38.1   7:32a  12.5   0.1  0.00   0.5  12.0  12:21p   SSE
13  52.3  65.9   4:10p  43.6   7:03a  13.2   0.0  0.02   1.3  16.0   4:23p   WNW
14  48.2  60.1   3:47p  37.2   7:35a  16.8   0.0  0.00   0.7  11.0  12:09p    NW
15  49.6  65.8   3:44p  32.4   7:40a  15.3   0.0  0.00   0.5  11.0   2:16p   SSE
16  56.6  70.7   4:51p  44.8   7:02a   9.1   0.8  0.00   0.2   7.0   5:26p   SSE
17  64.0  78.0   4:01p  51.9   7:15a   4.4   3.4  0.00   0.2  10.0   2:50p   WSW
18  66.7  82.3   2:47p  51.5   7:29a   4.0   5.7  0.00   0.5  19.0   3:00p   SSE
19  69.7  82.2   4:11p  61.3   6:58a   1.1   5.9  0.00   0.5  12.0  11:34a   WNW
20  69.6  78.7   4:26p  61.5   6:30a   0.6   5.2  0.00   1.2  15.0   5:01p   ESE
21  64.7  75.4  11:58a  54.3  11:53p   2.8   2.5  0.00   3.9  21.0   7:42a   SSE
22  51.4  55.8   3:47p  48.2  11:48p  13.7   0.0  0.00   9.0  38.0   1:09p   WNW
23  53.2  64.7   4:29p  45.0  10:14p  11.8   0.0  0.00   4.3  27.0  11:17a   WNW
24  53.0  61.4   3:30p  42.9   3:17a  12.1   0.0  0.01   5.2  29.0   4:26p    NW
25  46.7  53.4   4:18p  34.7  11:39p  18.3   0.0  0.00   4.0  23.0   9:40a   WNW
26  40.9  51.2   3:41p  27.4   7:27a  24.0   0.0  0.00   0.9  10.0   3:45a   ESE
27  44.3  47.1   2:30p  39.9   8:23a  20.7   0.0  0.09   2.3  15.0   1:52a   ESE
28  48.2  56.3   4:50p  37.8  11:53p  16.8   0.0  0.00   4.4  24.0   6:57a   WNW
29  50.2  69.0   4:28p  34.2   4:49a  15.2   0.3  0.00   0.1   6.0   4:06p    NW
30  63.0  77.7   2:23p  54.2  11:59p   4.6   2.6  0.45   1.5  30.0   4:06p   WSW
31  47.2  54.1  12:01a  35.7  11:59p  17.8   0.0  0.00   3.0  16.0   3:30a     N
-------------------------------------------------------------------------------------
    55.8  82.3    18    27.4    26   318.2  32.4  1.21   1.9  38.0    22      NW

Max >=  90.0:  0
Max <=  32.0:  0
Min <=  32.0:  1
Min <=   0.0:  0
Max Rain: 0.45 ON 10/01/16
Days of Rain: 6 (>.01 in) 3 (>.1 in) 0 (>1 in)
Heat Base:  65.0  Cool Base:  65.0  Method: Integration