NOAA-Style Climate Reports

WeatherLink Software Version 6.0.3
Discontinued 1/31/2017
Select a Year or Month report
2018: Jan Feb Mar Apr May Jun Jul Aug Sep Oct Nov Dec
2017: Jan Feb Mar Apr May Jun Jul Aug Sep Oct Nov Dec
2016: Jan Feb Mar Apr May Jun Jul Aug Sep Oct Nov Dec
2015: Jan Feb Mar Apr May Jun Jul Aug Sep Oct Nov Dec
2014: Jan Feb Mar Apr May Jun Jul Aug Sep Oct Nov Dec
2013: Jan Feb Mar Apr May Jun Jul Aug Sep Oct Nov Dec
2012: Jan Feb Mar Apr May Jun Jul Aug Sep Oct Nov Dec
2011: Jan Feb Mar Apr May Jun Jul Aug Sep Oct Nov Dec
2010: Jan Feb Mar Apr May Jun Jul Aug Sep Oct Nov Dec

Report for 2016 November
                   MONTHLY CLIMATOLOGICAL SUMMARY for NOV. 2016

NAME: cvweather   CITY: Mechanicsburg   STATE: PA 
ELEV:   439 ft  LAT:  40° 13' 22" N  LONG:  77° 00' 51" W

                   TEMPERATURE (°F), RAIN  (in), WIND SPEED (mph)

                                      HEAT  COOL        AVG
    MEAN                              DEG   DEG         WIND                 DOM
DAY TEMP  HIGH   TIME   LOW    TIME   DAYS  DAYS  RAIN  SPEED HIGH   TIME    DIR
------------------------------------------------------------------------------------
 1  44.2  56.7   4:46p  31.5   3:59a  20.8   0.0  0.00   0.5   8.0   8:23a   ESE
 2  53.8  69.3   4:03p  41.3   7:22a  11.7   0.5  0.00   0.1   9.0  10:42a   WSW
 3  56.9  71.0   3:27p  48.9   6:46a   8.7   0.5  0.07   0.8  17.0   2:42p     N
 4  51.2  58.2   3:34p  37.0  11:58p  13.8   0.0  0.00   3.2  18.0  11:57a    NW
 5  47.9  64.2   3:50p  35.0   6:53a  17.0   0.0  0.00   2.1  17.0   1:35p   WNW
 6  53.7  62.8   2:30p  42.1  12:00m  11.3   0.0  0.00   3.4  20.0  11:36a   NNW
 7  43.1  57.7   2:53p  31.3   7:05a  21.9   0.0  0.00   0.6   8.0  10:34a    NE
 8  46.0  65.6   2:47p  28.0   6:00a  19.0   0.0  0.00   0.2  10.0   9:54a     W
 9  50.5  54.8   3:48p  44.3  11:58p  14.5   0.0  0.14   2.7  21.0   9:16p    NW
10  46.3  59.6   3:30p  33.4   6:54a  18.7   0.0  0.00   1.7  19.0   1:36a    SW
11  50.9  62.2   2:39p  36.4  12:53a  14.0   0.0  0.00   6.3  26.0  12:14p    NW
12  38.0  48.8   2:49p  27.6  12:00m  27.0   0.0  0.00   2.0  15.0   2:13a    NW
13  38.7  59.2   2:53p  24.5   7:00a  25.7   0.0  0.00   0.7  13.0  10:41a    SW
14  40.1  59.2   2:06p  21.6   6:48a  24.9   0.0  0.00   0.1   6.0   9:30a   NNW
15  47.0  61.1   2:26p  36.5  11:42p  18.0   0.0  0.00   1.5  15.0  12:07p    SW
16  46.1  59.1  12:36p  33.3   6:33a  18.7   0.0  0.00   1.8  15.0  12:38p    SW
17  45.1  57.7   2:07p  34.5  11:32p  19.8   0.0  0.00   1.5  18.0   2:15p    NW
18  46.0  68.0   2:58p  29.1   6:54a  19.2   0.3  0.00   0.1   8.0  11:20a    SW
19  44.0  68.0   2:15p  33.5   7:27a  21.2   0.2  0.14   3.8  36.0   2:40p   WNW
20  37.6  39.7   3:23p  35.6  11:55p  27.3   0.0  0.02  10.3  44.0   8:30p   WSW
21  36.4  41.0  12:11p  34.1   7:06a  28.4   0.0  0.00  11.9  37.0  11:35a   WNW
22  38.3  46.5   2:37p  31.3   9:13p  26.3   0.0  0.00   5.6  30.0   1:17a   WNW
23  36.2  46.1   2:43p  22.4   6:40a  28.7   0.0  0.00   0.6   7.0   8:51p    NW
24  41.5  47.3   1:44p  34.1   1:38a  23.4   0.0  0.00   0.5  10.0   9:35a     E
25  45.7  52.7   1:26p  39.3  11:47p  19.3   0.0  0.00   0.4  10.0   8:38p    NW
26  41.6  46.1  12:13p  33.4   4:29a  23.3   0.0  0.00   4.5  22.0   9:22a   WNW
27  38.6  48.6  11:56a  28.1  11:58p  26.3   0.0  0.00   2.6  22.0  12:08p   WNW
28  37.6  49.9   2:36p  22.0   6:33a  27.6   0.0  0.00   0.8  11.0   8:13p    SE
29  48.2  52.6   3:22p  44.0   4:37a  16.9   0.0  0.68   0.4  10.0  11:16a   ESE
30  52.0  54.5   3:13p  49.0  12:35a  13.0   0.0  0.58   0.7  19.0   1:36p   ESE
-------------------------------------------------------------------------------------
    44.8  71.0     3    21.6    14   606.4   1.5  1.63   2.4  44.0    20     WNW

Max >=  90.0:  0
Max <=  32.0:  0
Min <=  32.0: 11
Min <=   0.0:  0
Max Rain: 0.68 ON 11/29/16
Days of Rain: 6 (>.01 in) 4 (>.1 in) 0 (>1 in)
Heat Base:  65.0  Cool Base:  65.0  Method: Integration