NOAA-Style Climate Reports

WeatherLink Software Version 6.0.3
Discontinued 1/31/2017
Select a Year or Month report
2018: Jan Feb Mar Apr May Jun Jul Aug Sep Oct Nov Dec
2017: Jan Feb Mar Apr May Jun Jul Aug Sep Oct Nov Dec
2016: Jan Feb Mar Apr May Jun Jul Aug Sep Oct Nov Dec
2015: Jan Feb Mar Apr May Jun Jul Aug Sep Oct Nov Dec
2014: Jan Feb Mar Apr May Jun Jul Aug Sep Oct Nov Dec
2013: Jan Feb Mar Apr May Jun Jul Aug Sep Oct Nov Dec
2012: Jan Feb Mar Apr May Jun Jul Aug Sep Oct Nov Dec
2011: Jan Feb Mar Apr May Jun Jul Aug Sep Oct Nov Dec
2010: Jan Feb Mar Apr May Jun Jul Aug Sep Oct Nov Dec

Report for 2016 December
                   MONTHLY CLIMATOLOGICAL SUMMARY for DEC. 2016

NAME: cvweather   CITY: Mechanicsburg   STATE: PA 
ELEV:   439 ft  LAT:  40° 13' 22" N  LONG:  77° 00' 51" W

                   TEMPERATURE (°F), RAIN  (in), WIND SPEED (mph)

                                      HEAT  COOL        AVG
    MEAN                              DEG   DEG         WIND                 DOM
DAY TEMP  HIGH   TIME   LOW    TIME   DAYS  DAYS  RAIN  SPEED HIGH   TIME    DIR
------------------------------------------------------------------------------------
 1  46.3  54.6  12:25a  40.2  11:55p  18.7   0.0  0.18   4.8  22.0   5:51p   WSW
 2  41.4  46.6  12:08p  37.5   4:27a  23.6   0.0  0.00   5.1  23.0   3:32p   WSW
 3  43.3  45.5   9:04a  41.0  12:44a  21.2   0.0  0.00   5.6  24.0   3:43p   WNW
 4  40.7  44.5   2:04p  38.2   6:30p  23.7   0.0  0.01   1.6  15.0  10:59p   WNW
 5  38.9  49.0   1:35p  30.5  11:47p  26.0   0.0  0.13   1.4  17.0   1:54p    NW
 6  33.4  38.0  12:30p  26.8   4:50a  31.3   0.0  0.64   0.5   9.0   4:37p     E
 7  39.1  45.6   3:16p  32.4  11:55p  26.2   0.0  0.02   0.7  16.0  11:56a   WSW
 8  33.6  42.8   1:44p  27.6  11:43p  31.4   0.0  0.00   4.3  29.0   6:51p   WSW
 9  30.2  35.0  12:38p  26.3  12:34a  34.6   0.0  0.00   5.6  24.0   1:02p   WSW
10  27.0  34.5   1:17p  18.2  11:56p  37.8   0.0  0.00   3.1  19.0   1:16p    SW
11  27.3  32.5   3:00p  18.0  12:15a  37.5   0.0  0.00   2.0  13.0   2:55p   SSE
12  35.3  43.1   3:33p  30.7  12:00m  29.6   0.0  0.38   1.6  17.0  10:00p   WNW
13  31.3  37.6   3:40p  24.8   3:18a  33.6   0.0  0.00   0.2   6.0   1:21a   WNW
14  32.2  38.0   1:43p  24.1  10:29p  32.7   0.0  0.00   2.9  20.0  11:26a   WNW
15  19.2  28.3   2:17a  11.5  10:09p  44.6   0.0  0.00   8.3  36.0   9:04a   WNW
16  18.0  23.9  11:53p  10.5  12:34a  46.4   0.0  0.00   3.3  15.0   2:07a   SSE
17  28.5  32.4   9:54p  23.1   6:50a  36.2   0.0  0.00   1.3  14.0   4:02a    SE
18  36.0  43.4  11:53a  29.6  11:53p  28.9   0.0  0.49   4.0  26.0  12:52p    NW
19  25.5  29.6  12:01a  16.3  11:58p  39.2   0.0  0.00   2.0  14.0  12:01a     N
20  22.2  32.9   2:02p  10.6   6:58a  42.2   0.0  0.01   0.5   9.0   1:12p   SSE
21  28.7  40.1   2:08p  16.8   7:09a  35.8   0.0  0.03   0.8  12.0   2:22p   WSW
22  37.2  49.0  12:43p  27.0  12:36a  27.7   0.0  0.07   3.6  27.0   2:14p    NW
23  34.4  41.6  12:52p  26.0   6:54a  30.4   0.0  0.01   1.0  15.0  12:26a   WSW
24  39.6  45.3   9:48p  36.2   6:48a  25.2   0.0  0.09   1.4  15.0   9:34p   SSE
25  37.8  44.3  12:41p  25.1  11:20p  27.2   0.0  0.00   2.3  15.0   4:51a    NW
26  34.0  44.4  12:00m  23.0   1:51a  30.9   0.0  0.00   0.7   9.0   9:07p     E
27  47.6  59.0   1:31p  39.0  11:10p  17.4   0.0  0.03   2.4  23.0   1:04p   WNW
28  36.2  41.2   3:07p  23.8  11:31p  28.0   0.0  0.00   3.0  21.0   7:51a    NW
29  33.8  42.3   4:07p  23.6  12:09a  30.8   0.0  0.15   1.8  20.0   4:00p   WSW
30  34.2  37.8   1:34p  31.0  10:40p  30.7   0.0  0.01   5.3  29.0   1:20p   WSW
31  34.3  43.1   6:32p  22.0   5:34a  30.7   0.0  0.02   1.2  17.0  12:20p   SSE
-------------------------------------------------------------------------------------
    33.8  59.0    27    10.5    16   960.2   0.0  2.27   2.7  36.0    15     WNW

Max >=  90.0:  0
Max <=  32.0:  3
Min <=  32.0: 24
Min <=   0.0:  0
Max Rain: 0.64 ON 12/06/16
Days of Rain: 12 (>.01 in) 6 (>.1 in) 0 (>1 in)
Heat Base:  65.0  Cool Base:  65.0  Method: Integration