NOAA-Style Climate Reports

WeatherLink Software Version 6.0.3
Discontinued 1/31/2017
Select a Year or Month report
2018: Jan Feb Mar Apr May Jun Jul Aug Sep Oct Nov Dec
2017: Jan Feb Mar Apr May Jun Jul Aug Sep Oct Nov Dec
2016: Jan Feb Mar Apr May Jun Jul Aug Sep Oct Nov Dec
2015: Jan Feb Mar Apr May Jun Jul Aug Sep Oct Nov Dec
2014: Jan Feb Mar Apr May Jun Jul Aug Sep Oct Nov Dec
2013: Jan Feb Mar Apr May Jun Jul Aug Sep Oct Nov Dec
2012: Jan Feb Mar Apr May Jun Jul Aug Sep Oct Nov Dec
2011: Jan Feb Mar Apr May Jun Jul Aug Sep Oct Nov Dec
2010: Jan Feb Mar Apr May Jun Jul Aug Sep Oct Nov Dec

Report for 2017 January
                   MONTHLY CLIMATOLOGICAL SUMMARY for JAN. 2017

NAME: cvweather   CITY: Mechanicsburg   STATE: PA 
ELEV:   439 ft  LAT:  40° 13' 22" N  LONG:  77° 00' 51" W

                   TEMPERATURE (°F), RAIN  (in), WIND SPEED (mph)

                                      HEAT  COOL        AVG
    MEAN                              DEG   DEG         WIND                 DOM
DAY TEMP  HIGH   TIME   LOW    TIME   DAYS  DAYS  RAIN  SPEED HIGH   TIME    DIR
------------------------------------------------------------------------------------
 1  39.4  47.6   2:22p  28.2  10:03p  25.6   0.0  0.01   1.3  17.0  11:09a   WSW
 2  35.3  37.7   9:07p  29.6  12:58a  29.6   0.0  0.17   0.6   9.0   7:35p   ENE
 3  38.3  40.4   3:36p  36.5   1:28a  26.7   0.0  0.53   0.2   9.0   9:19a   ENE
 4  39.7  49.9  11:34a  27.9  11:57p  25.2   0.0  0.03   5.5  38.0   2:14p   WNW
 5  26.6  30.3   4:09p  20.2   7:37a  38.1   0.0  0.00   1.9  17.0   1:42a    SW
 6  23.2  26.6  12:03a  16.6  11:28p  40.8   0.0  0.01   3.1  14.0   1:02p    NW
 7  19.9  23.2   3:44p  17.1  11:38p  44.9   0.0  0.00   5.4  25.0  11:09p    NW
 8  16.9  21.7   1:36p  12.5   7:10a  45.9   0.0  0.00   6.4  29.0   9:09a   WNW
 9  17.1  24.7   2:39p   8.1   4:33a  47.5   0.0  0.00   2.4  15.0   1:07p   SSE
10  25.6  33.2   8:46p  17.8   4:28a  38.9   0.0  0.00   3.1  14.0  10:24a   SSE
11  36.5  44.9   2:34p  24.2   7:52a  28.5   0.0  0.38   0.3  13.0  10:19p   SSE
12  50.5  60.5   3:37p  40.3   4:30a  14.5   0.0  0.06   0.3  10.0   1:22p   SSE
13  40.9  50.9  12:15a  32.2  11:59p  24.0   0.0  0.00   5.5  21.0   5:38a    NW
14  29.4  32.2  12:03a  27.0   4:27a  35.1   0.0  0.00   1.1   9.0   3:08p   ESE
15  31.0  40.2   3:31p  22.2  11:57p  32.5   0.0  0.02   0.7  10.0   9:54a    NW
16  28.8  36.4   1:25p  16.2   7:30a  35.6   0.0  0.00   0.1   6.0  12:36p   SSE
17  36.9  39.8   3:52p  34.4  12:22a  28.2   0.0  0.22   0.5  10.0  11:09a     E
18  42.5  50.1   1:56p  37.6   7:18a  22.5   0.0  0.00   1.9  22.0  12:09p    NW
19  41.0  48.8   2:55p  28.8  11:59p  24.0   0.0  0.00   1.0  12.0   3:27a   WNW
20  35.4  39.4   3:48p  27.6   1:57a  28.5   0.0  0.27   0.3   9.0   3:41p     E
21  41.5  44.0   3:01p  38.5  12:22a  23.4   0.0  0.02   0.0   0.0     ---   ---
22  43.9  47.4  11:11p  42.0   7:47a  21.1   0.0  0.09   0.2  17.0  11:54p     E
23  38.7  46.5  12:01a  34.1   5:44p  26.2   0.0  0.83   6.3  32.0  10:45a   ENE
24  38.4  43.5   3:13p  33.8   1:02a  26.6   0.0  0.06   6.4  26.0  10:11p    NW
25  45.7  54.7   3:47p  37.2  11:59p  19.3   0.0  0.00   3.1  30.0   3:19a   WNW
26  41.8  50.7  10:34a  33.8   2:54a  23.3   0.0  0.02   4.9  35.0  11:02a   WSW
27  36.4  41.3  12:03a  33.4  11:24p  28.5   0.0  0.00   6.0  27.0   4:25p   WSW
28  35.0  39.7   2:58p  30.7  11:58p  30.1   0.0  0.00   2.7  19.0  12:58a   WSW
29  33.7  38.4   1:08p  27.7  11:49p  31.1   0.0  0.00   1.9  18.0   9:22a   WSW
30  27.9  34.4   3:21p  20.4  11:17p  37.0   0.0  0.01   2.0  23.0   4:05p   WNW
31  33.1  43.6  10:49p  20.9  12:23a  31.7   0.0  0.02   1.7  24.0  11:41p   ESE
-------------------------------------------------------------------------------------
    34.5  60.5    12     8.1     9   934.9   0.0  2.75   2.5  38.0     4      NW

Max >=  90.0:  0
Max <=  32.0:  5
Min <=  32.0: 19
Min <=   0.0:  0
Max Rain: 0.83 ON 01/23/17
Days of Rain: 14 (>.01 in) 6 (>.1 in) 0 (>1 in)
Heat Base:  65.0  Cool Base:  65.0  Method: Integration