NOAA-Style Climate Reports

WeatherLink Software Version 6.0.3
Discontinued 1/31/2017
Select a Year or Month report
2018: Jan Feb Mar Apr May Jun Jul Aug Sep Oct Nov Dec
2017: Jan Feb Mar Apr May Jun Jul Aug Sep Oct Nov Dec
2016: Jan Feb Mar Apr May Jun Jul Aug Sep Oct Nov Dec
2015: Jan Feb Mar Apr May Jun Jul Aug Sep Oct Nov Dec
2014: Jan Feb Mar Apr May Jun Jul Aug Sep Oct Nov Dec
2013: Jan Feb Mar Apr May Jun Jul Aug Sep Oct Nov Dec
2012: Jan Feb Mar Apr May Jun Jul Aug Sep Oct Nov Dec
2011: Jan Feb Mar Apr May Jun Jul Aug Sep Oct Nov Dec
2010: Jan Feb Mar Apr May Jun Jul Aug Sep Oct Nov Dec

Report for 2017 February
                   MONTHLY CLIMATOLOGICAL SUMMARY for FEB. 2017

NAME: cvweather   CITY: Mechanicsburg   STATE: PA 
ELEV:   439 ft  LAT:  40° 13' 22" N  LONG:  77° 00' 51" W

                   TEMPERATURE (°F), RAIN  (in), WIND SPEED (mph)

                                      HEAT  COOL        AVG
    MEAN                              DEG   DEG         WIND                 DOM
DAY TEMP  HIGH   TIME   LOW    TIME   DAYS  DAYS  RAIN  SPEED HIGH   TIME    DIR
------------------------------------------------------------------------------------
 1  41.0  46.9   1:05p  33.9   7:11a  23.9   0.0  0.00   3.9  25.0  12:19p   WSW
 2  33.8  42.2   1:18p  22.8  11:38p  30.9   0.0  0.00   2.9  24.0   3:40p    NW
 3  25.6  31.3   2:47p  18.7   6:42a  38.9   0.0  0.00   4.7  29.0  11:45p    NW
 4  26.2  34.8   3:25p  14.8   7:22a  38.5   0.0  0.00   3.4  27.0   1:11a    NW
 5  35.8  46.0  11:08p  26.9   2:06a  29.0   0.0  0.00   0.9  24.0  11:05p   SSE
 6  40.6  54.5   4:06p  27.4   7:34a  24.4   0.0  0.00   1.3  16.0  12:38a   WSW
 7  41.8  47.2   2:47p  35.2  12:01a  23.1   0.0  0.35   1.4  13.0   3:51p     E
 8  46.8  59.4  10:29a  35.5   7:14a  18.2   0.0  0.02   2.0  24.0  10:55a    NW
 9  27.2  43.3  12:01a  20.7   9:56p  37.6   0.0  0.18   7.5  32.0   4:14p    NW
10  25.3  29.8   3:52p  19.5   7:52a  39.4   0.0  0.01   3.6  24.0  12:46a    SW
11  36.0  49.4   4:27p  25.0   7:40a  29.4   0.0  0.15   0.1   6.0  10:06p   ESE
12  38.2  42.0   9:55p  34.0   8:32p  26.9   0.0  0.30   2.4  51.0   9:58p     E
13  33.1  37.2   1:07a  24.1  11:56p  31.9   0.0  0.00  10.4  38.0   5:39a    NW
14  33.0  48.3   3:00p  21.5   6:00a  31.9   0.0  0.00   0.9  17.0   3:09p   SSE
15  33.8  43.7  11:13a  26.0   6:15a  31.1   0.0  0.00   5.4  30.0  11:13a   WNW
16  31.2  36.0  12:31p  25.9  12:00m  33.6   0.0  0.00   8.9  29.0   3:56p   WNW
17  31.1  44.9   3:53p  19.0   7:08a  34.0   0.0  0.00   1.2  14.0  12:51a   WNW
18  45.5  70.8   3:59p  24.0   6:43a  20.3   0.6  0.00   0.8  20.0   2:33p    SW
19  56.2  68.0   3:44p  47.1   2:30a   9.2   0.3  0.00   2.4  19.0   3:42p   WNW
20  48.7  58.5   2:03p  32.9  11:50p  16.4   0.0  0.00   2.9  18.0  10:23a    NW
21  41.8  52.7   3:02p  31.2   4:00a  18.2   0.0  0.00   1.9  13.0   1:29p   SSE
22
23
24
25
26  33.4  40.2   3:33p  22.7  11:59p  17.2   0.0  0.00   3.4  20.0   2:31p    NW
27  44.0  48.7   4:25p  20.2   3:07a  67.3   0.0  0.00   0.2  11.0   2:10p    SW
28  49.5  61.7   3:06p  34.7   7:12a  15.6   0.0  0.06   0.5  17.0   4:41p   SSE
-------------------------------------------------------------------------------------
    37.5  70.8    18    14.8     4   686.9   0.9  1.07   3.0  51.0    12      NW

Max >=  90.0:  0
Max <=  32.0:  2
Min <=  32.0: 17
Min <=   0.0:  0
Max Rain: 0.35 ON 02/07/17
Days of Rain: 6 (>.01 in) 4 (>.1 in) 0 (>1 in)
Heat Base:  65.0  Cool Base:  65.0  Method: Integration