NOAA-Style Climate Reports

WeatherLink Software Version 6.0.3
Discontinued 1/31/2017
Select a Year or Month report
2018: Jan Feb Mar Apr May Jun Jul Aug Sep Oct Nov Dec
2017: Jan Feb Mar Apr May Jun Jul Aug Sep Oct Nov Dec
2016: Jan Feb Mar Apr May Jun Jul Aug Sep Oct Nov Dec
2015: Jan Feb Mar Apr May Jun Jul Aug Sep Oct Nov Dec
2014: Jan Feb Mar Apr May Jun Jul Aug Sep Oct Nov Dec
2013: Jan Feb Mar Apr May Jun Jul Aug Sep Oct Nov Dec
2012: Jan Feb Mar Apr May Jun Jul Aug Sep Oct Nov Dec
2011: Jan Feb Mar Apr May Jun Jul Aug Sep Oct Nov Dec
2010: Jan Feb Mar Apr May Jun Jul Aug Sep Oct Nov Dec

Report for 2017 March
                   MONTHLY CLIMATOLOGICAL SUMMARY for MAR. 2017

NAME: cvweather   CITY: Mechanicsburg   STATE: PA 
ELEV:   439 ft  LAT:  40° 13' 22" N  LONG:  77° 00' 51" W

                   TEMPERATURE (°F), RAIN  (in), WIND SPEED (mph)

                                      HEAT  COOL        AVG
    MEAN                              DEG   DEG         WIND                 DOM
DAY TEMP  HIGH   TIME   LOW    TIME   DAYS  DAYS  RAIN  SPEED HIGH   TIME    DIR
------------------------------------------------------------------------------------
 1  56.0  62.7   4:31p  48.7   4:30a   9.0   0.0  0.73   1.4  27.0  11:57p   SSE
 2  40.9  55.5  12:01a  31.4  11:58p  24.9   0.0  0.00   9.1  40.0   6:09a   WNW
 3  28.8  37.3   2:02p  23.1  11:29p  35.8   0.0  0.00   5.4  34.0   3:30p   WNW
 4  26.7  35.4   3:20p  17.3   4:10a  37.7   0.0  0.00   5.7  24.0  12:54p    NW
 5  23.4  37.0   3:43p  11.9   5:50a  39.9   0.0  0.00   1.5  11.0   7:53a     N
 6  39.3  53.8   2:47p  21.0   2:31a  25.5   0.0  0.01   0.8  10.0   2:33p   SSE
 7  44.4  55.0  11:52p  39.1   5:57a  20.7   0.0  0.43   0.7  13.0   9:37p     E
 8  53.3  61.4   3:38p  43.4   7:11a  11.7   0.0  0.01   5.9  33.0   2:24a    SW
 9  54.9  64.4   3:18p  42.8  11:41p  10.2   0.0  0.00   5.5  29.0   1:13p   WSW
10  33.2  42.9  12:01a  22.7  11:58p  31.7   0.0  0.26   6.1  32.0   5:25p    NW
11  24.1  30.8   3:26p  17.5   4:45a  38.4   0.0  0.00   8.0  26.0  12:16p    NW
12  25.4  34.4   4:08p  14.5   7:18a  37.7   0.0  0.00   4.8  26.0   4:36p   WNW
13  28.2  39.3   4:29p  13.8   7:27a  35.2   0.0  0.00   3.0  20.0   8:28p    SE
14  27.2  31.8   1:17p  20.0  11:58p  37.1   0.0  0.05   7.4  36.0   6:49p    NW
15  22.4  28.9   4:06p  16.8   6:52a  41.8   0.0  0.00   8.8  34.0   8:50p   WNW
16  29.3  36.8   3:43p  16.9   5:47a  35.4   0.0  0.25   7.0  32.0   9:31a   WNW
17  33.7  44.0   3:45p  16.6   7:00a  29.5   0.0  0.09   1.2  17.0  12:15a    SW
18  37.1  45.6   3:29p  32.4  11:51p  26.9   0.0  0.07   1.3  15.0   4:28p   ESE
19  37.5  46.3   3:21p  32.0   4:40a  26.6   0.0  0.32   1.9  16.0   3:44p    NW
20  39.4  46.6   1:54p  28.5   7:35a  25.7   0.0  0.00   0.5  11.0   1:11p    NW
21  47.4  58.8   3:55p  38.2   5:55a  19.9   0.0  0.03   1.8  18.0   2:34p    NW
22  38.4  49.2  12:33a  26.0  12:00m  26.9   0.0  0.00   8.5  31.0   5:50a    NW
23  31.9  45.4   3:57p  16.2   6:21a  31.1   0.0  0.00   0.9  11.0  10:31a     N
24  42.4  56.7   5:26p  26.9   2:42a  21.3   0.0  0.00   1.1  14.0   3:56p   SSE
25  59.0  76.1   3:26p  43.3   2:40a   8.0   2.5  0.00   1.1  18.0   8:38p     E
26  44.2  52.2  12:01a  41.1  11:40p  20.8   0.0  0.01   5.0  17.0   4:51a   ESE
27  46.7  58.3   5:47p  40.0   4:45a  18.3   0.0  0.16   0.7  13.0  12:16a     E
28  52.8  55.9   6:17p  49.6   4:55a  12.2   0.0  0.29   0.8  12.0  11:48p     E
29  51.4  59.8   3:40p  44.5  11:55p  13.7   0.0  0.00   5.6  21.0   9:21a     N
30  42.0  47.2   1:15p  34.8   5:11a  23.2   0.0  0.03   1.8  13.0  12:47a   ESE
31  40.1  44.0  12:28a  37.5  11:24a  23.6   0.0  0.66   2.7  17.0   2:10a   ESE
-------------------------------------------------------------------------------------
    38.8  76.1    25    11.9     5   800.4   2.5  3.40   3.7  40.0     2      NW

Max >=  90.0:  0
Max <=  32.0:  3
Min <=  32.0: 18
Min <=   0.0:  0
Max Rain: 0.73 ON 03/01/17
Days of Rain: 13 (>.01 in) 8 (>.1 in) 0 (>1 in)
Heat Base:  65.0  Cool Base:  65.0  Method: Integration