NOAA-Style Climate Reports

WeatherLink Software Version 6.0.3
Discontinued 1/31/2017
Select a Year or Month report
2018: Jan Feb Mar Apr May Jun Jul Aug Sep Oct Nov Dec
2017: Jan Feb Mar Apr May Jun Jul Aug Sep Oct Nov Dec
2016: Jan Feb Mar Apr May Jun Jul Aug Sep Oct Nov Dec
2015: Jan Feb Mar Apr May Jun Jul Aug Sep Oct Nov Dec
2014: Jan Feb Mar Apr May Jun Jul Aug Sep Oct Nov Dec
2013: Jan Feb Mar Apr May Jun Jul Aug Sep Oct Nov Dec
2012: Jan Feb Mar Apr May Jun Jul Aug Sep Oct Nov Dec
2011: Jan Feb Mar Apr May Jun Jul Aug Sep Oct Nov Dec
2010: Jan Feb Mar Apr May Jun Jul Aug Sep Oct Nov Dec

Report for 2017 April
                   MONTHLY CLIMATOLOGICAL SUMMARY for APR. 2017

NAME: cvweather   CITY: Mechanicsburg   STATE: PA 
ELEV:   439 ft  LAT:  40° 13' 22" N  LONG:  77° 00' 51" W

                   TEMPERATURE (°F), RAIN  (in), WIND SPEED (mph)

                                      HEAT  COOL        AVG
    MEAN                              DEG   DEG         WIND                 DOM
DAY TEMP  HIGH   TIME   LOW    TIME   DAYS  DAYS  RAIN  SPEED HIGH   TIME    DIR
------------------------------------------------------------------------------------
 1  44.3  48.4  12:34p  39.8  12:05a  20.8   0.0  0.02   3.4  21.0   1:42p   WNW
 2  49.1  63.6   3:38p  33.6   4:04a  15.0   0.0  0.00   2.0  18.0  12:37a    NW
 3  52.9  68.1   1:06p  35.5   5:24a  12.5   0.2  0.26   2.8  20.0   1:01p   SSE
 4  60.6  74.9   4:28p  49.7  12:59a   6.5   2.1  0.12   3.2  32.0   5:06p   WSW
 5  59.4  68.0   3:12p  49.6   7:02a   6.0   0.3  0.00   4.1  24.0   3:39a   ESE
 6  47.3  54.4  12:01a  42.8   1:40p  18.1   0.0  1.23   5.8  32.0  10:45a   ESE
 7  42.0  46.2  11:45a  39.3   7:58p  23.1   0.0  0.00   8.0  30.0   2:47p   WNW
 8  47.2  60.3   3:50p  33.0   5:20a  17.9   0.0  0.00   5.7  27.0  10:23a   WNW
 9  52.2  71.6   3:54p  29.8   6:42a  13.9   1.1  0.00   0.7  11.0   4:32p   SSE
10  61.9  81.3   2:51p  40.0   6:47a   7.5   4.3  0.00   1.0  16.0   4:34p   SSE
11  66.1  86.1   4:11p  44.5   6:49a   5.6   6.7  0.00   1.1  23.0  10:53p    SW
12  64.2  74.5   3:54p  57.1   4:06a   2.8   2.0  0.02   2.3  18.0   3:22p   WNW
13  53.5  64.3   3:20p  42.8  12:00m  11.6   0.0  0.00   2.6  15.0  12:41p     N
14  53.0  68.3   4:21p  37.2   4:16a  12.4   0.4  0.00   0.4  10.0  11:35a   ESE
15  59.7  72.4   3:16p  44.8   7:04a   7.1   1.8  0.00   1.4  14.0  11:35a   SSE
16  77.1  85.0   2:11p  49.1   6:54a   4.8  43.3  0.03   6.1  28.0   4:12p    SW
17  63.8  73.7   5:43p  53.2  11:35p   3.1   1.9  0.02   1.9  19.0   5:11p   NNW
18  59.2  71.5   3:25p  45.6   4:47a   6.9   1.1  0.00   1.1  19.0  10:01p   SSE
19  52.8  56.9   6:58p  47.9   6:46a  12.3   0.0  0.03   1.9  15.0   8:50a   SSE
20  63.0  76.8   3:57p  52.6   6:34a   4.6   2.7  0.07   0.3  12.0  10:07p   SSE
21  61.6  72.6   3:51p  55.4   9:35a   4.1   0.6  0.21   1.1  16.0   4:23p   ESE
22  52.8  58.5  12:01a  44.7  10:27p  12.3   0.0  0.01   0.6  13.0  10:27p     N
23  52.5  66.1   4:35p  35.4   6:44a  12.2   0.0  0.00   0.6  13.0  12:31a   ESE
24  51.1  60.6   2:16p  40.3   3:14a  14.0   0.0  0.02   0.5  16.0   4:04p    NE
25  53.5  55.6   6:43p  49.2   5:27a  11.6   0.0  0.15   1.9  21.0  10:10a    NE
26  58.3  67.6   5:23p  53.7   1:46a   6.8   0.2  0.05   0.3  13.0  12:44a    SE
27  65.2  79.4   4:21p  53.2   4:24a   4.3   4.5  0.02   1.1  20.0   5:38p   SSE
28  69.4  82.7   4:42p  57.3   6:40a   1.5   5.9  0.01   0.7  14.0   3:01p    NW
29  69.9  82.4   5:10p  61.8   6:05a   0.5   5.4  0.31   0.8  15.0   8:46a   WSW
30  66.7  75.7   3:36p  58.1  11:59p   1.4   3.1  0.00   2.1  21.0   9:31p   ESE
-------------------------------------------------------------------------------------
    57.7  86.1    11    29.8     9   281.2  87.6  2.58   2.2  32.0     4      SW

Max >=  90.0:  0
Max <=  32.0:  0
Min <=  32.0:  1
Min <=   0.0:  0
Max Rain: 1.23 ON 04/06/17
Days of Rain: 15 (>.01 in) 6 (>.1 in) 1 (>1 in)
Heat Base:  65.0  Cool Base:  65.0  Method: Integration