NOAA-Style Climate Reports

WeatherLink Software Version 6.0.3
Discontinued 1/31/2017
Select a Year or Month report
2018: Jan Feb Mar Apr May Jun Jul Aug Sep Oct Nov Dec
2017: Jan Feb Mar Apr May Jun Jul Aug Sep Oct Nov Dec
2016: Jan Feb Mar Apr May Jun Jul Aug Sep Oct Nov Dec
2015: Jan Feb Mar Apr May Jun Jul Aug Sep Oct Nov Dec
2014: Jan Feb Mar Apr May Jun Jul Aug Sep Oct Nov Dec
2013: Jan Feb Mar Apr May Jun Jul Aug Sep Oct Nov Dec
2012: Jan Feb Mar Apr May Jun Jul Aug Sep Oct Nov Dec
2011: Jan Feb Mar Apr May Jun Jul Aug Sep Oct Nov Dec
2010: Jan Feb Mar Apr May Jun Jul Aug Sep Oct Nov Dec

Report for 2017 May
                   MONTHLY CLIMATOLOGICAL SUMMARY for MAY. 2017

NAME: cvweather   CITY: Mechanicsburg   STATE: PA 
ELEV:   439 ft  LAT:  40° 13' 22" N  LONG:  77° 00' 51" W

                   TEMPERATURE (°F), RAIN  (in), WIND SPEED (mph)

                                      HEAT  COOL        AVG
    MEAN                              DEG   DEG         WIND                 DOM
DAY TEMP  HIGH   TIME   LOW    TIME   DAYS  DAYS  RAIN  SPEED HIGH   TIME    DIR
------------------------------------------------------------------------------------
 1  65.4  81.2   2:22p  53.1   5:31a   4.7   5.1  0.00   3.0  31.0   2:38p   SSE
 2  64.0  72.2  12:01a  55.3  11:57p   2.1   1.1  0.07   4.0  30.0  11:03a   WSW
 3  55.6  64.6   4:35p  43.6  11:58p   9.4   0.0  0.00   2.8  22.0   5:30a   WNW
 4  53.1  63.2   1:50p  39.7   2:31a  12.0   0.0  0.06   3.0  20.0   3:27p   ESE
 5  57.3  66.7   7:31p  49.0   1:03a   7.8   0.1  1.63   4.1  30.0  11:04a   ESE
 6  53.9  64.1  12:01a  45.8  12:00m  11.1   0.0  0.30   1.1  16.0   7:32a   SSE
 7  49.7  59.0   3:07p  44.6  12:00m  15.3   0.0  0.01   3.2  21.0  10:32a   WNW
 8  47.5  61.8   3:27p  32.1   6:10a  17.4   0.0  0.00   2.8  19.0   5:29p   WNW
 9  50.3  66.2   4:41p  33.4   6:39a  14.7   0.0  0.00   0.8  14.0  12:01p    NW
10  55.2  65.4  12:46p  43.5   5:07a   9.8   0.0  0.00   0.1  11.0   8:58a     N
11  51.4  55.6  12:31a  49.2   4:17a  13.6   0.0  0.05   0.7  11.0   6:18a   ESE
12  52.4  57.9   3:16p  48.4   5:44a  12.6   0.0  0.22   0.8  12.0   9:11a   SSE
13  49.2  54.1   4:36p  45.2   4:32a  15.8   0.0  0.41   0.6  11.0   3:04p     N
14  56.1  71.9   2:14p  42.1   6:27a   9.9   1.0  0.01   3.7  30.0   8:51p   WNW
15  60.5  75.2   4:56p  48.3   5:21a   6.7   2.3  0.00   4.6  23.0   1:31p    NW
16  62.5  81.7   4:34p  42.6   6:11a   7.1   4.6  0.00   0.4  13.0   1:32p   SSE
17  71.8  92.7   3:45p  50.6   6:15a   4.1  11.0  0.00   0.5  13.0   3:35p   SSE
18  78.7  91.8   3:42p  63.7   5:39a   0.1  13.8  0.00   1.1  19.0  11:12a    SW
19  76.9  90.1   3:56p  64.0   6:06a   0.0  11.9  0.00   1.5  19.0   2:14p   WNW
20  58.4  71.3  12:01a  54.6   3:18p   6.8   0.2  0.00   1.2  15.0  10:40a     N
21  59.6  63.8   6:12p  56.2   3:59a   5.4   0.0  0.00   1.0  11.0   7:59p    SE
22  59.3  63.8   5:30p  54.2  11:58p   5.7   0.0  0.00   0.4   9.0  12:48a   ESE
23  57.6  64.7   4:29p  48.1   5:38a   7.4   0.0  0.00   0.3   9.0  12:36p   ESE
24  62.2  69.7   1:42p  54.9   6:12a   3.7   0.9  0.03   1.7  16.0   1:22p    SE
25  58.7  64.2   5:51p  54.5   8:13a   6.3   0.0  0.78   2.2  20.0   6:56a   ESE
26  63.0  73.7   3:09p  53.8   6:28a   3.5   1.5  0.00   3.0  30.0   3:11p   WSW
27  61.1  70.0   4:29p  50.2   6:21a   5.1   1.1  0.00   0.1   7.0   5:06p   SSE
28  62.8  71.2   2:19p  54.3   2:22a   3.4   1.2  0.82   0.7  10.0   1:33p   ESE
29  63.6  73.4   4:15p  58.5   2:50a   3.0   1.6  0.11   1.3  13.0   2:47p   ESE
30  61.3  65.1  12:01a  57.7   6:49a   3.7   0.0  0.19   1.5  13.0  11:46a   ESE
31  68.6  81.5   3:54p  60.3   2:34a   1.5   5.1  0.03   0.8  16.0   5:51p   WSW
-------------------------------------------------------------------------------------
    59.6  92.7    17    32.1     8   229.7  62.5  4.72   1.7  31.0     1     ESE

Max >=  90.0:  3
Max <=  32.0:  0
Min <=  32.0:  0
Min <=   0.0:  0
Max Rain: 1.63 ON 05/05/17
Days of Rain: 13 (>.01 in) 8 (>.1 in) 1 (>1 in)
Heat Base:  65.0  Cool Base:  65.0  Method: Integration